{"id":665,"date":"2018-11-23T11:42:30","date_gmt":"2018-11-23T10:42:30","guid":{"rendered":"http:\/\/serwer2078743.home.pl\/?post_type=product&#038;p=665"},"modified":"2026-01-15T12:43:45","modified_gmt":"2026-01-15T11:43:45","slug":"plaszcz-karmelowy-dlugi-z-flauszu","status":"publish","type":"product","link":"https:\/\/madelinefashion.pl\/sk\/plaszcz-karmelowy-dlugi-z-flauszu\/","title":{"rendered":"Karamelov\u00fd dlh\u00fd fleecov\u00fd kab\u00e1t"},"content":{"rendered":"<h3 style=\"text-align: center;\">Karamelov\u00fd dlh\u00fd fleecov\u00fd kab\u00e1t<\/h3>\n<p style=\"text-align: center;\"><strong>Karamelov\u00fd kab\u00e1t<\/strong>\u00a0toto\u00a0<strong>mus\u00edte ma\u0165<\/strong>\u00a0v \u0161atn\u00edku ka\u017edej \u017eeny! Je dokonal\u00fdm doplnkom mnoh\u00fdch \u0161t\u00fdlov. Je to spojenie elegancie, modernosti a funk\u010dnosti - Karamelov\u00fd kab\u00e1t Bude fungova\u0165 v akomko\u013evek stylingu.\u00a0<strong>Ob\u00e1lka kab\u00e1t\u00a0<\/strong>\u00a0je univerz\u00e1lny produkt \u2013 \u013eahko ho vyu\u017eijete na r\u00f4zne \u00fa\u010dely\u00a0\u00a0<strong>styling:<\/strong>\u00a0 elegantn\u00e9 a \u0161portov\u00e9,\u00a0<strong>bude perfektn\u00e1 v ka\u017edom ro\u010dnom obdob\u00ed<\/strong>, nie len\u00a0<strong>jar, jese\u0148<\/strong>\u00a0ak\u00a0<strong>zima<\/strong>. Vyroben\u00e9 z fleecu, v\u010faka \u010domu perfektne sed\u00ed. Perfektn\u00fd kab\u00e1t na ka\u017ed\u00fa pr\u00edle\u017eitos\u0165<\/p>\n<h3 style=\"text-align: center;\">Perfektn\u00fd kab\u00e1t na ka\u017ed\u00fa pr\u00edle\u017eitos\u0165<\/h3>\n<p style=\"text-align: center;\">Skuto\u010dn\u00fdm hitom je karamelov\u00e1 farba kab\u00e1ta \u2013 t\u00e1to farba je skuto\u010dn\u00fdm hitom, ktor\u00fd si vyber\u00e1 mnoho \u017eien. Farba dod\u00e1va kab\u00e1tu charakter, no z\u00e1rove\u0148 umo\u017e\u0148uje zladi\u0165 ho k r\u00f4znym \u0161t\u00fdlom, preto\u017ee farby s\u00fa decentn\u00e9, elegantn\u00e9 a \u0161ik. Ve\u013ekos\u0165\u00a0<strong>univerz\u00e1lny <\/strong>\u00a0odpor\u00fa\u010dame pre d\u00e1my, ktor\u00e9 nosia ve\u013e\u00a0<strong>S, M, L, XL<\/strong> \u010do je obrovsk\u00e1 v\u00fdhoda tohto modelu. V ponuke <strong>m\u00e1me<\/strong> <strong>tie\u017e<\/strong> v\u00e4\u010d\u0161\u00ed <strong>PLUSOV\u00c1 VELKOS\u0164<\/strong> odpor\u00fa\u010dan\u00e9 pre d\u00e1my vo ve\u013e <strong>44,46,48,50<\/strong>\u00a0. Kab\u00e1t je dostupn\u00fd aj v in\u00fdch <strong>farebn\u00e9 varianty<\/strong> \u2013 odpor\u00fa\u010dame v\u00e1m zozn\u00e1mi\u0165 sa s na\u0161imi \u010fal\u0161\u00edmi produktmi. Ak sa neviete rozhodn\u00fa\u0165, ktor\u00e1 farba alebo ve\u013ekos\u0165 je pre v\u00e1s najvhodnej\u0161ia, kontaktujte n\u00e1s na Facebooku alebo telefonicky.<\/p>\n<h3 style=\"text-align: center;\">rozmery kab\u00e1ta:<\/h3>\n<ul style=\"text-align: center;\">\n<li>celkov\u00e1 d\u013a\u017eka chrbta: 90 cm<\/li>\n<li>\u0161\u00edrka od pazuchy po pazuchu: 52 cm<\/li>\n<li>d\u013a\u017eka ruk\u00e1va od ramena: 62 cm<\/li>\n<li>d\u013a\u017eka ruk\u00e1va od podpazu\u0161ia: 47 cm<\/li>\n<li>odpor\u00fa\u010dan\u00fd maxim\u00e1lny obvod poprsia: 125-130 cm<\/li>\n<li>\u0161\u00edrka v bicepsoch: 36 cm<\/li>\n<\/ul>\n<p style=\"text-align: center;\">Rozmery sa m\u00f4\u017eu mierne l\u00ed\u0161i\u0165 od uveden\u00fdch +\/- 2cm. V\u0161etky uveden\u00e9 rozmery s\u00fa meran\u00e9 plo\u0161ne.<\/p>\n<p style=\"text-align: center;\"><strong>\u00a0<\/strong><\/p>\n<table width=\"618\">\n<tbody>\n<tr>\n<td width=\"302\">Meno modela<\/td>\n<td width=\"302\">Fl\u00edsov\u00fd kab\u00e1t tmav\u00fd karamel<\/td>\n<\/tr>\n<tr>\n<td width=\"302\">Farba<\/td>\n<td width=\"302\">karamel<\/td>\n<\/tr>\n<tr>\n<td width=\"302\">Zbierka<\/td>\n<td width=\"302\">jar\/jese\u0148\/zima<\/td>\n<\/tr>\n<tr>\n<td width=\"302\">ve\u013ekosti<\/td>\n<td width=\"302\">Univerz\u00e1lny<\/td>\n<\/tr>\n<tr>\n<td width=\"302\">M\u00f3da<\/td>\n<td width=\"302\">nadrozmern\u00e9<\/td>\n<\/tr>\n<tr>\n<td width=\"302\">Hood<\/td>\n<td width=\"302\">Bez kapucne<\/td>\n<\/tr>\n<tr>\n<td width=\"302\">izolovan\u00e9<\/td>\n<td width=\"302\">jednopl\u00e1\u0161\u0165ov\u00e9<\/td>\n<\/tr>\n<tr>\n<td width=\"302\">Materi\u00e1l<\/td>\n<td width=\"302\">Petersham<\/td>\n<\/tr>\n<\/tbody>\n<\/table>\n<p style=\"text-align: center;\">Model m\u00e1\u00a0<strong>169<\/strong>\u00a0cm vysok\u00fd, nos\u00ed ve\u013ekos\u0165 ka\u017ed\u00fd de\u0148\u00a0<strong>S<\/strong><\/p>\n<p style=\"text-align: center;\">\u0160\u00edrka cez prsia 92 cm<\/p>\n<p style=\"text-align: center;\">\u0160\u00edrka v p\u00e1se 62 cm<\/p>\n<p style=\"text-align: center;\">\u0160\u00edrka v bokoch 94 cm<\/p>\n<p style=\"text-align: center;\">","protected":false},"excerpt":{"rendered":"<p>P\u0142aszcz Karmelowy D\u0142ugi z Flauszu Karmelowy p\u0142aszcz\u00a0to\u00a0must-have\u00a0w szafie ka\u017cdej kobiety! Jest to idealne dope\u0142nienie wielu stylizacji. Jest to po\u0142\u0105czenie elegancji, nowoczesno\u015bci i funkcjonalno\u015bci \u2013 Karmelowy p\u0142aszczyk Sprawdzi si\u0119 w ka\u017cdej stylizacji .\u00a0P\u0142aszcz kopertowy\u00a0\u00a0jest uniwersalnym produktem- z \u0142atwo\u015bci\u0105 wykorzystasz go do r\u00f3\u017cnych\u00a0\u00a0stylizacji:\u00a0 eleganckich i tych sportowych ,\u00a0\u015bwietnie sprawdzi si\u0119 w ka\u017cdej porze roku, nie tylko\u00a0wiosn\u0105, jesieni\u0105\u00a0czy\u00a0zim\u0105.\u00a0<\/p>\n<div class=\"klb-readmore post-buttons\"><a class=\"button black outline size-sm\" href=\"https:\/\/madelinefashion.pl\/sk\/plaszcz-karmelowy-dlugi-z-flauszu\/\">\u010c\u00edta\u0165 \u010falej <i class=\"klbth-icon-right-arrow\"><\/i><\/a><\/div>","protected":false},"featured_media":31935,"template":"","meta":[],"product_brand":[],"product_cat":[120,279],"product_tag":[510],"class_list":{"0":"post-665","1":"product","2":"type-product","3":"status-publish","4":"has-post-thumbnail","6":"product_cat-plaszcze-dlugie","7":"product_cat-plaszcze-wiosenne","8":"product_tag-plaszcze-flauszowe","10":"first","11":"outofstock","12":"sale","13":"purchasable","14":"product-type-simple"},"_links":{"self":[{"href":"https:\/\/madelinefashion.pl\/sk\/wp-json\/wp\/v2\/product\/665","targetHints":{"allow":["GET"]}}],"collection":[{"href":"https:\/\/madelinefashion.pl\/sk\/wp-json\/wp\/v2\/product"}],"about":[{"href":"https:\/\/madelinefashion.pl\/sk\/wp-json\/wp\/v2\/types\/product"}],"wp:featuredmedia":[{"embeddable":true,"href":"https:\/\/madelinefashion.pl\/sk\/wp-json\/wp\/v2\/media\/31935"}],"wp:attachment":[{"href":"https:\/\/madelinefashion.pl\/sk\/wp-json\/wp\/v2\/media?parent=665"}],"wp:term":[{"taxonomy":"product_brand","embeddable":true,"href":"https:\/\/madelinefashion.pl\/sk\/wp-json\/wp\/v2\/product_brand?post=665"},{"taxonomy":"product_cat","embeddable":true,"href":"https:\/\/madelinefashion.pl\/sk\/wp-json\/wp\/v2\/product_cat?post=665"},{"taxonomy":"product_tag","embeddable":true,"href":"https:\/\/madelinefashion.pl\/sk\/wp-json\/wp\/v2\/product_tag?post=665"}],"curies":[{"name":"pracovn\u00fd list","href":"https:\/\/api.w.org\/{rel}","templated":true}]}}

Karamelový dlhý fleecový kabát

<h3 style="text-align: center;">Karamelový dlhý fleecový kabát</h3>
<p style="text-align: center;"><strong>Karamelový kabát</strong> toto <strong>musíte mať</strong> v šatníku každej ženy! Je dokonalým doplnkom mnohých štýlov. Je to spojenie elegancie, modernosti a funkčnosti - Karamelový kabát Bude fungovať v akomkoľvek stylingu. <strong>Obálka kabát </strong> je univerzálny produkt – ľahko ho využijete na rôzne účely  <strong>styling:</strong>  elegantné a športové, <strong>bude perfektná v každom ročnom období</strong>, nie len <strong>jar, jeseň</strong> ak <strong>zima</strong>. Vyrobené z fleecu, vďaka čomu perfektne sedí. Perfektný kabát na každú príležitosť</p>
<h3 style="text-align: center;">Perfektný kabát na každú príležitosť</h3>
<p style="text-align: center;">Skutočným hitom je karamelová farba kabáta – táto farba je skutočným hitom, ktorý si vyberá mnoho žien. Farba dodáva kabátu charakter, no zároveň umožňuje zladiť ho k rôznym štýlom, pretože farby sú decentné, elegantné a šik. Veľkosť <strong>univerzálny </strong> odporúčame pre dámy, ktoré nosia veľ <strong>S, M, L, XL</strong> čo je obrovská výhoda tohto modelu. V ponuke <strong>máme</strong> <strong>tiež</strong> väčší <strong>PLUSOVÁ VELKOSŤ</strong> odporúčané pre dámy vo veľ <strong>44,46,48,50</strong> . Kabát je dostupný aj v iných <strong>farebné varianty</strong> – odporúčame vám zoznámiť sa s našimi ďalšími produktmi. Ak sa neviete rozhodnúť, ktorá farba alebo veľkosť je pre vás najvhodnejšia, kontaktujte nás na Facebooku alebo telefonicky.</p>
<h3 style="text-align: center;">rozmery kabáta:</h3>
<ul style="text-align: center;">
<li>celková dĺžka chrbta: 90 cm</li>
<li>šírka od pazuchy po pazuchu: 52 cm</li>
<li>dĺžka rukáva od ramena: 62 cm</li>
<li>dĺžka rukáva od podpazušia: 47 cm</li>
<li>odporúčaný maximálny obvod poprsia: 125-130 cm</li>
<li>šírka v bicepsoch: 36 cm</li>
</ul>
<p style="text-align: center;">Rozmery sa môžu mierne líšiť od uvedených +/- 2cm. Všetky uvedené rozmery sú merané plošne.</p>
<p style="text-align: center;"><strong> </strong></p>
<table width="618">
<tbody>
<tr>
<td width="302">Meno modela</td>
<td width="302">Flísový kabát tmavý karamel</td>
</tr>
<tr>
<td width="302">Farba</td>
<td width="302">karamel</td>
</tr>
<tr>
<td width="302">Zbierka</td>
<td width="302">jar/jeseň/zima</td>
</tr>
<tr>
<td width="302">veľkosti</td>
<td width="302">Univerzálny</td>
</tr>
<tr>
<td width="302">Móda</td>
<td width="302">nadrozmerné</td>
</tr>
<tr>
<td width="302">Hood</td>
<td width="302">Bez kapucne</td>
</tr>
<tr>
<td width="302">izolované</td>
<td width="302">jednoplášťové</td>
</tr>
<tr>
<td width="302">Materiál</td>
<td width="302">Petersham</td>
</tr>
</tbody>
</table>
<p style="text-align: center;">Model má <strong>169</strong> cm vysoký, nosí veľkosť každý deň <strong>S</strong></p>
<p style="text-align: center;">Šírka cez prsia 92 cm</p>
<p style="text-align: center;">Šírka v páse 62 cm</p>
<p style="text-align: center;">Šírka v bokoch 94 cm</p>
<p style="text-align: center;">

<p>Płaszcz Karmelowy Długi z Flauszu Karmelowy płaszcz to must-have w szafie każdej kobiety! Jest to idealne dopełnienie wielu stylizacji. Jest to połączenie elegancji, nowoczesności i funkcjonalności – Karmelowy płaszczyk Sprawdzi się w każdej stylizacji . Płaszcz kopertowy  jest uniwersalnym produktem- z łatwością wykorzystasz go do różnych  stylizacji:  eleganckich i tych sportowych , świetnie sprawdzi się w każdej porze roku, nie tylko wiosną, jesienią czy zimą. </p>
<div class="klb-readmore post-buttons"><a class="button black outline size-sm" href="https://madelinefashion.pl/sk/plaszcz-karmelowy-dlugi-z-flauszu/">Čítať ďalej <i class="klbth-icon-right-arrow"></i></a></div>

pracovný list
