{"id":67275,"date":"2022-11-23T10:53:07","date_gmt":"2022-11-23T09:53:07","guid":{"rendered":"https:\/\/madelinefashion.pl\/?post_type=product&#038;p=67275"},"modified":"2026-02-20T14:57:23","modified_gmt":"2026-02-20T13:57:23","slug":"sweter-krotki-palmare-jasno-szary","status":"publish","type":"product","link":"https:\/\/madelinefashion.pl\/sk\/sweter-krotki-palmare-jasno-szary\/","title":{"rendered":"Svetlosiv\u00fd kr\u00e1tky sveter Palmare"},"content":{"rendered":"<h3 style=\"text-align: center;\">Svetlosiv\u00fd kr\u00e1tky sveter Palmare<\/h3>\n<p style=\"text-align: center;\">\u00a0Sveter s v\u00fdstrihom <strong>\u00a0\u2013 <\/strong>\u00a0Vyroben\u00e9 z mimoriadne pr\u00edjemn\u00e9ho materi\u00e1lu. D\u00e1 sa cez hlavu, perfektne sed\u00ed na tele. <strong>Rol\u00e1kov\u00fd sveter<\/strong> dlh\u00e9 rovn\u00e9 ruk\u00e1vy zakon\u010den\u00e9 lemom. Jednoduch\u00fd strih a klasick\u00fd vzor zapadn\u00fa do mnoh\u00fdch \u0161t\u00fdlov. S \u00faspechom ju m\u00f4\u017eete nosi\u0165 na ka\u017edodenn\u00e9 v\u00fdlety, do pr\u00e1ce, na rodinn\u00e9 stretnutie alebo aj na v\u00fdznamnej\u0161iu pr\u00edle\u017eitos\u0165. V\u010faka \u0161trukt\u00fare materi\u00e1lu sa s n\u00edm bude lep\u0161ie pracova\u0165 <strong>po\u010das chladnej\u0161\u00edch dn\u00ed a prechodn\u00fdch obdob\u00ed<\/strong> alebo na <strong>zima s bundou<\/strong>. Odpor\u00fa\u010dame skombinova\u0165 s vysok\u00fdmi \u010di\u017emami, v\u010faka ktor\u00fdm vyniknete z davu.\u00a0 <strong>Ve\u013ekos\u0165 je UNIVERZ\u00c1LNA<\/strong> odpor\u00fa\u010dan\u00e9 pre d\u00e1my <strong> SML XL<\/strong><strong>,<\/strong>\u00a0ale odpor\u00fa\u010dame\u00a0<strong>presn\u00e9 meranie <\/strong>pod\u013ea ni\u017e\u0161ie uvedenej tabu\u013eky rozmerov. Dostupn\u00e9 na na\u0161om e-shope vo viacer\u00fdch farebn\u00fdch variantoch, tak nev\u00e1hajte a vyberte si t\u00fa, ktor\u00e1 je pre v\u00e1s ako stvoren\u00e1. Ak sa neviete rozhodn\u00fa\u0165, ktor\u00e1 farba je pre v\u00e1s najlep\u0161ia, kontaktujte n\u00e1s prostredn\u00edctvom <strong>Facebook<\/strong>\u00a0alebo telef\u00f3n.<\/p>\n<h3 style=\"text-align: center;\">Rozmery svetra:<\/h3>\n<ul>\n<li style=\"text-align: center;\">Celkov\u00e1 d\u013a\u017eka: 58 cm<\/li>\n<li style=\"text-align: center;\">\u0160\u00edrka od pazuchy po pazuchu: 58-68 cm<\/li>\n<li style=\"text-align: center;\">D\u013a\u017eka ruk\u00e1va od podpazu\u0161ia: 39 cm<\/li>\n<li style=\"text-align: center;\">D\u013a\u017eka ruk\u00e1va od ramena: 60 cm<\/li>\n<\/ul>\n<p style=\"text-align: center;\">Rozmery sa m\u00f4\u017eu mierne l\u00ed\u0161i\u0165 od uveden\u00fdch +\/- 2cm. V\u0161etky uveden\u00e9 rozmery s\u00fa meran\u00e9 plo\u0161ne.<\/p>\n<table width=\"610\">\n<tbody>\n<tr>\n<td width=\"302\">Meno modela<\/td>\n<td width=\"302\">Kr\u00e1tky sveter Palmare<\/td>\n<\/tr>\n<tr>\n<td width=\"302\">Farba<\/td>\n<td width=\"302\">Svetlo siv\u00e1<\/td>\n<\/tr>\n<tr>\n<td width=\"302\">ve\u013ekosti<\/td>\n<td width=\"302\">Univerz\u00e1lny<\/td>\n<\/tr>\n<tr>\n<td width=\"302\">Zbierka<\/td>\n<td width=\"302\">jar\/jese\u0148\/zima<\/td>\n<\/tr>\n<tr>\n<td width=\"302\">\u0160tiepenie<\/td>\n<td width=\"302\">Golf<\/td>\n<\/tr>\n<tr>\n<td width=\"302\">izolovan\u00e9<\/td>\n<td width=\"302\">jednopl\u00e1\u0161\u0165ov\u00e9<\/td>\n<\/tr>\n<tr>\n<td width=\"302\">Materi\u00e1l<\/td>\n<td width=\"302\">100 % Polyester<\/td>\n<\/tr>\n<\/tbody>\n<\/table>\n<section class=\"page-product-box\">\n<div class=\"rte\">\n<div class=\"tabs tabs-bb clear mb-80\">\n<div class=\"tab-content\">\n<div id=\"tab-description\" class=\"tab-pane fade in woocommerce-Tabs-panel--description active\">\n<p style=\"text-align: center;\">Model m\u00e1\u00a0<strong>169<\/strong>\u00a0cm vysok\u00fd, nos\u00ed ve\u013ekos\u0165 ka\u017ed\u00fd de\u0148\u00a0<strong>S<\/strong><\/p>\n<p style=\"text-align: center;\">\u0160\u00edrka cez prsia 92 cm<\/p>\n<p style=\"text-align: center;\">\u0160\u00edrka v p\u00e1se 62 cm<\/p>\n<p style=\"text-align: center;\">\u0160\u00edrka v bokoch 94 cm<\/p>\n<\/div>\n<\/div>\n<\/div>\n<\/div>\n<\/section>","protected":false},"excerpt":{"rendered":"<p>Sweter Kr\u00f3tki Palmare Jasno Szary \u00a0Sweterek do pasa z p\u00f3\u0142golfem \u00a0&#8211; \u00a0Wykonany z niezwykle przyjemnego materia\u0142u. Wk\u0142adany przez g\u0142ow\u0119, \u015bwietnie uk\u0142ada si\u0119 na ciele. Sweter z Golfem na d\u0142ugi, prosty r\u0119kaw zako\u0144czony \u015bci\u0105gaczem.\u00a0 Prosty kr\u00f3j i klasyczny wz\u00f3r wpisze si\u0119 w wiele stylizacji. Z powodzeniem mo\u017cesz go ubra\u0107 na codzienne wyj\u015bcia, do pracy, spotkanie rodzinne<\/p>\n<div class=\"klb-readmore post-buttons\"><a class=\"button black outline size-sm\" href=\"https:\/\/madelinefashion.pl\/sk\/sweter-krotki-palmare-jasno-szary\/\">\u010c\u00edta\u0165 \u010falej <i class=\"klbth-icon-right-arrow\"><\/i><\/a><\/div>","protected":false},"featured_media":67251,"template":"","meta":[],"product_brand":[],"product_cat":[90],"product_tag":[],"class_list":{"0":"post-67275","1":"product","2":"type-product","3":"status-publish","4":"has-post-thumbnail","6":"product_cat-swetry","8":"first","9":"instock","10":"purchasable","11":"product-type-simple"},"_links":{"self":[{"href":"https:\/\/madelinefashion.pl\/sk\/wp-json\/wp\/v2\/product\/67275","targetHints":{"allow":["GET"]}}],"collection":[{"href":"https:\/\/madelinefashion.pl\/sk\/wp-json\/wp\/v2\/product"}],"about":[{"href":"https:\/\/madelinefashion.pl\/sk\/wp-json\/wp\/v2\/types\/product"}],"wp:featuredmedia":[{"embeddable":true,"href":"https:\/\/madelinefashion.pl\/sk\/wp-json\/wp\/v2\/media\/67251"}],"wp:attachment":[{"href":"https:\/\/madelinefashion.pl\/sk\/wp-json\/wp\/v2\/media?parent=67275"}],"wp:term":[{"taxonomy":"product_brand","embeddable":true,"href":"https:\/\/madelinefashion.pl\/sk\/wp-json\/wp\/v2\/product_brand?post=67275"},{"taxonomy":"product_cat","embeddable":true,"href":"https:\/\/madelinefashion.pl\/sk\/wp-json\/wp\/v2\/product_cat?post=67275"},{"taxonomy":"product_tag","embeddable":true,"href":"https:\/\/madelinefashion.pl\/sk\/wp-json\/wp\/v2\/product_tag?post=67275"}],"curies":[{"name":"pracovn\u00fd list","href":"https:\/\/api.w.org\/{rel}","templated":true}]}}

Svetlosivý krátky sveter Palmare

<h3 style="text-align: center;">Svetlosivý krátky sveter Palmare</h3>
<p style="text-align: center;"> Sveter s výstrihom <strong> – </strong> Vyrobené z mimoriadne príjemného materiálu. Dá sa cez hlavu, perfektne sedí na tele. <strong>Rolákový sveter</strong> dlhé rovné rukávy zakončené lemom. Jednoduchý strih a klasický vzor zapadnú do mnohých štýlov. S úspechom ju môžete nosiť na každodenné výlety, do práce, na rodinné stretnutie alebo aj na významnejšiu príležitosť. Vďaka štruktúre materiálu sa s ním bude lepšie pracovať <strong>počas chladnejších dní a prechodných období</strong> alebo na <strong>zima s bundou</strong>. Odporúčame skombinovať s vysokými čižmami, vďaka ktorým vyniknete z davu.  <strong>Veľkosť je UNIVERZÁLNA</strong> odporúčané pre dámy <strong> SML XL</strong><strong>,</strong> ale odporúčame <strong>presné meranie </strong>podľa nižšie uvedenej tabuľky rozmerov. Dostupné na našom e-shope vo viacerých farebných variantoch, tak neváhajte a vyberte si tú, ktorá je pre vás ako stvorená. Ak sa neviete rozhodnúť, ktorá farba je pre vás najlepšia, kontaktujte nás prostredníctvom <strong>Facebook</strong> alebo telefón.</p>
<h3 style="text-align: center;">Rozmery svetra:</h3>
<ul>
<li style="text-align: center;">Celková dĺžka: 58 cm</li>
<li style="text-align: center;">Šírka od pazuchy po pazuchu: 58-68 cm</li>
<li style="text-align: center;">Dĺžka rukáva od podpazušia: 39 cm</li>
<li style="text-align: center;">Dĺžka rukáva od ramena: 60 cm</li>
</ul>
<p style="text-align: center;">Rozmery sa môžu mierne líšiť od uvedených +/- 2cm. Všetky uvedené rozmery sú merané plošne.</p>
<table width="610">
<tbody>
<tr>
<td width="302">Meno modela</td>
<td width="302">Krátky sveter Palmare</td>
</tr>
<tr>
<td width="302">Farba</td>
<td width="302">Svetlo sivá</td>
</tr>
<tr>
<td width="302">veľkosti</td>
<td width="302">Univerzálny</td>
</tr>
<tr>
<td width="302">Zbierka</td>
<td width="302">jar/jeseň/zima</td>
</tr>
<tr>
<td width="302">Štiepenie</td>
<td width="302">Golf</td>
</tr>
<tr>
<td width="302">izolované</td>
<td width="302">jednoplášťové</td>
</tr>
<tr>
<td width="302">Materiál</td>
<td width="302">100 % Polyester</td>
</tr>
</tbody>
</table>
<section class="page-product-box">
<div class="rte">
<div class="tabs tabs-bb clear mb-80">
<div class="tab-content">
<div id="tab-description" class="tab-pane fade in woocommerce-Tabs-panel--description active">
<p style="text-align: center;">Model má <strong>169</strong> cm vysoký, nosí veľkosť každý deň <strong>S</strong></p>
<p style="text-align: center;">Šírka cez prsia 92 cm</p>
<p style="text-align: center;">Šírka v páse 62 cm</p>
<p style="text-align: center;">Šírka v bokoch 94 cm</p>
</div>
</div>
</div>
</div>
</section>

<p>Sweter Krótki Palmare Jasno Szary  Sweterek do pasa z półgolfem  &#8211;  Wykonany z niezwykle przyjemnego materiału. Wkładany przez głowę, świetnie układa się na ciele. Sweter z Golfem na długi, prosty rękaw zakończony ściągaczem.  Prosty krój i klasyczny wzór wpisze się w wiele stylizacji. Z powodzeniem możesz go ubrać na codzienne wyjścia, do pracy, spotkanie rodzinne</p>
<div class="klb-readmore post-buttons"><a class="button black outline size-sm" href="https://madelinefashion.pl/sk/sweter-krotki-palmare-jasno-szary/">Čítať ďalej <i class="klbth-icon-right-arrow"></i></a></div>

pracovný list
