{"id":67592,"date":"2022-11-25T11:13:05","date_gmt":"2022-11-25T10:13:05","guid":{"rendered":"https:\/\/madelinefashion.pl\/?post_type=product&#038;p=67592"},"modified":"2026-02-20T14:57:20","modified_gmt":"2026-02-20T13:57:20","slug":"sweter-swiateczny-iam-your-holiday-treat-czerwony","status":"publish","type":"product","link":"https:\/\/madelinefashion.pl\/sk\/sweter-swiateczny-iam-your-holiday-treat-czerwony\/","title":{"rendered":"Viano\u010dn\u00fd sveter I&#039;am Your Holiday Treat Red"},"content":{"rendered":"<h3 style=\"text-align: center;\">Viano\u010dn\u00fd sveter I&#039;am Your Holiday Treat Red<\/h3>\n<p style=\"text-align: center;\"><strong>Viano\u010dn\u00fd sveter I&#039;am Your Holiday Treat je model s viano\u010dn\u00fdmi vzormi, ide\u00e1lny na viano\u010dn\u00e9 stretnutia. Viano\u010dn\u00fd sveter <\/strong>tento kr\u00e1sny model je vyroben\u00fd z najkvalitnej\u0161ej priadze, ktor\u00e1 v\u010faka prec\u00edznemu procesu spracovania dod\u00e1va jemnos\u0165, hebkos\u0165 a maxim\u00e1lny komfort. Odpor\u00fa\u010dan\u00fd sveter v univerz\u00e1lnej ve\u013ekosti <b>P\u00e1n<\/b>\u00a0nosn\u00e1 ve\u013ekos\u0165\u00a0<b>S, M, L, XL<\/b>\u00a0Pritiahne pozornos\u0165 a vy budete\u00a0<b>vyzera\u0165 \u00fa\u017easne<\/b>. Vianoce s\u00fa za dverami, a tak je \u010das myslie\u0165 na pr\u00edpravy, vr\u00e1tane t\u00fdch, ktor\u00e9 s\u00favisia s osvie\u017een\u00edm \u0161atn\u00edka. V na\u0161ej predajni n\u00e1jdete <a href=\"https:\/\/madelinefashion.pl\/sk\/product-tag\/swiateczny\/\"><strong>viano\u010dn\u00e9 oble\u010denie<\/strong><\/a>v\u010faka tomu sa znova budete c\u00edti\u0165 <strong>k\u00fazlo Vianoc.<\/strong> <strong>Sl\u00e1vnostn\u00fd charakter <\/strong>dobre posl\u00fa\u017ei aj na ka\u017edodenn\u00e9 pou\u017eitie<strong>, <\/strong>ako aj po\u010das ve\u010dere <b>na \u0160tedr\u00fd de\u0148. Materi\u00e1l bol zdoben\u00fd snehov\u00fdmi vlo\u010dkami spojen\u00fdmi so zimou a Vianocami. <\/b>V\u010faka ich materi\u00e1lu sa s nimi bude lep\u0161ie pracova\u0165\u00a0<strong>po\u010das chladnej\u0161\u00edch dn\u00ed a prechodn\u00fdch obdob\u00ed<\/strong> alebo na zimu v kombin\u00e1cii s bundou. Ak m\u00e1te \u010fal\u0161ie ot\u00e1zky k tomuto produktu, nev\u00e1hajte n\u00e1s kontaktova\u0165 telefonicky alebo cez Facebook.<\/p>\n<h3 style=\"text-align: center;\">Rozmery:<\/h3>\n<ul>\n<li style=\"text-align: center;\">\u0160\u00edrka od pazuchy po pazuchu 48-56 cm<\/li>\n<li style=\"text-align: center;\">Celkov\u00e1 d\u013a\u017eka 67 cm<\/li>\n<li style=\"text-align: center;\">D\u013a\u017eka ruk\u00e1va od podpazu\u0161ia 46 cm<\/li>\n<li style=\"text-align: center;\">D\u013a\u017eka ruk\u00e1va od ramena 54 cm<\/li>\n<\/ul>\n<p>&nbsp;<\/p>\n<p style=\"text-align: center;\">Rozmery sa m\u00f4\u017eu mierne l\u00ed\u0161i\u0165 od uveden\u00fdch +\/- 2cm. V\u0161etky uveden\u00e9 rozmery s\u00fa meran\u00e9 plo\u0161ne.<strong>\u00a0 rozmer x2<\/strong><\/p>\n<table style=\"height: 220px;\" width=\"563\">\n<tbody>\n<tr>\n<td width=\"302\">Meno modela<\/td>\n<td width=\"302\">Viano\u010dn\u00fd sveter I&#039;am Your Holiday Treat<\/td>\n<\/tr>\n<tr>\n<td width=\"302\">Zbierka<\/td>\n<td width=\"302\">Jesenn\u00e1 zima<\/td>\n<\/tr>\n<tr>\n<td width=\"302\">ve\u013ekosti<\/td>\n<td width=\"302\">Univerz\u00e1lny SML XL<\/td>\n<\/tr>\n<tr>\n<td width=\"302\">Zlo\u017eenie<\/td>\n<td width=\"302\">40% AKRYL 30% MOHAIR 30% VLNA<\/td>\n<\/tr>\n<tr>\n<td width=\"302\">Farba<\/td>\n<td width=\"302\">\u010cerven\u00e1<\/td>\n<\/tr>\n<tr>\n<td width=\"302\">\u0160tiepenie<\/td>\n<td width=\"302\">Okr\u00fahly<\/td>\n<\/tr>\n<\/tbody>\n<\/table>\n<p style=\"text-align: center;\">Model m\u00e1\u00a0<strong>169<\/strong>\u00a0cm vysok\u00fd, nos\u00ed ve\u013ekos\u0165 ka\u017ed\u00fd de\u0148\u00a0<strong>S<\/strong><\/p>\n<p style=\"text-align: center;\">\u0160\u00edrka cez prsia 92 cm<\/p>\n<p style=\"text-align: center;\">\u0160\u00edrka v p\u00e1se 62 cm<\/p>\n<p style=\"text-align: center;\">\u0160\u00edrka v bokoch 94 cm<\/p>","protected":false},"excerpt":{"rendered":"<p>Sweter \u015awi\u0105teczny I&#8217;am Your Holiday Treat Czerwony Sweter \u015awi\u0105teczny I&#8217;am Your Holiday Treat to model o \u015bwi\u0105tecznych wzorach, idealnie sprawdzi si\u0119 podczas \u015bwi\u0105tecznych spotka\u0144. \u015awi\u0105teczny sweter to pi\u0119kny model wykonany jest z najwy\u017cszej jako\u015bci prz\u0119dzy, kt\u00f3ra dzi\u0119ki precyzyjnemu procesowi obr\u00f3bki dodaje mi\u0119kko\u015bci, mi\u0119kko\u015bci i maksymalnego komfortu. Sweter w rozmiarze uniwersalnym zalecanym dla Pa\u0144\u00a0nosz\u0105cych rozmiar\u00a0S, M,<\/p>\n<div class=\"klb-readmore post-buttons\"><a class=\"button black outline size-sm\" href=\"https:\/\/madelinefashion.pl\/sk\/sweter-swiateczny-iam-your-holiday-treat-czerwony\/\">\u010c\u00edta\u0165 \u010falej <i class=\"klbth-icon-right-arrow\"><\/i><\/a><\/div>","protected":false},"featured_media":67544,"template":"","meta":[],"product_brand":[],"product_cat":[78],"product_tag":[473,250],"class_list":{"0":"post-67592","1":"product","2":"type-product","3":"status-publish","4":"has-post-thumbnail","6":"product_cat-swetry-damskie","7":"product_tag-kolekcja-swiateczna","8":"product_tag-swiateczny","10":"first","11":"instock","12":"purchasable","13":"product-type-simple"},"_links":{"self":[{"href":"https:\/\/madelinefashion.pl\/sk\/wp-json\/wp\/v2\/product\/67592","targetHints":{"allow":["GET"]}}],"collection":[{"href":"https:\/\/madelinefashion.pl\/sk\/wp-json\/wp\/v2\/product"}],"about":[{"href":"https:\/\/madelinefashion.pl\/sk\/wp-json\/wp\/v2\/types\/product"}],"wp:featuredmedia":[{"embeddable":true,"href":"https:\/\/madelinefashion.pl\/sk\/wp-json\/wp\/v2\/media\/67544"}],"wp:attachment":[{"href":"https:\/\/madelinefashion.pl\/sk\/wp-json\/wp\/v2\/media?parent=67592"}],"wp:term":[{"taxonomy":"product_brand","embeddable":true,"href":"https:\/\/madelinefashion.pl\/sk\/wp-json\/wp\/v2\/product_brand?post=67592"},{"taxonomy":"product_cat","embeddable":true,"href":"https:\/\/madelinefashion.pl\/sk\/wp-json\/wp\/v2\/product_cat?post=67592"},{"taxonomy":"product_tag","embeddable":true,"href":"https:\/\/madelinefashion.pl\/sk\/wp-json\/wp\/v2\/product_tag?post=67592"}],"curies":[{"name":"pracovn\u00fd list","href":"https:\/\/api.w.org\/{rel}","templated":true}]}}

Vianočný sveter I&#039;am Your Holiday Treat Red

<h3 style="text-align: center;">Vianočný sveter I&#039;am Your Holiday Treat Red</h3>
<p style="text-align: center;"><strong>Vianočný sveter I&#039;am Your Holiday Treat je model s vianočnými vzormi, ideálny na vianočné stretnutia. Vianočný sveter </strong>tento krásny model je vyrobený z najkvalitnejšej priadze, ktorá vďaka precíznemu procesu spracovania dodáva jemnosť, hebkosť a maximálny komfort. Odporúčaný sveter v univerzálnej veľkosti <b>Pán</b> nosná veľkosť <b>S, M, L, XL</b> Pritiahne pozornosť a vy budete <b>vyzerať úžasne</b>. Vianoce sú za dverami, a tak je čas myslieť na prípravy, vrátane tých, ktoré súvisia s osviežením šatníka. V našej predajni nájdete <a href="https://madelinefashion.pl/sk/product-tag/swiateczny/"><strong>vianočné oblečenie</strong></a>vďaka tomu sa znova budete cítiť <strong>kúzlo Vianoc.</strong> <strong>Slávnostný charakter </strong>dobre poslúži aj na každodenné použitie<strong>, </strong>ako aj počas večere <b>na Štedrý deň. Materiál bol zdobený snehovými vločkami spojenými so zimou a Vianocami. </b>Vďaka ich materiálu sa s nimi bude lepšie pracovať <strong>počas chladnejších dní a prechodných období</strong> alebo na zimu v kombinácii s bundou. Ak máte ďalšie otázky k tomuto produktu, neváhajte nás kontaktovať telefonicky alebo cez Facebook.</p>
<h3 style="text-align: center;">Rozmery:</h3>
<ul>
<li style="text-align: center;">Šírka od pazuchy po pazuchu 48-56 cm</li>
<li style="text-align: center;">Celková dĺžka 67 cm</li>
<li style="text-align: center;">Dĺžka rukáva od podpazušia 46 cm</li>
<li style="text-align: center;">Dĺžka rukáva od ramena 54 cm</li>
</ul>
<p>&nbsp;</p>
<p style="text-align: center;">Rozmery sa môžu mierne líšiť od uvedených +/- 2cm. Všetky uvedené rozmery sú merané plošne.<strong>  rozmer x2</strong></p>
<table style="height: 220px;" width="563">
<tbody>
<tr>
<td width="302">Meno modela</td>
<td width="302">Vianočný sveter I&#039;am Your Holiday Treat</td>
</tr>
<tr>
<td width="302">Zbierka</td>
<td width="302">Jesenná zima</td>
</tr>
<tr>
<td width="302">veľkosti</td>
<td width="302">Univerzálny SML XL</td>
</tr>
<tr>
<td width="302">Zloženie</td>
<td width="302">40% AKRYL 30% MOHAIR 30% VLNA</td>
</tr>
<tr>
<td width="302">Farba</td>
<td width="302">Červená</td>
</tr>
<tr>
<td width="302">Štiepenie</td>
<td width="302">Okrúhly</td>
</tr>
</tbody>
</table>
<p style="text-align: center;">Model má <strong>169</strong> cm vysoký, nosí veľkosť každý deň <strong>S</strong></p>
<p style="text-align: center;">Šírka cez prsia 92 cm</p>
<p style="text-align: center;">Šírka v páse 62 cm</p>
<p style="text-align: center;">Šírka v bokoch 94 cm</p>

<p>Sweter Świąteczny I&#8217;am Your Holiday Treat Czerwony Sweter Świąteczny I&#8217;am Your Holiday Treat to model o świątecznych wzorach, idealnie sprawdzi się podczas świątecznych spotkań. Świąteczny sweter to piękny model wykonany jest z najwyższej jakości przędzy, która dzięki precyzyjnemu procesowi obróbki dodaje miękkości, miękkości i maksymalnego komfortu. Sweter w rozmiarze uniwersalnym zalecanym dla Pań noszących rozmiar S, M,</p>
<div class="klb-readmore post-buttons"><a class="button black outline size-sm" href="https://madelinefashion.pl/sk/sweter-swiateczny-iam-your-holiday-treat-czerwony/">Čítať ďalej <i class="klbth-icon-right-arrow"></i></a></div>

pracovný list
