{"id":67876,"date":"2022-11-26T15:37:25","date_gmt":"2022-11-26T14:37:25","guid":{"rendered":"https:\/\/madelinefashion.pl\/?post_type=product&#038;p=67876"},"modified":"2026-02-20T14:57:15","modified_gmt":"2026-02-20T13:57:15","slug":"sweter-swiateczny-renifer-i-sniezynki-jasno-szary","status":"publish","type":"product","link":"https:\/\/madelinefashion.pl\/sk\/sweter-swiateczny-renifer-i-sniezynki-jasno-szary\/","title":{"rendered":"Viano\u010dn\u00fd sveter sobov a snehov\u00fdch vlo\u010diek svetlosiv\u00fd"},"content":{"rendered":"<h3 style=\"text-align: center;\">Viano\u010dn\u00fd sveter sobov a snehov\u00fdch vlo\u010diek svetlosiv\u00fd<\/h3>\n<p style=\"text-align: center;\"><strong>Viano\u010dn\u00fd sveter <\/strong>je dokonal\u00fd n\u00e1vrh svetra na sviato\u010dn\u00e9 obdobie.Tento kr\u00e1sny model je vyroben\u00fd z najkvalitnej\u0161ej priadze, ktor\u00e1 v\u010faka prec\u00edznemu procesu spracovania dod\u00e1va jemnos\u0165, jemnos\u0165 a maxim\u00e1lny komfort. <strong>Viano\u010dn\u00fd sveter<\/strong> v odpor\u00fa\u010danej univerz\u00e1lnej ve\u013ekosti <strong>P\u00e1n <\/strong>nosn\u00e1 ve\u013ekos\u0165 <strong>S, M, L, XL <\/strong>Pritiahne pozornos\u0165 a vy budete <strong>vyzera\u0165 \u00fa\u017easne<\/strong>. Skvel\u00fdm n\u00e1vrhom je sveter s podobiz\u0148ou soba Rudolfa<strong> bl\u00ed\u017eiace sa sviatky. Na\u0161e sobie svetre<\/strong> je ide\u00e1lnym n\u00e1vrhom na mikul\u00e1\u0161sky alebo viano\u010dn\u00fd dar\u010dek. V na\u0161ej predajni n\u00e1jdete <strong>viano\u010dn\u00e9 oble\u010denie<\/strong>v\u010faka tomu sa znova budete c\u00edti\u0165 <strong>k\u00fazlo Vianoc.<\/strong> <strong>Sl\u00e1vnostn\u00fd charakter <\/strong>dobre posl\u00fa\u017ei aj na ka\u017edodenn\u00e9 pou\u017eitie<strong>, <\/strong>ako aj po\u010das ve\u010dere <strong>na \u0160tedr\u00fd de\u0148.\u00a0 <\/strong>Ak m\u00e1te \u010fal\u0161ie ot\u00e1zky k tomuto produktu, nev\u00e1hajte n\u00e1s kontaktova\u0165 telefonicky alebo cez Facebook. Univerz\u00e1lna ve\u013ekos\u0165 odpor\u00fa\u010dan\u00e1 pre \u017eeny vo ve\u013ekosti SML XL<\/p>\n<h3 style=\"text-align: center;\">Rozmery svetra<\/h3>\n<ul style=\"text-align: center;\">\n<li>\u0160\u00edrka od pazuchy po pazuchu 50-56 cm<\/li>\n<li>Celkov\u00e1 d\u013a\u017eka: 71 cm<\/li>\n<li>D\u013a\u017eka ruk\u00e1va od podpazu\u0161ia: 45 cm<\/li>\n<li>D\u013a\u017eka ruk\u00e1va od ramena: 61 cm<\/li>\n<li>\u0160\u00edrka v spodnej \u010dasti: 46-57 cm<\/li>\n<\/ul>\n<p style=\"text-align: center;\">Rozmery sa m\u00f4\u017eu mierne l\u00ed\u0161i\u0165 od uveden\u00fdch +\/- 2cm. V\u0161etky uveden\u00e9 rozmery s\u00fa meran\u00e9 plo\u0161ne.<strong>\u00a0 rozmer x2<\/strong><\/p>\n<p>&nbsp;<\/p>\n<p>&nbsp;<\/p>\n<table width=\"485\">\n<tbody>\n<tr>\n<td width=\"302\">Meno modela<\/td>\n<td width=\"302\">Viano\u010dn\u00fd sveter sobov a snehov\u00fdch vlo\u010diek<\/td>\n<\/tr>\n<tr>\n<td width=\"302\">Zbierka<\/td>\n<td width=\"302\">Jesenn\u00e1 zima<\/td>\n<\/tr>\n<tr>\n<td width=\"302\">ve\u013ekosti<\/td>\n<td width=\"302\">Univerz\u00e1lny<\/td>\n<\/tr>\n<tr>\n<td width=\"302\">Zlo\u017eenie<\/td>\n<td width=\"302\">60% Akryl 30%Moher %30 %We\u0142na<\/td>\n<\/tr>\n<tr>\n<td width=\"302\">Farba<\/td>\n<td width=\"302\">Svetlo siv\u00e1<\/td>\n<\/tr>\n<tr>\n<td width=\"302\">Hood<\/td>\n<td width=\"302\">Nedostatok<\/td>\n<\/tr>\n<\/tbody>\n<\/table>\n<p>&nbsp;<\/p>\n<p>&nbsp;<\/p>\n<p style=\"text-align: center;\">Model m\u00e1\u00a0<strong>169<\/strong>\u00a0cm vysok\u00fd, nos\u00ed ve\u013ekos\u0165 ka\u017ed\u00fd de\u0148\u00a0<strong>S<\/strong><\/p>\n<p style=\"text-align: center;\">\u0160\u00edrka cez prsia 92 cm<\/p>\n<p style=\"text-align: center;\">\u0160\u00edrka v p\u00e1se 62 cm<\/p>\n<p style=\"text-align: center;\">\u0160\u00edrka v bokoch 94 cm<\/p>\n<p style=\"text-align: center;\">","protected":false},"excerpt":{"rendered":"<p>Svetlosiv\u00fd viano\u010dn\u00fd sveter s mot\u00edvom soba a snehovej vlo\u010dky je perfektn\u00fdm svetrom na sviato\u010dn\u00e9 obdobie. Tento kr\u00e1sny dizajn je vyroben\u00fd z najkvalitnej\u0161ej priadze, ktor\u00e1 v\u010faka prec\u00edznemu spracovaniu dod\u00e1va m\u00e4kkos\u0165, jemnos\u0165 a maxim\u00e1lne pohodlie. Tento viano\u010dn\u00fd sveter je dostupn\u00fd v univerz\u00e1lnej ve\u013ekosti odpor\u00fa\u010danej pre \u017eeny vo ve\u013ekostiach S, M, L, XL. Zaujme a dod\u00e1 v\u00e1m skvel\u00fd vzh\u013ead.<\/p>\n<div class=\"klb-readmore post-buttons\"><a class=\"button black outline size-sm\" href=\"https:\/\/madelinefashion.pl\/sk\/sweter-swiateczny-renifer-i-sniezynki-jasno-szary\/\">\u010c\u00edta\u0165 \u010falej <i class=\"klbth-icon-right-arrow\"><\/i><\/a><\/div>","protected":false},"featured_media":67842,"template":"","meta":[],"product_brand":[],"product_cat":[78],"product_tag":[473,250],"class_list":{"0":"post-67876","1":"product","2":"type-product","3":"status-publish","4":"has-post-thumbnail","6":"product_cat-swetry-damskie","7":"product_tag-kolekcja-swiateczna","8":"product_tag-swiateczny","10":"first","11":"instock","12":"shipping-taxable","13":"purchasable","14":"product-type-simple"},"_links":{"self":[{"href":"https:\/\/madelinefashion.pl\/sk\/wp-json\/wp\/v2\/product\/67876","targetHints":{"allow":["GET"]}}],"collection":[{"href":"https:\/\/madelinefashion.pl\/sk\/wp-json\/wp\/v2\/product"}],"about":[{"href":"https:\/\/madelinefashion.pl\/sk\/wp-json\/wp\/v2\/types\/product"}],"wp:featuredmedia":[{"embeddable":true,"href":"https:\/\/madelinefashion.pl\/sk\/wp-json\/wp\/v2\/media\/67842"}],"wp:attachment":[{"href":"https:\/\/madelinefashion.pl\/sk\/wp-json\/wp\/v2\/media?parent=67876"}],"wp:term":[{"taxonomy":"product_brand","embeddable":true,"href":"https:\/\/madelinefashion.pl\/sk\/wp-json\/wp\/v2\/product_brand?post=67876"},{"taxonomy":"product_cat","embeddable":true,"href":"https:\/\/madelinefashion.pl\/sk\/wp-json\/wp\/v2\/product_cat?post=67876"},{"taxonomy":"product_tag","embeddable":true,"href":"https:\/\/madelinefashion.pl\/sk\/wp-json\/wp\/v2\/product_tag?post=67876"}],"curies":[{"name":"pracovn\u00fd list","href":"https:\/\/api.w.org\/{rel}","templated":true}]}}

Vianočný sveter sobov a snehových vločiek svetlosivý

<h3 style="text-align: center;">Vianočný sveter sobov a snehových vločiek svetlosivý</h3>
<p style="text-align: center;"><strong>Vianočný sveter </strong>je dokonalý návrh svetra na sviatočné obdobie.Tento krásny model je vyrobený z najkvalitnejšej priadze, ktorá vďaka precíznemu procesu spracovania dodáva jemnosť, jemnosť a maximálny komfort. <strong>Vianočný sveter</strong> v odporúčanej univerzálnej veľkosti <strong>Pán </strong>nosná veľkosť <strong>S, M, L, XL </strong>Pritiahne pozornosť a vy budete <strong>vyzerať úžasne</strong>. Skvelým návrhom je sveter s podobizňou soba Rudolfa<strong> blížiace sa sviatky. Naše sobie svetre</strong> je ideálnym návrhom na mikulášsky alebo vianočný darček. V našej predajni nájdete <strong>vianočné oblečenie</strong>vďaka tomu sa znova budete cítiť <strong>kúzlo Vianoc.</strong> <strong>Slávnostný charakter </strong>dobre poslúži aj na každodenné použitie<strong>, </strong>ako aj počas večere <strong>na Štedrý deň.  </strong>Ak máte ďalšie otázky k tomuto produktu, neváhajte nás kontaktovať telefonicky alebo cez Facebook. Univerzálna veľkosť odporúčaná pre ženy vo veľkosti SML XL</p>
<h3 style="text-align: center;">Rozmery svetra</h3>
<ul style="text-align: center;">
<li>Šírka od pazuchy po pazuchu 50-56 cm</li>
<li>Celková dĺžka: 71 cm</li>
<li>Dĺžka rukáva od podpazušia: 45 cm</li>
<li>Dĺžka rukáva od ramena: 61 cm</li>
<li>Šírka v spodnej časti: 46-57 cm</li>
</ul>
<p style="text-align: center;">Rozmery sa môžu mierne líšiť od uvedených +/- 2cm. Všetky uvedené rozmery sú merané plošne.<strong>  rozmer x2</strong></p>
<p>&nbsp;</p>
<p>&nbsp;</p>
<table width="485">
<tbody>
<tr>
<td width="302">Meno modela</td>
<td width="302">Vianočný sveter sobov a snehových vločiek</td>
</tr>
<tr>
<td width="302">Zbierka</td>
<td width="302">Jesenná zima</td>
</tr>
<tr>
<td width="302">veľkosti</td>
<td width="302">Univerzálny</td>
</tr>
<tr>
<td width="302">Zloženie</td>
<td width="302">60% Akryl 30%Moher %30 %Wełna</td>
</tr>
<tr>
<td width="302">Farba</td>
<td width="302">Svetlo sivá</td>
</tr>
<tr>
<td width="302">Hood</td>
<td width="302">Nedostatok</td>
</tr>
</tbody>
</table>
<p>&nbsp;</p>
<p>&nbsp;</p>
<p style="text-align: center;">Model má <strong>169</strong> cm vysoký, nosí veľkosť každý deň <strong>S</strong></p>
<p style="text-align: center;">Šírka cez prsia 92 cm</p>
<p style="text-align: center;">Šírka v páse 62 cm</p>
<p style="text-align: center;">Šírka v bokoch 94 cm</p>
<p style="text-align: center;">

<p>Svetlosivý vianočný sveter s motívom soba a snehovej vločky je perfektným svetrom na sviatočné obdobie. Tento krásny dizajn je vyrobený z najkvalitnejšej priadze, ktorá vďaka precíznemu spracovaniu dodáva mäkkosť, jemnosť a maximálne pohodlie. Tento vianočný sveter je dostupný v univerzálnej veľkosti odporúčanej pre ženy vo veľkostiach S, M, L, XL. Zaujme a dodá vám skvelý vzhľad.</p>
<div class="klb-readmore post-buttons"><a class="button black outline size-sm" href="https://madelinefashion.pl/sk/sweter-swiateczny-renifer-i-sniezynki-jasno-szary/">Čítať ďalej <i class="klbth-icon-right-arrow"></i></a></div>

pracovný list
