{"id":68669,"date":"2022-11-30T10:30:40","date_gmt":"2022-11-30T09:30:40","guid":{"rendered":"https:\/\/madelinefashion.pl\/?post_type=product&#038;p=68669"},"modified":"2026-03-07T13:46:52","modified_gmt":"2026-03-07T12:46:52","slug":"sukienka-cekinowa-z-wycieciem-w-talii-roxi-miedziana","status":"publish","type":"product","link":"https:\/\/madelinefashion.pl\/sk\/sukienka-cekinowa-z-wycieciem-w-talii-roxi-miedziana\/","title":{"rendered":"Flitrov\u00e9 \u0161aty s v\u00fdrezom v p\u00e1se Meden\u00e9 Roxi"},"content":{"rendered":"<h3 style=\"text-align: center;\">Flitrov\u00e9 \u0161aty s v\u00fdrezom v p\u00e1se Meden\u00e9 Roxi<\/h3>\n<p style=\"text-align: center;\">Kr\u00e1sne flitrov\u00e9 \u0161aty, priliehav\u00e9 na telo. Oble\u010dte si ho na \u0161peci\u00e1lnu pr\u00edle\u017eitos\u0165 a zabezpe\u010dte, aby okolo v\u00e1s nikto \u013eahostajne nepre\u0161iel. \u0160aty na jedno rameno s vykrojen\u00fdm p\u00e1som, v\u010faka ktor\u00fdm budete na p\u00e1rty vyzera\u0165 ako mili\u00f3n dol\u00e1rov. Ak h\u013ead\u00e1te \u0161aty, v ktor\u00fdch budete vy\u010dnieva\u0165 z davu, n\u00e1\u0161 najnov\u0161\u00ed model je vytvoren\u00fd \u0161peci\u00e1lne pre v\u00e1s! Sofistikovan\u00e1 a elegantn\u00e1, ur\u010dite si ukradne ka\u017ed\u00e9 srdce! Tieto \u0161aty s\u00fa hor\u00facim trendom tejto sez\u00f3ny! Nesmie ch\u00fdba\u0165 vo va\u0161om \u0161atn\u00edku! V kombin\u00e1cii s va\u0161imi ob\u013e\u00faben\u00fdmi vysok\u00fdmi op\u00e4tkami vytvor\u00edte jedine\u010dn\u00fd vzh\u013ead. \u0160aty maj\u00fa pod\u0161\u00edvku.\u00a0 <strong>Ve\u013ekos\u0165 je UNIVERZ\u00c1LNA\u00a0<\/strong>\u00a0odpor\u00fa\u010dan\u00e9 pre d\u00e1my nosiace XS,S,M,L\u00a0<strong>,<\/strong>\u00a0ale odpor\u00fa\u010dame\u00a0<strong>presn\u00e9 meranie\u00a0<\/strong>pod\u013ea ni\u017e\u0161ie uvedenej tabu\u013eky rozmerov. Dostupn\u00e9 na na\u0161om e-shope vo viacer\u00fdch farebn\u00fdch variantoch, tak nev\u00e1hajte a vyberte si t\u00fa, ktor\u00e1 je pre v\u00e1s ako stvoren\u00e1.<\/p>\n<h3 style=\"text-align: center;\">Rozmery \u0161iat<\/h3>\n<ul style=\"text-align: center;\">\n<li>celkov\u00e1 d\u013a\u017eka 95 cm<\/li>\n<li>\u0161\u00edrka od pazuchy po pazuchu: 34-40 cm<\/li>\n<li>\u0161\u00edrka bokov: 36-42 cm<\/li>\n<li>d\u013a\u017eka ruk\u00e1va od ramena: 60 cm<\/li>\n<li>d\u013a\u017eka ruk\u00e1va od pazuchy 43 cm<\/li>\n<li>d\u013a\u017eka v\u00fdrezu 10 cm<\/li>\n<li><\/li>\n<li><\/li>\n<\/ul>\n<p style=\"text-align: center;\">Rozmery sa m\u00f4\u017eu mierne l\u00ed\u0161i\u0165 od uveden\u00fdch +\/- 2cm. V\u0161etky uveden\u00e9 rozmery s\u00fa meran\u00e9 plo\u0161ne. <strong>rozmer x2<\/strong><\/p>\n<p>&nbsp;<\/p>\n<p align=\"center\"><em>- mini<\/em><\/p>\n<p align=\"center\"><em>- v\u00fdrez v p\u00e1se<\/em><\/p>\n<p align=\"center\"><em>- na jedno rameno\u00a0<\/em><\/p>\n<p align=\"center\"><em>- zap\u00edna sa na zips<\/em><\/p>\n<p align=\"center\"><em>- flitre<\/em><\/p>\n<p align=\"center\"><em>- osaden\u00e1<\/em><\/p>\n<p align=\"center\"><em>-\u017dena<\/em><\/p>\n<p align=\"center\"><em>-m\u00f3dne<\/em><\/p>\n<p style=\"text-align: center;\"><strong>\u00a0<\/strong><\/p>\n<table width=\"617\">\n<tbody>\n<tr>\n<td width=\"302\">Meno modela<\/td>\n<td width=\"302\">Roxi<\/td>\n<\/tr>\n<tr>\n<td width=\"302\">Farba<\/td>\n<td width=\"302\">Me\u010f<\/td>\n<\/tr>\n<tr>\n<td width=\"302\">Zbierka<\/td>\n<td width=\"302\">jese\u0148\/zima\/jar<\/td>\n<\/tr>\n<tr>\n<td width=\"302\">ve\u013ekosti<\/td>\n<td width=\"302\">Univerz\u00e1lny<\/td>\n<\/tr>\n<tr>\n<td width=\"302\">M\u00f3da<\/td>\n<td width=\"302\">Priliehav\u00fd \/ elastick\u00fd<\/td>\n<\/tr>\n<tr>\n<td width=\"302\">Materi\u00e1l<\/td>\n<td width=\"302\">95 % Polyester 5 % Elastan<\/td>\n<\/tr>\n<\/tbody>\n<\/table>\n<section class=\"page-product-box\">\n<div class=\"rte\">\n<p>&nbsp;<\/p>\n<p style=\"text-align: center;\">Model m\u00e1\u00a0<strong>169<\/strong>\u00a0cm vysok\u00fd, nos\u00ed ve\u013ekos\u0165 ka\u017ed\u00fd de\u0148\u00a0<strong>S<\/strong><\/p>\n<p style=\"text-align: center;\">\u0160\u00edrka cez prsia 92 cm<\/p>\n<p style=\"text-align: center;\">\u0160\u00edrka v p\u00e1se 62 cm<\/p>\n<p style=\"text-align: center;\">\u0160\u00edrka v bokoch 94 cm<\/p>\n<p style=\"text-align: center;\">\n<\/div>\n<\/section>","protected":false},"excerpt":{"rendered":"<p>Sukienka Cekinowa z Wyci\u0119ciem w Talii Roxi Miedziana Pi\u0119kna cekinowa sukienka, dopasowana do cia\u0142a. Za\u0142\u00f3\u017c j\u0105 na wyj\u0105tkow\u0105 okazj\u0119 i spraw, \u017ce nikt nie przejdzie obok Ciebie oboj\u0119tnie. Sukienka na jedno rami\u0119 z wyci\u0119ciem w tali co sprawi \u017ce b\u0119dziesz wygl\u0105da\u0107 jak milion dolar\u00f3w na imprezie. Je\u015bli szukasz sukienki dzi\u0119ki kt\u00f3rej wyr\u00f3\u017cnisz si\u0119 z t\u0142umu<\/p>\n<div class=\"klb-readmore post-buttons\"><a class=\"button black outline size-sm\" href=\"https:\/\/madelinefashion.pl\/sk\/sukienka-cekinowa-z-wycieciem-w-talii-roxi-miedziana\/\">\u010c\u00edta\u0165 \u010falej <i class=\"klbth-icon-right-arrow\"><\/i><\/a><\/div>","protected":false},"featured_media":68648,"template":"","meta":[],"product_brand":[],"product_cat":[124,558],"product_tag":[262],"class_list":{"0":"post-68669","1":"product","2":"type-product","3":"status-publish","4":"has-post-thumbnail","6":"product_cat-sukienki-okolicznosciowe","7":"product_cat-sukienki-cekinowe","8":"product_tag-sukienki-krotkie","10":"first","11":"instock","12":"sale","13":"purchasable","14":"product-type-simple"},"_links":{"self":[{"href":"https:\/\/madelinefashion.pl\/sk\/wp-json\/wp\/v2\/product\/68669","targetHints":{"allow":["GET"]}}],"collection":[{"href":"https:\/\/madelinefashion.pl\/sk\/wp-json\/wp\/v2\/product"}],"about":[{"href":"https:\/\/madelinefashion.pl\/sk\/wp-json\/wp\/v2\/types\/product"}],"wp:featuredmedia":[{"embeddable":true,"href":"https:\/\/madelinefashion.pl\/sk\/wp-json\/wp\/v2\/media\/68648"}],"wp:attachment":[{"href":"https:\/\/madelinefashion.pl\/sk\/wp-json\/wp\/v2\/media?parent=68669"}],"wp:term":[{"taxonomy":"product_brand","embeddable":true,"href":"https:\/\/madelinefashion.pl\/sk\/wp-json\/wp\/v2\/product_brand?post=68669"},{"taxonomy":"product_cat","embeddable":true,"href":"https:\/\/madelinefashion.pl\/sk\/wp-json\/wp\/v2\/product_cat?post=68669"},{"taxonomy":"product_tag","embeddable":true,"href":"https:\/\/madelinefashion.pl\/sk\/wp-json\/wp\/v2\/product_tag?post=68669"}],"curies":[{"name":"pracovn\u00fd list","href":"https:\/\/api.w.org\/{rel}","templated":true}]}}

Flitrové šaty s výrezom v páse Medené Roxi

<h3 style="text-align: center;">Flitrové šaty s výrezom v páse Medené Roxi</h3>
<p style="text-align: center;">Krásne flitrové šaty, priliehavé na telo. Oblečte si ho na špeciálnu príležitosť a zabezpečte, aby okolo vás nikto ľahostajne neprešiel. Šaty na jedno rameno s vykrojeným pásom, vďaka ktorým budete na párty vyzerať ako milión dolárov. Ak hľadáte šaty, v ktorých budete vyčnievať z davu, náš najnovší model je vytvorený špeciálne pre vás! Sofistikovaná a elegantná, určite si ukradne každé srdce! Tieto šaty sú horúcim trendom tejto sezóny! Nesmie chýbať vo vašom šatníku! V kombinácii s vašimi obľúbenými vysokými opätkami vytvoríte jedinečný vzhľad. Šaty majú podšívku.  <strong>Veľkosť je UNIVERZÁLNA </strong> odporúčané pre dámy nosiace XS,S,M,L <strong>,</strong> ale odporúčame <strong>presné meranie </strong>podľa nižšie uvedenej tabuľky rozmerov. Dostupné na našom e-shope vo viacerých farebných variantoch, tak neváhajte a vyberte si tú, ktorá je pre vás ako stvorená.</p>
<h3 style="text-align: center;">Rozmery šiat</h3>
<ul style="text-align: center;">
<li>celková dĺžka 95 cm</li>
<li>šírka od pazuchy po pazuchu: 34-40 cm</li>
<li>šírka bokov: 36-42 cm</li>
<li>dĺžka rukáva od ramena: 60 cm</li>
<li>dĺžka rukáva od pazuchy 43 cm</li>
<li>dĺžka výrezu 10 cm</li>
<li></li>
<li></li>
</ul>
<p style="text-align: center;">Rozmery sa môžu mierne líšiť od uvedených +/- 2cm. Všetky uvedené rozmery sú merané plošne. <strong>rozmer x2</strong></p>
<p>&nbsp;</p>
<p align="center"><em>- mini</em></p>
<p align="center"><em>- výrez v páse</em></p>
<p align="center"><em>- na jedno rameno </em></p>
<p align="center"><em>- zapína sa na zips</em></p>
<p align="center"><em>- flitre</em></p>
<p align="center"><em>- osadená</em></p>
<p align="center"><em>-Žena</em></p>
<p align="center"><em>-módne</em></p>
<p style="text-align: center;"><strong> </strong></p>
<table width="617">
<tbody>
<tr>
<td width="302">Meno modela</td>
<td width="302">Roxi</td>
</tr>
<tr>
<td width="302">Farba</td>
<td width="302">Meď</td>
</tr>
<tr>
<td width="302">Zbierka</td>
<td width="302">jeseň/zima/jar</td>
</tr>
<tr>
<td width="302">veľkosti</td>
<td width="302">Univerzálny</td>
</tr>
<tr>
<td width="302">Móda</td>
<td width="302">Priliehavý / elastický</td>
</tr>
<tr>
<td width="302">Materiál</td>
<td width="302">95 % Polyester 5 % Elastan</td>
</tr>
</tbody>
</table>
<section class="page-product-box">
<div class="rte">
<p>&nbsp;</p>
<p style="text-align: center;">Model má <strong>169</strong> cm vysoký, nosí veľkosť každý deň <strong>S</strong></p>
<p style="text-align: center;">Šírka cez prsia 92 cm</p>
<p style="text-align: center;">Šírka v páse 62 cm</p>
<p style="text-align: center;">Šírka v bokoch 94 cm</p>
<p style="text-align: center;">
</div>
</section>

<p>Sukienka Cekinowa z Wycięciem w Talii Roxi Miedziana Piękna cekinowa sukienka, dopasowana do ciała. Załóż ją na wyjątkową okazję i spraw, że nikt nie przejdzie obok Ciebie obojętnie. Sukienka na jedno ramię z wycięciem w tali co sprawi że będziesz wyglądać jak milion dolarów na imprezie. Jeśli szukasz sukienki dzięki której wyróżnisz się z tłumu</p>
<div class="klb-readmore post-buttons"><a class="button black outline size-sm" href="https://madelinefashion.pl/sk/sukienka-cekinowa-z-wycieciem-w-talii-roxi-miedziana/">Čítať ďalej <i class="klbth-icon-right-arrow"></i></a></div>

pracovný list
