{"id":68792,"date":"2022-11-30T13:23:15","date_gmt":"2022-11-30T12:23:15","guid":{"rendered":"https:\/\/madelinefashion.pl\/?post_type=product&#038;p=68792"},"modified":"2026-03-07T13:46:52","modified_gmt":"2026-03-07T12:46:52","slug":"sukienka-cekinowa-z-piorkami-cristiana-zlota","status":"publish","type":"product","link":"https:\/\/madelinefashion.pl\/sk\/sukienka-cekinowa-z-piorkami-cristiana-zlota\/","title":{"rendered":"Flitrov\u00e9 \u0161aty s per\u00edm Cristian Gold"},"content":{"rendered":"<h3 style=\"text-align: center;\">Flitrov\u00e9 \u0161aty s per\u00edm Cristian Gold<\/h3>\n<p style=\"text-align: center;\">N\u00e1dhern\u00e9 flitrov\u00e9 \u0161aty, priliehaj\u00face na telo ozdobn\u00fdmi pierkami na ramen\u00e1ch. Oble\u010dte si ho na \u0161peci\u00e1lnu pr\u00edle\u017eitos\u0165 a zabezpe\u010dte, aby okolo v\u00e1s nikto \u013eahostajne nepre\u0161iel. \u0160aty bez ramienok s kr\u00e1snym v\u00fdstrihom do V, \u0161aty maj\u00fa v p\u00e1se gumu, ktor\u00e1 kr\u00e1sne zv\u00fdrazn\u00ed \u017eensk\u00e9 tvary. <strong>Ve\u013ekos\u0165 je UNIVERZ\u00c1LNA\u00a0<\/strong>\u00a0odpor\u00fa\u010dan\u00e9 pre d\u00e1my nosiace XS,S,M,L\u00a0<strong>,<\/strong>\u00a0ale odpor\u00fa\u010dame\u00a0<strong>presn\u00e9 meranie\u00a0<\/strong>pod\u013ea ni\u017e\u0161ie uvedenej tabu\u013eky rozmerov. Dostupn\u00e9 na na\u0161om e-shope vo viacer\u00fdch farebn\u00fdch variantoch, tak nev\u00e1hajte a vyberte si t\u00fa, ktor\u00e1 je pre v\u00e1s ako stvoren\u00e1.<\/p>\n<h3 style=\"text-align: center;\">Rozmery \u0161iat<\/h3>\n<ul>\n<li style=\"text-align: center;\">celkov\u00e1 d\u013a\u017eka: 87 cm<\/li>\n<li style=\"text-align: center;\">\u0161\u00edrka od pazuchy po pazuchu: 31 - 46 cm<\/li>\n<li style=\"text-align: center;\">\u0161\u00edrka p\u00e1sa: 32 \u2013 42 (elastick\u00fd)<\/li>\n<li style=\"text-align: center;\"><\/li>\n<\/ul>\n<p>&nbsp;<\/p>\n<p style=\"text-align: center;\">Rozmery sa m\u00f4\u017eu mierne l\u00ed\u0161i\u0165 od uveden\u00fdch +\/- 2cm. V\u0161etky uveden\u00e9 rozmery s\u00fa meran\u00e9 plo\u0161ne. rozmer x2<\/p>\n<p style=\"text-align: center;\"><strong>\u00a0<\/strong><\/p>\n<table style=\"height: 197px;\" width=\"662\">\n<tbody>\n<tr>\n<td width=\"302\">Meno modela<\/td>\n<td width=\"302\">\u0160aty Cristian sequin s per\u00edm<\/td>\n<\/tr>\n<tr>\n<td width=\"302\">Farba<\/td>\n<td width=\"302\">Zlat\u00fd<\/td>\n<\/tr>\n<tr>\n<td width=\"302\">Zbierka<\/td>\n<td width=\"302\">jese\u0148\/zima\/jar\/leto<\/td>\n<\/tr>\n<tr>\n<td width=\"302\">ve\u013ekosti<\/td>\n<td width=\"302\">Univerz\u00e1lny<\/td>\n<\/tr>\n<tr>\n<td width=\"302\">M\u00f3da<\/td>\n<td width=\"302\">Priliehav\u00e9 \/ Elastick\u00e9 \/ Asymetrick\u00e9<\/td>\n<\/tr>\n<tr>\n<td width=\"302\">Dekor\u00e1cia<\/td>\n<td width=\"302\">Flitre<\/td>\n<\/tr>\n<\/tbody>\n<\/table>\n<p>&nbsp;<\/p>\n<section class=\"page-product-box\">\n<div class=\"rte\">\n<p style=\"text-align: center;\">Model m\u00e1\u00a0<strong>169<\/strong>\u00a0cm vysok\u00fd, nos\u00ed ve\u013ekos\u0165 ka\u017ed\u00fd de\u0148\u00a0<strong>S<\/strong><\/p>\n<p style=\"text-align: center;\">\u0160\u00edrka cez prsia 92 cm<\/p>\n<p style=\"text-align: center;\">\u0160\u00edrka v p\u00e1se 62 cm<\/p>\n<p style=\"text-align: center;\">\u0160\u00edrka v bokoch 94 cm<\/p>\n<p>&nbsp;<\/p>\n<p style=\"text-align: center;\">\n<\/div>\n<\/section>","protected":false},"excerpt":{"rendered":"<p>Zlat\u00e9 flitrovan\u00e9 \u0161aty Cristiana s pierkami. Kr\u00e1sne flitrovan\u00e9 \u0161aty, priliehav\u00e9 k telu s ozdobn\u00fdmi pierkami na ramen\u00e1ch. Oble\u010dte si ich na \u0161peci\u00e1lnu pr\u00edle\u017eitos\u0165 a nechajte nikoho \u013eahostajne prehliadnu\u0165 okolo seba. Tieto \u0161aty bez ramienok s kr\u00e1snym v\u00fdstrihom do V maj\u00fa elastick\u00fd p\u00e1s, ktor\u00fd kr\u00e1sne zv\u00fdraz\u0148uje \u017eensk\u00e9 krivky. Univerz\u00e1lna ve\u013ekos\u0165, odpor\u00fa\u010dan\u00e1 pre \u017eeny vo ve\u013ekostiach XS, S, M a L, ale<\/p>\n<div class=\"klb-readmore post-buttons\"><a class=\"button black outline size-sm\" href=\"https:\/\/madelinefashion.pl\/sk\/sukienka-cekinowa-z-piorkami-cristiana-zlota\/\">\u010c\u00edta\u0165 \u010falej <i class=\"klbth-icon-right-arrow\"><\/i><\/a><\/div>","protected":false},"featured_media":68786,"template":"","meta":[],"product_brand":[],"product_cat":[80,124,395,558],"product_tag":[262],"class_list":{"0":"post-68792","1":"product","2":"type-product","3":"status-publish","4":"has-post-thumbnail","6":"product_cat-sukienki-i-kombinezony","7":"product_cat-sukienki-okolicznosciowe","8":"product_cat-nowosci","9":"product_cat-sukienki-cekinowe","10":"product_tag-sukienki-krotkie","12":"first","13":"instock","14":"sale","15":"purchasable","16":"product-type-simple"},"_links":{"self":[{"href":"https:\/\/madelinefashion.pl\/sk\/wp-json\/wp\/v2\/product\/68792","targetHints":{"allow":["GET"]}}],"collection":[{"href":"https:\/\/madelinefashion.pl\/sk\/wp-json\/wp\/v2\/product"}],"about":[{"href":"https:\/\/madelinefashion.pl\/sk\/wp-json\/wp\/v2\/types\/product"}],"wp:featuredmedia":[{"embeddable":true,"href":"https:\/\/madelinefashion.pl\/sk\/wp-json\/wp\/v2\/media\/68786"}],"wp:attachment":[{"href":"https:\/\/madelinefashion.pl\/sk\/wp-json\/wp\/v2\/media?parent=68792"}],"wp:term":[{"taxonomy":"product_brand","embeddable":true,"href":"https:\/\/madelinefashion.pl\/sk\/wp-json\/wp\/v2\/product_brand?post=68792"},{"taxonomy":"product_cat","embeddable":true,"href":"https:\/\/madelinefashion.pl\/sk\/wp-json\/wp\/v2\/product_cat?post=68792"},{"taxonomy":"product_tag","embeddable":true,"href":"https:\/\/madelinefashion.pl\/sk\/wp-json\/wp\/v2\/product_tag?post=68792"}],"curies":[{"name":"pracovn\u00fd list","href":"https:\/\/api.w.org\/{rel}","templated":true}]}}

Flitrové šaty s perím Cristian Gold

<h3 style="text-align: center;">Flitrové šaty s perím Cristian Gold</h3>
<p style="text-align: center;">Nádherné flitrové šaty, priliehajúce na telo ozdobnými pierkami na ramenách. Oblečte si ho na špeciálnu príležitosť a zabezpečte, aby okolo vás nikto ľahostajne neprešiel. Šaty bez ramienok s krásnym výstrihom do V, šaty majú v páse gumu, ktorá krásne zvýrazní ženské tvary. <strong>Veľkosť je UNIVERZÁLNA </strong> odporúčané pre dámy nosiace XS,S,M,L <strong>,</strong> ale odporúčame <strong>presné meranie </strong>podľa nižšie uvedenej tabuľky rozmerov. Dostupné na našom e-shope vo viacerých farebných variantoch, tak neváhajte a vyberte si tú, ktorá je pre vás ako stvorená.</p>
<h3 style="text-align: center;">Rozmery šiat</h3>
<ul>
<li style="text-align: center;">celková dĺžka: 87 cm</li>
<li style="text-align: center;">šírka od pazuchy po pazuchu: 31 - 46 cm</li>
<li style="text-align: center;">šírka pása: 32 – 42 (elastický)</li>
<li style="text-align: center;"></li>
</ul>
<p>&nbsp;</p>
<p style="text-align: center;">Rozmery sa môžu mierne líšiť od uvedených +/- 2cm. Všetky uvedené rozmery sú merané plošne. rozmer x2</p>
<p style="text-align: center;"><strong> </strong></p>
<table style="height: 197px;" width="662">
<tbody>
<tr>
<td width="302">Meno modela</td>
<td width="302">Šaty Cristian sequin s perím</td>
</tr>
<tr>
<td width="302">Farba</td>
<td width="302">Zlatý</td>
</tr>
<tr>
<td width="302">Zbierka</td>
<td width="302">jeseň/zima/jar/leto</td>
</tr>
<tr>
<td width="302">veľkosti</td>
<td width="302">Univerzálny</td>
</tr>
<tr>
<td width="302">Móda</td>
<td width="302">Priliehavé / Elastické / Asymetrické</td>
</tr>
<tr>
<td width="302">Dekorácia</td>
<td width="302">Flitre</td>
</tr>
</tbody>
</table>
<p>&nbsp;</p>
<section class="page-product-box">
<div class="rte">
<p style="text-align: center;">Model má <strong>169</strong> cm vysoký, nosí veľkosť každý deň <strong>S</strong></p>
<p style="text-align: center;">Šírka cez prsia 92 cm</p>
<p style="text-align: center;">Šírka v páse 62 cm</p>
<p style="text-align: center;">Šírka v bokoch 94 cm</p>
<p>&nbsp;</p>
<p style="text-align: center;">
</div>
</section>

<p>Zlaté flitrované šaty Cristiana s pierkami. Krásne flitrované šaty, priliehavé k telu s ozdobnými pierkami na ramenách. Oblečte si ich na špeciálnu príležitosť a nechajte nikoho ľahostajne prehliadnuť okolo seba. Tieto šaty bez ramienok s krásnym výstrihom do V majú elastický pás, ktorý krásne zvýrazňuje ženské krivky. Univerzálna veľkosť, odporúčaná pre ženy vo veľkostiach XS, S, M a L, ale</p>
<div class="klb-readmore post-buttons"><a class="button black outline size-sm" href="https://madelinefashion.pl/sk/sukienka-cekinowa-z-piorkami-cristiana-zlota/">Čítať ďalej <i class="klbth-icon-right-arrow"></i></a></div>

pracovný list
