{"id":69065,"date":"2022-12-01T14:01:35","date_gmt":"2022-12-01T13:01:35","guid":{"rendered":"https:\/\/madelinefashion.pl\/?post_type=product&#038;p=69065"},"modified":"2025-04-03T22:11:50","modified_gmt":"2025-04-03T20:11:50","slug":"elegancki-kombinezon-cekinowy-na-ramiaczkach-velvet-czarny","status":"publish","type":"product","link":"https:\/\/madelinefashion.pl\/sk\/elegancki-kombinezon-cekinowy-na-ramiaczkach-velvet-czarny\/","title":{"rendered":"Elegantn\u00fd flitrovan\u00fd overal s ramienkami, zamatov\u00fd, \u010dierny"},"content":{"rendered":"<h3 style=\"text-align: center;\">Elegantn\u00fd flitrovan\u00fd overal s ramienkami, zamatov\u00fd, \u010dierny<\/h3>\n<p style=\"text-align: center;\"><strong>Elegantn\u00fd flitrovan\u00fd overal so zavinovac\u00edm v\u00fdstrihom zo zamatu<\/strong>\u00a0 je perfektnou vo\u013ebou pre \u017eeny, ktor\u00e9 sa c\u00edtia lep\u0161ie v nohaviciach ako v \u0161at\u00e1ch. Jedine\u010dn\u00fd strih kombinuje pohodlie, extravaganciu a le\u017e\u00e9rny charakter. Overal je ide\u00e1lny na ve\u013ek\u00fd ve\u010dern\u00fd v\u00fdlet, narodeniny alebo karnevalov\u00fa p\u00e1rty. Overal je vyroben\u00fd z flitrovanej l\u00e1tky (m\u00e1 elastick\u00fa pod\u0161\u00edvku). Ob\u00e1lkov\u00fd v\u00fdstrih (m\u00f4\u017eeme ho jemne u\u0161i\u0165 kamko\u013evek). Zamatov\u00fd overal je perfektnou vo\u013ebou pre v\u0161etky pr\u00edle\u017eitosti, kde chcete za\u017eiari\u0165 a vy\u010dnieva\u0165 z davu. Perfektn\u00e1 vo\u013eba na svadbu, svadobn\u00fa hostinu, rodinn\u00e9 oslavy a bankety. <strong> Dungarees<\/strong><strong><span lang=\"pl-pl\" xml:lang=\"pl-pl\"> je vyroben\u00e1 z \u013eahk\u00e9ho materi\u00e1lu, v\u010faka \u010domu sa v nej budete c\u00edti\u0165 pohodlne.\u00a0 <\/span><\/strong><span lang=\"pl-pl\" xml:lang=\"pl-pl\">V na\u0161om obchode dostupn\u00e9 vo viacer\u00fdch farebn\u00fdch variantoch. Odpor\u00fa\u010dan\u00e9 pre \u017eeny vo ve\u013ekostiach XS-SML.<\/span><\/p>\n<h3 style=\"text-align: center;\">Rozmery:<\/h3>\n<ul style=\"text-align: center;\">\n<li><span style=\"font-size: 10pt;\">\u00a0\u00a0\u00a0\u00a0\u00a0\u00a0\u00a0 celkov\u00e1 d\u013a\u017eka: 143 cm<\/span><\/li>\n<li><span style=\"font-size: 10pt;\">\u00a0\u00a0\u00a0\u00a0\u00a0\u00a0\u00a0 \u0161\u00edrka od pazuchy k pazuche: 51-56 cm<\/span><\/li>\n<li><span style=\"font-size: 10pt;\">\u00a0\u00a0\u00a0\u00a0\u00a0\u00a0\u00a0 \u0161\u00edrka p\u00e1su 34-47 cm (guma)<br \/>\n\u0161\u00edrka bokov 41 \u2013 50 cm<br \/>\n<\/span><\/li>\n<li><span style=\"font-size: 10pt;\">\u00a0\u00a0\u00a0\u00a0\u00a0\u00a0\u00a0 d\u013a\u017eka nohav\u00edc od rozkroku: 71 cm<\/span><\/li>\n<li><\/li>\n<\/ul>\n<p style=\"text-align: center;\"><span style=\"vertical-align: inherit;\">Rozmery sa m\u00f4\u017eu l\u00ed\u0161i\u0165 od uveden\u00fdch +\/- 2cm. V\u0161etky uveden\u00e9 rozmery s\u00fa meran\u00e9 plo\u0161ne. rozmer x2<\/span><\/p>\n<p style=\"text-align: center;\"><span style=\"font-size: 10pt;\"><strong>\u00a0<\/strong>\u00a0<\/span><\/p>\n<p>&nbsp;<\/p>\n<table style=\"height: 166px;\" width=\"670\">\n<tbody>\n<tr>\n<td width=\"302\"><span style=\"font-size: 10pt;\">Meno modela<\/span><\/td>\n<td width=\"302\">Elegantn\u00fd flitrovan\u00fd overal s ramienkami zo zamatu<\/td>\n<\/tr>\n<tr>\n<td width=\"302\"><span style=\"font-size: 10pt;\">Farba<\/span><\/td>\n<td width=\"302\"><span style=\"font-size: 10pt;\">\u010dierna<\/span><\/td>\n<\/tr>\n<tr>\n<td width=\"302\"><span style=\"font-size: 10pt;\">M\u00f3da<\/span><\/td>\n<td width=\"302\"><span style=\"font-size: 13.3333px;\">Elegantn\u00fd<\/span><\/td>\n<\/tr>\n<tr>\n<td width=\"302\"><span style=\"font-size: 10pt;\">Materi\u00e1l<\/span><\/td>\n<td width=\"302\"><span style=\"font-size: 10pt;\">50 %Polyester 45% Visk\u00f3za 5 % Elastan\u00a0<\/span><\/td>\n<\/tr>\n<tr>\n<td width=\"302\"><span style=\"font-size: 10pt;\">D\u013a\u017eka<\/span><\/td>\n<td width=\"302\"><span style=\"font-size: 13.3333px;\">maxi<\/span><\/td>\n<\/tr>\n<\/tbody>\n<\/table>\n<p style=\"text-align: center;\">Model m\u00e1\u00a0<strong>169<\/strong>\u00a0cm vysok\u00fd, nos\u00ed ve\u013ekos\u0165 ka\u017ed\u00fd de\u0148\u00a0<strong>S<\/strong><\/p>\n<p style=\"text-align: center;\">\u0160\u00edrka hrudn\u00edka 91 cm<\/p>\n<p style=\"text-align: center;\">\u0160\u00edrka p\u00e1su 71 cm<\/p>\n<p style=\"text-align: center;\">\u0160\u00edrka bokov 96 cm<\/p>\n<div class=\"additional-details\" style=\"text-align: center;\">\n<p style=\"text-align: center;\"><span style=\"font-size: 10pt;\">\u00a0<\/span><\/p>\n<\/div>","protected":false},"excerpt":{"rendered":"<p>Elegancki Kombinezon Cekinowy Na Rami\u0105czkach Velvet Czarny Elegancki Kombinezon Cekinowy Kopertowy Dekolt Velvet\u00a0 jest idealn\u0105 opcj\u0105 dla Pa\u0144, kt\u00f3re lepiej czuj\u0105 si\u0119 w spodniach ni\u017c w sukience Unikatowy kr\u00f3j \u0142\u0105czy w sobie wygod\u0119, ekstrawagancj\u0119 i lu\u017any charakter Kombinezon idealny na wielkie wyj\u015bcie, urodziny, czy imprez\u0119 karnawa\u0142ow\u0105 Kombinezon wykonany z tkaniny wyszywanej cekinami (posiada elastyczn\u0105 podszewk\u0119)\u00a0<\/p>\n<div class=\"klb-readmore post-buttons\"><a class=\"button black outline size-sm\" href=\"https:\/\/madelinefashion.pl\/sk\/elegancki-kombinezon-cekinowy-na-ramiaczkach-velvet-czarny\/\">\u010c\u00edta\u0165 \u010falej <i class=\"klbth-icon-right-arrow\"><\/i><\/a><\/div>","protected":false},"featured_media":111600,"template":"","meta":[],"product_brand":[],"product_cat":[80],"product_tag":[297,504],"class_list":{"0":"post-69065","1":"product","2":"type-product","3":"status-publish","4":"has-post-thumbnail","6":"product_cat-sukienki-i-kombinezony","7":"product_tag-kombinezony","8":"product_tag-party-time","10":"first","11":"outofstock","12":"purchasable","13":"product-type-simple"},"_links":{"self":[{"href":"https:\/\/madelinefashion.pl\/sk\/wp-json\/wp\/v2\/product\/69065","targetHints":{"allow":["GET"]}}],"collection":[{"href":"https:\/\/madelinefashion.pl\/sk\/wp-json\/wp\/v2\/product"}],"about":[{"href":"https:\/\/madelinefashion.pl\/sk\/wp-json\/wp\/v2\/types\/product"}],"wp:featuredmedia":[{"embeddable":true,"href":"https:\/\/madelinefashion.pl\/sk\/wp-json\/wp\/v2\/media\/111600"}],"wp:attachment":[{"href":"https:\/\/madelinefashion.pl\/sk\/wp-json\/wp\/v2\/media?parent=69065"}],"wp:term":[{"taxonomy":"product_brand","embeddable":true,"href":"https:\/\/madelinefashion.pl\/sk\/wp-json\/wp\/v2\/product_brand?post=69065"},{"taxonomy":"product_cat","embeddable":true,"href":"https:\/\/madelinefashion.pl\/sk\/wp-json\/wp\/v2\/product_cat?post=69065"},{"taxonomy":"product_tag","embeddable":true,"href":"https:\/\/madelinefashion.pl\/sk\/wp-json\/wp\/v2\/product_tag?post=69065"}],"curies":[{"name":"pracovn\u00fd list","href":"https:\/\/api.w.org\/{rel}","templated":true}]}}

Elegantný flitrovaný overal s ramienkami, zamatový, čierny

<h3 style="text-align: center;">Elegantný flitrovaný overal s ramienkami, zamatový, čierny</h3>
<p style="text-align: center;"><strong>Elegantný flitrovaný overal so zavinovacím výstrihom zo zamatu</strong>  je perfektnou voľbou pre ženy, ktoré sa cítia lepšie v nohaviciach ako v šatách. Jedinečný strih kombinuje pohodlie, extravaganciu a ležérny charakter. Overal je ideálny na veľký večerný výlet, narodeniny alebo karnevalovú párty. Overal je vyrobený z flitrovanej látky (má elastickú podšívku). Obálkový výstrih (môžeme ho jemne ušiť kamkoľvek). Zamatový overal je perfektnou voľbou pre všetky príležitosti, kde chcete zažiariť a vyčnievať z davu. Perfektná voľba na svadbu, svadobnú hostinu, rodinné oslavy a bankety. <strong> Dungarees</strong><strong><span lang="pl-pl" xml:lang="pl-pl"> je vyrobená z ľahkého materiálu, vďaka čomu sa v nej budete cítiť pohodlne.  </span></strong><span lang="pl-pl" xml:lang="pl-pl">V našom obchode dostupné vo viacerých farebných variantoch. Odporúčané pre ženy vo veľkostiach XS-SML.</span></p>
<h3 style="text-align: center;">Rozmery:</h3>
<ul style="text-align: center;">
<li><span style="font-size: 10pt;">        celková dĺžka: 143 cm</span></li>
<li><span style="font-size: 10pt;">        šírka od pazuchy k pazuche: 51-56 cm</span></li>
<li><span style="font-size: 10pt;">        šírka pásu 34-47 cm (guma)<br />
šírka bokov 41 – 50 cm<br />
</span></li>
<li><span style="font-size: 10pt;">        dĺžka nohavíc od rozkroku: 71 cm</span></li>
<li></li>
</ul>
<p style="text-align: center;"><span style="vertical-align: inherit;">Rozmery sa môžu líšiť od uvedených +/- 2cm. Všetky uvedené rozmery sú merané plošne. rozmer x2</span></p>
<p style="text-align: center;"><span style="font-size: 10pt;"><strong> </strong> </span></p>
<p>&nbsp;</p>
<table style="height: 166px;" width="670">
<tbody>
<tr>
<td width="302"><span style="font-size: 10pt;">Meno modela</span></td>
<td width="302">Elegantný flitrovaný overal s ramienkami zo zamatu</td>
</tr>
<tr>
<td width="302"><span style="font-size: 10pt;">Farba</span></td>
<td width="302"><span style="font-size: 10pt;">čierna</span></td>
</tr>
<tr>
<td width="302"><span style="font-size: 10pt;">Móda</span></td>
<td width="302"><span style="font-size: 13.3333px;">Elegantný</span></td>
</tr>
<tr>
<td width="302"><span style="font-size: 10pt;">Materiál</span></td>
<td width="302"><span style="font-size: 10pt;">50 %Polyester 45% Viskóza 5 % Elastan </span></td>
</tr>
<tr>
<td width="302"><span style="font-size: 10pt;">Dĺžka</span></td>
<td width="302"><span style="font-size: 13.3333px;">maxi</span></td>
</tr>
</tbody>
</table>
<p style="text-align: center;">Model má <strong>169</strong> cm vysoký, nosí veľkosť každý deň <strong>S</strong></p>
<p style="text-align: center;">Šírka hrudníka 91 cm</p>
<p style="text-align: center;">Šírka pásu 71 cm</p>
<p style="text-align: center;">Šírka bokov 96 cm</p>
<div class="additional-details" style="text-align: center;">
<p style="text-align: center;"><span style="font-size: 10pt;"> </span></p>
</div>

<p>Elegancki Kombinezon Cekinowy Na Ramiączkach Velvet Czarny Elegancki Kombinezon Cekinowy Kopertowy Dekolt Velvet  jest idealną opcją dla Pań, które lepiej czują się w spodniach niż w sukience Unikatowy krój łączy w sobie wygodę, ekstrawagancję i luźny charakter Kombinezon idealny na wielkie wyjście, urodziny, czy imprezę karnawałową Kombinezon wykonany z tkaniny wyszywanej cekinami (posiada elastyczną podszewkę) </p>
<div class="klb-readmore post-buttons"><a class="button black outline size-sm" href="https://madelinefashion.pl/sk/elegancki-kombinezon-cekinowy-na-ramiaczkach-velvet-czarny/">Čítať ďalej <i class="klbth-icon-right-arrow"></i></a></div>

pracovný list
