{"id":69272,"date":"2022-12-02T13:18:13","date_gmt":"2022-12-02T12:18:13","guid":{"rendered":"https:\/\/madelinefashion.pl\/?post_type=product&#038;p=69272"},"modified":"2026-03-01T12:58:23","modified_gmt":"2026-03-01T11:58:23","slug":"opaska-z-alpaki-z-wezelkiem-bezowa","status":"publish","type":"product","link":"https:\/\/madelinefashion.pl\/sk\/opaska-z-alpaki-z-wezelkiem-bezowa\/","title":{"rendered":"\u010celenka s alpakov\u00fdm uzlom b\u00e9\u017eov\u00e1"},"content":{"rendered":"<h3 style=\"text-align: center;\">\u010celenka s alpakov\u00fdm uzlom b\u00e9\u017eov\u00e1<\/h3>\n<p style=\"text-align: center;\"><b>\u010celenka z alpaky s uzlom PO\u013dSK\u00c1 V\u00ddROBA !!<\/b>Skvel\u00e1 \u010delenka na \u010dele chr\u00e1ni u\u0161i pred vetrom. \u010celenka je hladk\u00e1, s materi\u00e1lom pripom\u00ednaj\u00facim alpaku. Ide\u00e1lne na jesenn\u00e9 a zimn\u00e9 dni<\/p>\n<form id=\"projector_form\" class=\"projector_details disable\" action=\"https:\/\/www.sklep.kochamczapki.pl\/pl\/basketchange.html\" method=\"post\" data-product_id=\"9107\" data-type=\"product_item\">\n<div class=\"projector_details__wrapper\">\n<div id=\"projector_prices_wrapper\" class=\"projector_details__prices projector_prices\"><\/div>\n<\/div>\n<\/form>\n<ul>\n<li style=\"text-align: center;\"><\/li>\n<li style=\"text-align: center;\">pohodln\u00e9, netla\u010d\u00ed na hlavu,<\/li>\n<li style=\"text-align: center;\">\u0161\u00edrka p\u00e1sika: 9,5 cm<\/li>\n<li style=\"text-align: center;\">ve\u013ea farebn\u00fdch variantov<\/li>\n<\/ul>\n<p>&nbsp;<\/p>\n<p>&nbsp;<\/p>\n<table width=\"611\">\n<tbody>\n<tr>\n<td width=\"302\">Model<\/td>\n<td width=\"302\">\u010celenka z alpaky s uzlom<\/td>\n<\/tr>\n<tr>\n<td width=\"302\">Farba<\/td>\n<td width=\"302\">Bez<\/td>\n<\/tr>\n<tr>\n<td width=\"302\">Zbierka<\/td>\n<td width=\"302\">jar\/jese\u0148\/zima<\/td>\n<\/tr>\n<tr>\n<td width=\"302\">ve\u013ekosti<\/td>\n<td width=\"302\">Univerz\u00e1lny<\/td>\n<\/tr>\n<tr>\n<td width=\"302\">Materi\u00e1l<\/td>\n<td width=\"302\">100% akryl<\/td>\n<\/tr>\n<tr>\n<td width=\"302\">izolovan\u00e9<\/td>\n<td width=\"302\">Alpaka<\/td>\n<\/tr>\n<tr>\n<td width=\"302\"><\/td>\n<td width=\"302\"><\/td>\n<\/tr>\n<\/tbody>\n<\/table>\n<p style=\"text-align: center;\">","protected":false},"excerpt":{"rendered":"<p>Opaska z Alpaki Z W\u0119ze\u0142kiem Be\u017cowa Opaska z Alpaki Z W\u0119ze\u0142kiem\u00a0 POLSKIEJ PRODUKCJI !!\u015awietna opaska zak\u0142adana na czo\u0142o, chroni uszy przed wiatrem. Opaska g\u0142adka, materia\u0142em przypominaj\u0105ca alpak\u0119. Idealna na jesienne i zimowe dni wygodna, nie uciska g\u0142owy, szeroko\u015b\u0107 opaski : 9,5 cm wiele wariant\u00f3w kolorystycznych &nbsp; &nbsp; Model Opaska z Alpaki Z W\u0119ze\u0142kiem Kolor Be\u017c<\/p>\n<div class=\"klb-readmore post-buttons\"><a class=\"button black outline size-sm\" href=\"https:\/\/madelinefashion.pl\/sk\/opaska-z-alpaki-z-wezelkiem-bezowa\/\">\u010c\u00edta\u0165 \u010falej <i class=\"klbth-icon-right-arrow\"><\/i><\/a><\/div>","protected":false},"featured_media":69247,"template":"","meta":[],"product_brand":[],"product_cat":[113],"product_tag":[],"class_list":{"0":"post-69272","1":"product","2":"type-product","3":"status-publish","4":"has-post-thumbnail","6":"product_cat-dodatki","8":"first","9":"instock","10":"sale","11":"purchasable","12":"product-type-simple"},"_links":{"self":[{"href":"https:\/\/madelinefashion.pl\/sk\/wp-json\/wp\/v2\/product\/69272","targetHints":{"allow":["GET"]}}],"collection":[{"href":"https:\/\/madelinefashion.pl\/sk\/wp-json\/wp\/v2\/product"}],"about":[{"href":"https:\/\/madelinefashion.pl\/sk\/wp-json\/wp\/v2\/types\/product"}],"wp:featuredmedia":[{"embeddable":true,"href":"https:\/\/madelinefashion.pl\/sk\/wp-json\/wp\/v2\/media\/69247"}],"wp:attachment":[{"href":"https:\/\/madelinefashion.pl\/sk\/wp-json\/wp\/v2\/media?parent=69272"}],"wp:term":[{"taxonomy":"product_brand","embeddable":true,"href":"https:\/\/madelinefashion.pl\/sk\/wp-json\/wp\/v2\/product_brand?post=69272"},{"taxonomy":"product_cat","embeddable":true,"href":"https:\/\/madelinefashion.pl\/sk\/wp-json\/wp\/v2\/product_cat?post=69272"},{"taxonomy":"product_tag","embeddable":true,"href":"https:\/\/madelinefashion.pl\/sk\/wp-json\/wp\/v2\/product_tag?post=69272"}],"curies":[{"name":"pracovn\u00fd list","href":"https:\/\/api.w.org\/{rel}","templated":true}]}}

Čelenka s alpakovým uzlom béžová

<h3 style="text-align: center;">Čelenka s alpakovým uzlom béžová</h3>
<p style="text-align: center;"><b>Čelenka z alpaky s uzlom POĽSKÁ VÝROBA !!</b>Skvelá čelenka na čele chráni uši pred vetrom. Čelenka je hladká, s materiálom pripomínajúcim alpaku. Ideálne na jesenné a zimné dni</p>
<form id="projector_form" class="projector_details disable" action="https://www.sklep.kochamczapki.pl/pl/basketchange.html" method="post" data-product_id="9107" data-type="product_item">
<div class="projector_details__wrapper">
<div id="projector_prices_wrapper" class="projector_details__prices projector_prices"></div>
</div>
</form>
<ul>
<li style="text-align: center;"></li>
<li style="text-align: center;">pohodlné, netlačí na hlavu,</li>
<li style="text-align: center;">šírka pásika: 9,5 cm</li>
<li style="text-align: center;">veľa farebných variantov</li>
</ul>
<p>&nbsp;</p>
<p>&nbsp;</p>
<table width="611">
<tbody>
<tr>
<td width="302">Model</td>
<td width="302">Čelenka z alpaky s uzlom</td>
</tr>
<tr>
<td width="302">Farba</td>
<td width="302">Bez</td>
</tr>
<tr>
<td width="302">Zbierka</td>
<td width="302">jar/jeseň/zima</td>
</tr>
<tr>
<td width="302">veľkosti</td>
<td width="302">Univerzálny</td>
</tr>
<tr>
<td width="302">Materiál</td>
<td width="302">100% akryl</td>
</tr>
<tr>
<td width="302">izolované</td>
<td width="302">Alpaka</td>
</tr>
<tr>
<td width="302"></td>
<td width="302"></td>
</tr>
</tbody>
</table>
<p style="text-align: center;">

<p>Opaska z Alpaki Z Węzełkiem Beżowa Opaska z Alpaki Z Węzełkiem  POLSKIEJ PRODUKCJI !!Świetna opaska zakładana na czoło, chroni uszy przed wiatrem. Opaska gładka, materiałem przypominająca alpakę. Idealna na jesienne i zimowe dni wygodna, nie uciska głowy, szerokość opaski : 9,5 cm wiele wariantów kolorystycznych &nbsp; &nbsp; Model Opaska z Alpaki Z Węzełkiem Kolor Beż</p>
<div class="klb-readmore post-buttons"><a class="button black outline size-sm" href="https://madelinefashion.pl/sk/opaska-z-alpaki-z-wezelkiem-bezowa/">Čítať ďalej <i class="klbth-icon-right-arrow"></i></a></div>

pracovný list
