{"id":6929,"date":"2021-03-31T19:16:58","date_gmt":"2021-03-31T17:16:58","guid":{"rendered":"https:\/\/madelinefashion.pl\/?post_type=product&#038;p=6929"},"modified":"2025-09-09T10:37:06","modified_gmt":"2025-09-09T08:37:06","slug":"sukienka-azurowa-monico-khaki","status":"publish","type":"product","link":"https:\/\/madelinefashion.pl\/sk\/sukienka-azurowa-monico-khaki\/","title":{"rendered":"Prelamovan\u00e9 \u0161aty Monico Khaki"},"content":{"rendered":"<h3 style=\"text-align: center;\">Prelamovan\u00e9 \u0161aty Monico Khaki<\/h3>\n<p style=\"text-align: center;\"><span style=\"font-size: 10pt;\">Prelamovan\u00e9 \u0161aty Monico Khaki so zap\u00ednan\u00edm na gomb\u00edky. je to perfektn\u00e1 ponuka na ka\u017edodenn\u00e9 aj ve\u010dern\u00e9 v\u00fdlety! \u0160aty s\u00fa vyroben\u00e9 z najkvalitnej\u0161ej bavlny, a\u017e\u00farov\u00e9ho materi\u00e1lu, ktor\u00fd ve\u013emi vyzer\u00e1 <strong>\u017eensk\u00fd<\/strong>. <strong>\u00a0Prelamovan\u00e9 \u0161aty<\/strong>\u00a0M\u00e1 <strong>pod\u0161\u00edvka<\/strong> zabezpe\u010denie pohodlia pri nosen\u00ed. Na\u0161e \u0161aty s\u00fa perfektnou ponukou na tepl\u00e9 jarn\u00e9 a letn\u00e9 dni. Svoje a\u017e\u00farov\u00e9 \u0161aty m\u00f4\u017eete doplni\u0165 na\u0161imi jedine\u010dn\u00fdmi <a href=\"https:\/\/madelinefashion.pl\/sk\/?s=Kurtka+Jeansowa&amp;post_type=product\">d\u017e\u00ednsov\u00e9 katany<\/a> . <strong>odpor\u00fa\u010dan\u00e9<\/strong> pre d\u00e1my vo ve\u013e <strong>XS SML<\/strong>\u00a0 <strong>XL<\/strong> ak nos\u00edte v\u00e4\u010d\u0161iu ve\u013ekos\u0165, pozrite si tabu\u013eku ni\u017e\u0161ie.<\/span><\/p>\n<h3 style=\"text-align: center;\">Rozmery:<\/h3>\n<ul style=\"text-align: center;\">\n<li><span style=\"font-size: 10pt;\">\u00a0\u00a0\u00a0\u00a0\u00a0\u00a0\u00a0 \u00a0\u00a0\u00a0\u00a0\u00a0\u00a0\u00a0 celkov\u00e1 d\u013a\u017eka: 88 cm\u00a0<\/span><\/li>\n<li><span style=\"font-size: 10pt;\">\u00a0\u00a0\u00a0\u00a0\u00a0\u00a0\u00a0 \u00a0\u00a0\u00a0\u00a0\u00a0\u00a0\u00a0 \u0161\u00edrka od pazuchy po pazuchu: 49-54 cm\u00a0<\/span><\/li>\n<li><span style=\"font-size: 10pt;\">\u00a0\u00a0\u00a0\u00a0\u00a0\u00a0\u00a0 \u00a0\u00a0\u00a0\u00a0\u00a0\u00a0\u00a0 \u0161\u00edrka v p\u00e1se 50-52 cm<\/span><\/li>\n<li>d\u013a\u017eka ruk\u00e1va od ramena 22 cm<\/li>\n<li><span style=\"font-size: 10pt;\">\u00a0\u00a0\u00a0\u00a0\u00a0\u00a0\u00a0 \u00a0\u00a0\u00a0\u00a0\u00a0\u00a0\u00a0 odpor\u00fa\u010dan\u00fd maxim\u00e1lny obvod poprsia: 108 cm<\/span><\/li>\n<\/ul>\n<p style=\"text-align: center;\"><span style=\"font-size: 10pt;\">Rozmery sa m\u00f4\u017eu mierne l\u00ed\u0161i\u0165 od uveden\u00fdch +\/- 2cm. V\u0161etky uveden\u00e9 rozmery s\u00fa meran\u00e9 plo\u0161ne.<\/span><\/p>\n<p style=\"text-align: center;\"><span style=\"font-size: 10pt;\">\u00a0<\/span><\/p>\n<p style=\"text-align: center;\"><span style=\"font-size: 10pt;\"><strong>\u00a0<\/strong>\u00a0<\/span><\/p>\n<p>&nbsp;<\/p>\n<table>\n<tbody>\n<tr>\n<td width=\"302\"><span style=\"font-size: 10pt;\">Meno modela<\/span><\/td>\n<td width=\"302\">Prelamovan\u00e9 \u0161aty Monica<\/td>\n<\/tr>\n<tr>\n<td width=\"302\"><span style=\"font-size: 10pt;\">Farba<\/span><\/td>\n<td width=\"302\"><span style=\"font-size: 10pt;\">kaki<\/span><\/td>\n<\/tr>\n<tr>\n<td width=\"302\"><span style=\"font-size: 10pt;\">M\u00f3da<\/span><\/td>\n<td width=\"302\"><span style=\"font-size: 10pt;\">nadrozmern\u00e9<\/span><\/td>\n<\/tr>\n<tr>\n<td width=\"302\"><span style=\"font-size: 10pt;\">zap\u00ednanie\u00a0<\/span><\/td>\n<td width=\"302\"><span style=\"font-size: 10pt;\">tla\u010didl\u00e1<\/span><\/td>\n<\/tr>\n<tr>\n<td width=\"302\"><span style=\"font-size: 10pt;\">D\u013a\u017eka<\/span><\/td>\n<td width=\"302\"><span style=\"font-size: 10pt;\">Na koleno<\/span><\/td>\n<\/tr>\n<\/tbody>\n<\/table>\n<p>&nbsp;<\/p>\n<p style=\"text-align: center;\"><span style=\"font-size: 10pt;\">\u00a0<\/span><\/p>\n<div class=\"additional-details\" style=\"text-align: center;\">\n<p style=\"text-align: center;\">\u00a0Model m\u00e1 <strong>175<\/strong> cm vysok\u00fd, nos\u00ed ve\u013ekos\u0165 ka\u017ed\u00fd de\u0148\u00a0<strong>S<\/strong><\/p>\n<p style=\"text-align: center;\"><span style=\"font-size: 10pt;\">\u00a0<\/span><\/p>\n<p style=\"text-align: center;\"><span style=\"font-size: 10pt;\">\u00a0<\/span><\/p>\n<\/div>","protected":false},"excerpt":{"rendered":"<p>Sukienka A\u017curowa Monico Khaki Sukienka A\u017curowa Monico Khaki zapinana na guziki. to idealna\u00a0 propozycja zar\u00f3wno na co dzie\u0144 jak i na wieczorne wyj\u015bcie! Sukienka wykonana jest z najwy\u017cszej jako\u015bci bawe\u0142nianego, a\u017curowego materia\u0142u, kt\u00f3ry wygl\u0105da bardzo kobieco. \u00a0A\u017curowa sukienka\u00a0Posiada podszewk\u0119 zapewniaj\u0105c komfort noszenia. Nasza sukienka to idealna propozycja na ciep\u0142e wiosenne i letnie dni. Sukienk\u0119 a\u017curow\u0105<\/p>\n<div class=\"klb-readmore post-buttons\"><a class=\"button black outline size-sm\" href=\"https:\/\/madelinefashion.pl\/sk\/sukienka-azurowa-monico-khaki\/\">\u010c\u00edta\u0165 \u010falej <i class=\"klbth-icon-right-arrow\"><\/i><\/a><\/div>","protected":false},"featured_media":6928,"template":"","meta":[],"product_brand":[],"product_cat":[125],"product_tag":[],"class_list":{"0":"post-6929","1":"product","2":"type-product","3":"status-publish","4":"has-post-thumbnail","6":"product_cat-sukienki","8":"first","9":"instock","10":"purchasable","11":"product-type-simple"},"_links":{"self":[{"href":"https:\/\/madelinefashion.pl\/sk\/wp-json\/wp\/v2\/product\/6929","targetHints":{"allow":["GET"]}}],"collection":[{"href":"https:\/\/madelinefashion.pl\/sk\/wp-json\/wp\/v2\/product"}],"about":[{"href":"https:\/\/madelinefashion.pl\/sk\/wp-json\/wp\/v2\/types\/product"}],"wp:featuredmedia":[{"embeddable":true,"href":"https:\/\/madelinefashion.pl\/sk\/wp-json\/wp\/v2\/media\/6928"}],"wp:attachment":[{"href":"https:\/\/madelinefashion.pl\/sk\/wp-json\/wp\/v2\/media?parent=6929"}],"wp:term":[{"taxonomy":"product_brand","embeddable":true,"href":"https:\/\/madelinefashion.pl\/sk\/wp-json\/wp\/v2\/product_brand?post=6929"},{"taxonomy":"product_cat","embeddable":true,"href":"https:\/\/madelinefashion.pl\/sk\/wp-json\/wp\/v2\/product_cat?post=6929"},{"taxonomy":"product_tag","embeddable":true,"href":"https:\/\/madelinefashion.pl\/sk\/wp-json\/wp\/v2\/product_tag?post=6929"}],"curies":[{"name":"pracovn\u00fd list","href":"https:\/\/api.w.org\/{rel}","templated":true}]}}

Prelamované šaty Monico Khaki

<h3 style="text-align: center;">Prelamované šaty Monico Khaki</h3>
<p style="text-align: center;"><span style="font-size: 10pt;">Prelamované šaty Monico Khaki so zapínaním na gombíky. je to perfektná ponuka na každodenné aj večerné výlety! Šaty sú vyrobené z najkvalitnejšej bavlny, ažúrového materiálu, ktorý veľmi vyzerá <strong>ženský</strong>. <strong> Prelamované šaty</strong> Má <strong>podšívka</strong> zabezpečenie pohodlia pri nosení. Naše šaty sú perfektnou ponukou na teplé jarné a letné dni. Svoje ažúrové šaty môžete doplniť našimi jedinečnými <a href="https://madelinefashion.pl/sk/?s=Kurtka+Jeansowa&amp;post_type=product">džínsové katany</a> . <strong>odporúčané</strong> pre dámy vo veľ <strong>XS SML</strong>  <strong>XL</strong> ak nosíte väčšiu veľkosť, pozrite si tabuľku nižšie.</span></p>
<h3 style="text-align: center;">Rozmery:</h3>
<ul style="text-align: center;">
<li><span style="font-size: 10pt;">                celková dĺžka: 88 cm </span></li>
<li><span style="font-size: 10pt;">                šírka od pazuchy po pazuchu: 49-54 cm </span></li>
<li><span style="font-size: 10pt;">                šírka v páse 50-52 cm</span></li>
<li>dĺžka rukáva od ramena 22 cm</li>
<li><span style="font-size: 10pt;">                odporúčaný maximálny obvod poprsia: 108 cm</span></li>
</ul>
<p style="text-align: center;"><span style="font-size: 10pt;">Rozmery sa môžu mierne líšiť od uvedených +/- 2cm. Všetky uvedené rozmery sú merané plošne.</span></p>
<p style="text-align: center;"><span style="font-size: 10pt;"> </span></p>
<p style="text-align: center;"><span style="font-size: 10pt;"><strong> </strong> </span></p>
<p>&nbsp;</p>
<table>
<tbody>
<tr>
<td width="302"><span style="font-size: 10pt;">Meno modela</span></td>
<td width="302">Prelamované šaty Monica</td>
</tr>
<tr>
<td width="302"><span style="font-size: 10pt;">Farba</span></td>
<td width="302"><span style="font-size: 10pt;">kaki</span></td>
</tr>
<tr>
<td width="302"><span style="font-size: 10pt;">Móda</span></td>
<td width="302"><span style="font-size: 10pt;">nadrozmerné</span></td>
</tr>
<tr>
<td width="302"><span style="font-size: 10pt;">zapínanie </span></td>
<td width="302"><span style="font-size: 10pt;">tlačidlá</span></td>
</tr>
<tr>
<td width="302"><span style="font-size: 10pt;">Dĺžka</span></td>
<td width="302"><span style="font-size: 10pt;">Na koleno</span></td>
</tr>
</tbody>
</table>
<p>&nbsp;</p>
<p style="text-align: center;"><span style="font-size: 10pt;"> </span></p>
<div class="additional-details" style="text-align: center;">
<p style="text-align: center;"> Model má <strong>175</strong> cm vysoký, nosí veľkosť každý deň <strong>S</strong></p>
<p style="text-align: center;"><span style="font-size: 10pt;"> </span></p>
<p style="text-align: center;"><span style="font-size: 10pt;"> </span></p>
</div>

<p>Sukienka Ażurowa Monico Khaki Sukienka Ażurowa Monico Khaki zapinana na guziki. to idealna  propozycja zarówno na co dzień jak i na wieczorne wyjście! Sukienka wykonana jest z najwyższej jakości bawełnianego, ażurowego materiału, który wygląda bardzo kobieco.  Ażurowa sukienka Posiada podszewkę zapewniając komfort noszenia. Nasza sukienka to idealna propozycja na ciepłe wiosenne i letnie dni. Sukienkę ażurową</p>
<div class="klb-readmore post-buttons"><a class="button black outline size-sm" href="https://madelinefashion.pl/sk/sukienka-azurowa-monico-khaki/">Čítať ďalej <i class="klbth-icon-right-arrow"></i></a></div>

pracovný list
