{"id":69404,"date":"2022-12-03T13:58:00","date_gmt":"2022-12-03T12:58:00","guid":{"rendered":"https:\/\/madelinefashion.pl\/?post_type=product&#038;p=69404"},"modified":"2026-03-05T17:03:03","modified_gmt":"2026-03-05T16:03:03","slug":"sukienka-sweterkowa-z-golfem-maxi-narlane-czarna","status":"publish","type":"product","link":"https:\/\/madelinefashion.pl\/sk\/sukienka-sweterkowa-z-golfem-maxi-narlane-czarna\/","title":{"rendered":"Narlane Maxi rol\u00e1kov\u00e9 svetre \u010dierne"},"content":{"rendered":"<h3 style=\"text-align: center;\">Narlane Maxi rol\u00e1kov\u00e9 svetre \u010dierne<\/h3>\n<p style=\"text-align: center;\">Strih kr\u00e1sne zv\u00fdrazn\u00ed postavu a <strong>\u017eensk\u00e9 tvary<\/strong>. \u0160aty nemaj\u00fa v\u00fdstrih<strong> s dlh\u00fdm ruk\u00e1vom, v\u010faka \u010domu je ide\u00e1lna na chladnej\u0161ie dni<\/strong>. Model m\u00e1 vzadu rozparok. <span style=\"font-family: arial, helvetica, sans-serif;\"><span style=\"font-size: 10pt;\">Jeho jednoduch\u00fd strih a klasick\u00fd vzor zapadne do mnoh\u00fdch \u0161t\u00fdlov. S \u00faspechom ju m\u00f4\u017eete nosi\u0165 na ka\u017edodenn\u00e9 v\u00fdlety, do pr\u00e1ce, na rodinn\u00e9 stretnutie alebo aj na v\u00fdznamnej\u0161iu pr\u00edle\u017eitos\u0165. <\/span><\/span>\u00a0V\u010faka \u0161trukt\u00fare materi\u00e1lu sa s n\u00edm bude lep\u0161ie pracova\u0165 <strong>po\u010das chladnej\u0161\u00edch dn\u00ed a prechodn\u00fdch obdob\u00ed<\/strong> alebo na zimu v kombin\u00e1cii s bundou. Odpor\u00fa\u010dame skombinova\u0165 s vysok\u00fdmi \u010di\u017emami, v\u010faka ktor\u00fdm vyniknete z davu.<br \/>\nDostupn\u00e9 na na\u0161om e-shope vo viacer\u00fdch farebn\u00fdch variantoch, tak nev\u00e1hajte a vyberte si t\u00fa, ktor\u00e1 je pre v\u00e1s ako stvoren\u00e1. Ak sa neviete rozhodn\u00fa\u0165, ktor\u00e1 farba je pre v\u00e1s najlep\u0161ia, kontaktujte n\u00e1s na Facebooku alebo telefonicky. <strong>Odpor\u00fa\u010da sa pre \u013eud\u00ed, ktor\u00ed nosia od s do xl.<\/strong><\/p>\n<h3 style=\"text-align: center;\">Rozmery \u0161iat:<\/h3>\n<ul style=\"text-align: center;\">\n<li>Celkov\u00e1 d\u013a\u017eka 122 cm<\/li>\n<li>\u0160\u00edrka od pazuchy po pazuchu 40 cm -51 cm<\/li>\n<li>D\u013a\u017eka rozparku 34 cm<\/li>\n<li>D\u013a\u017eka ruk\u00e1va od ramena 70 cm<\/li>\n<li>D\u013a\u017eka ruk\u00e1va od podpazu\u0161ia 50 cm<\/li>\n<li><\/li>\n<\/ul>\n<p style=\"text-align: center;\">Rozmery sa m\u00f4\u017eu mierne l\u00ed\u0161i\u0165 od uveden\u00fdch +\/- 2cm. V\u0161etky uveden\u00e9 rozmery s\u00fa meran\u00e9 plo\u0161ne.<\/p>\n<p style=\"text-align: center;\">rozmer x2<\/p>\n<table width=\"610\">\n<tbody>\n<tr>\n<td width=\"302\">Meno modela<\/td>\n<td width=\"302\">Narlane Rol\u00e1k Maxi svetrov\u00e9 \u0161aty<\/td>\n<\/tr>\n<tr>\n<td width=\"302\">Farba<\/td>\n<td width=\"302\">\u010dierna<\/td>\n<\/tr>\n<tr>\n<td width=\"302\">ve\u013ekosti<\/td>\n<td width=\"302\">Univerz\u00e1lny<\/td>\n<\/tr>\n<tr>\n<td width=\"302\">Zbierka<\/td>\n<td width=\"302\">jar\/jese\u0148\/zima<\/td>\n<\/tr>\n<tr>\n<td width=\"302\">Hood<\/td>\n<td width=\"302\">Bez kapucne<\/td>\n<\/tr>\n<tr>\n<td width=\"302\">izolovan\u00e9<\/td>\n<td width=\"302\">jednopl\u00e1\u0161\u0165ov\u00e9<\/td>\n<\/tr>\n<tr>\n<td width=\"302\">Materi\u00e1l<\/td>\n<td width=\"302\">70% Akryl 30% Bavlna<\/td>\n<\/tr>\n<\/tbody>\n<\/table>\n<section class=\"page-product-box\">\n<div class=\"rte\">\n<p style=\"text-align: center;\">Model m\u00e1\u00a0<strong>169<\/strong>\u00a0cm vysok\u00fd, nos\u00ed ve\u013ekos\u0165 ka\u017ed\u00fd de\u0148\u00a0<strong>S<\/strong><\/p>\n<p style=\"text-align: center;\">\u0160\u00edrka cez prsia 92 cm<\/p>\n<p style=\"text-align: center;\">\u0160\u00edrka v p\u00e1se 62 cm<\/p>\n<p style=\"text-align: center;\">\u0160\u00edrka v bokoch 94 cm<\/p>\n<\/div>\n<\/section>","protected":false},"excerpt":{"rendered":"<p>Sukienka Sweterkowa z Golfem Maxi Narlane Czarna Kr\u00f3j pi\u0119knie podkre\u015bla figur\u0119 i kobiece kszta\u0142ty. Sukienka nie posiada dekoltu jest na d\u0142ugi r\u0119kaw przez co jest idealna na ch\u0142odniejsze dni. Model posiada rozci\u0119cie z ty\u0142u. Jej prosty kr\u00f3j i klasyczny wz\u00f3r wpisze si\u0119 w wiele stylizacji. Z powodzeniem mo\u017cesz j\u0105 ubra\u0107 na codzienne wyj\u015bcia, do pracy,<\/p>\n<div class=\"klb-readmore post-buttons\"><a class=\"button black outline size-sm\" href=\"https:\/\/madelinefashion.pl\/sk\/sukienka-sweterkowa-z-golfem-maxi-narlane-czarna\/\">\u010c\u00edta\u0165 \u010falej <i class=\"klbth-icon-right-arrow\"><\/i><\/a><\/div>","protected":false},"featured_media":69372,"template":"","meta":[],"product_brand":[],"product_cat":[158],"product_tag":[419],"class_list":{"0":"post-69404","1":"product","2":"type-product","3":"status-publish","4":"has-post-thumbnail","6":"product_cat-sukienki-sweterkowe","7":"product_tag-sweterkowa","9":"first","10":"instock","11":"sale","12":"purchasable","13":"product-type-simple"},"_links":{"self":[{"href":"https:\/\/madelinefashion.pl\/sk\/wp-json\/wp\/v2\/product\/69404","targetHints":{"allow":["GET"]}}],"collection":[{"href":"https:\/\/madelinefashion.pl\/sk\/wp-json\/wp\/v2\/product"}],"about":[{"href":"https:\/\/madelinefashion.pl\/sk\/wp-json\/wp\/v2\/types\/product"}],"wp:featuredmedia":[{"embeddable":true,"href":"https:\/\/madelinefashion.pl\/sk\/wp-json\/wp\/v2\/media\/69372"}],"wp:attachment":[{"href":"https:\/\/madelinefashion.pl\/sk\/wp-json\/wp\/v2\/media?parent=69404"}],"wp:term":[{"taxonomy":"product_brand","embeddable":true,"href":"https:\/\/madelinefashion.pl\/sk\/wp-json\/wp\/v2\/product_brand?post=69404"},{"taxonomy":"product_cat","embeddable":true,"href":"https:\/\/madelinefashion.pl\/sk\/wp-json\/wp\/v2\/product_cat?post=69404"},{"taxonomy":"product_tag","embeddable":true,"href":"https:\/\/madelinefashion.pl\/sk\/wp-json\/wp\/v2\/product_tag?post=69404"}],"curies":[{"name":"pracovn\u00fd list","href":"https:\/\/api.w.org\/{rel}","templated":true}]}}

Narlane Maxi rolákové svetre čierne

<h3 style="text-align: center;">Narlane Maxi rolákové svetre čierne</h3>
<p style="text-align: center;">Strih krásne zvýrazní postavu a <strong>ženské tvary</strong>. Šaty nemajú výstrih<strong> s dlhým rukávom, vďaka čomu je ideálna na chladnejšie dni</strong>. Model má vzadu rozparok. <span style="font-family: arial, helvetica, sans-serif;"><span style="font-size: 10pt;">Jeho jednoduchý strih a klasický vzor zapadne do mnohých štýlov. S úspechom ju môžete nosiť na každodenné výlety, do práce, na rodinné stretnutie alebo aj na významnejšiu príležitosť. </span></span> Vďaka štruktúre materiálu sa s ním bude lepšie pracovať <strong>počas chladnejších dní a prechodných období</strong> alebo na zimu v kombinácii s bundou. Odporúčame skombinovať s vysokými čižmami, vďaka ktorým vyniknete z davu.<br />
Dostupné na našom e-shope vo viacerých farebných variantoch, tak neváhajte a vyberte si tú, ktorá je pre vás ako stvorená. Ak sa neviete rozhodnúť, ktorá farba je pre vás najlepšia, kontaktujte nás na Facebooku alebo telefonicky. <strong>Odporúča sa pre ľudí, ktorí nosia od s do xl.</strong></p>
<h3 style="text-align: center;">Rozmery šiat:</h3>
<ul style="text-align: center;">
<li>Celková dĺžka 122 cm</li>
<li>Šírka od pazuchy po pazuchu 40 cm -51 cm</li>
<li>Dĺžka rozparku 34 cm</li>
<li>Dĺžka rukáva od ramena 70 cm</li>
<li>Dĺžka rukáva od podpazušia 50 cm</li>
<li></li>
</ul>
<p style="text-align: center;">Rozmery sa môžu mierne líšiť od uvedených +/- 2cm. Všetky uvedené rozmery sú merané plošne.</p>
<p style="text-align: center;">rozmer x2</p>
<table width="610">
<tbody>
<tr>
<td width="302">Meno modela</td>
<td width="302">Narlane Rolák Maxi svetrové šaty</td>
</tr>
<tr>
<td width="302">Farba</td>
<td width="302">čierna</td>
</tr>
<tr>
<td width="302">veľkosti</td>
<td width="302">Univerzálny</td>
</tr>
<tr>
<td width="302">Zbierka</td>
<td width="302">jar/jeseň/zima</td>
</tr>
<tr>
<td width="302">Hood</td>
<td width="302">Bez kapucne</td>
</tr>
<tr>
<td width="302">izolované</td>
<td width="302">jednoplášťové</td>
</tr>
<tr>
<td width="302">Materiál</td>
<td width="302">70% Akryl 30% Bavlna</td>
</tr>
</tbody>
</table>
<section class="page-product-box">
<div class="rte">
<p style="text-align: center;">Model má <strong>169</strong> cm vysoký, nosí veľkosť každý deň <strong>S</strong></p>
<p style="text-align: center;">Šírka cez prsia 92 cm</p>
<p style="text-align: center;">Šírka v páse 62 cm</p>
<p style="text-align: center;">Šírka v bokoch 94 cm</p>
</div>
</section>

<p>Sukienka Sweterkowa z Golfem Maxi Narlane Czarna Krój pięknie podkreśla figurę i kobiece kształty. Sukienka nie posiada dekoltu jest na długi rękaw przez co jest idealna na chłodniejsze dni. Model posiada rozcięcie z tyłu. Jej prosty krój i klasyczny wzór wpisze się w wiele stylizacji. Z powodzeniem możesz ją ubrać na codzienne wyjścia, do pracy,</p>
<div class="klb-readmore post-buttons"><a class="button black outline size-sm" href="https://madelinefashion.pl/sk/sukienka-sweterkowa-z-golfem-maxi-narlane-czarna/">Čítať ďalej <i class="klbth-icon-right-arrow"></i></a></div>

pracovný list
