{"id":69619,"date":"2022-12-05T15:27:04","date_gmt":"2022-12-05T14:27:04","guid":{"rendered":"https:\/\/madelinefashion.pl\/?post_type=product&#038;p=69619"},"modified":"2026-03-01T12:58:22","modified_gmt":"2026-03-01T11:58:22","slug":"komplet-zimowy-czapka-komin-tuba-cappuccino","status":"publish","type":"product","link":"https:\/\/madelinefashion.pl\/sk\/komplet-zimowy-czapka-komin-tuba-cappuccino\/","title":{"rendered":"Zimn\u00e1 s\u00faprava \u010ciapka + kom\u00edn Tuba Cappuccino"},"content":{"rendered":"<h3 style=\"text-align: center;\">Zimn\u00e1 s\u00faprava \u010ciapka + kom\u00edn Tuba Cappuccino<\/h3>\n<div class=\"_1voj4 _z9prt _1xzdi _ai5yc _5d6n2 _15lj1\" style=\"text-align: center;\">\n<div class=\"_2d49e_5pK0q\">\n<p><b>D\u00e1msky zimn\u00fd set<\/b> \u010diapka na kom\u00edn v m\u00f3dnych farb\u00e1ch, nenahradite\u013en\u00e1 po\u010das chladn\u00fdch jesenn\u00fdch a zimn\u00fdch dn\u00ed.\u00a0<b>vynikaj\u00face<\/b> hod\u00ed sa k r\u00f4znym \u0161t\u00fdlom! S\u00faprava vyroben\u00e1 z\u00a0<b>vysok\u00e1 kvalita<\/b>\u00a0priadza. M\u00e4kk\u00fd, nehryz\u00faci a na dotyk pr\u00edjemn\u00fd materi\u00e1l. Celok poskytuje pocit pohodlia a vynikaj\u00facej kvality\u00a0<b>ochrana proti chladu<\/b>\u00a0po\u010das nepriazniv\u00fdch poveternostn\u00fdch podmienok.<\/p>\n<\/div>\n<\/div>\n<div class=\"_1voj4 _z9prt _1xzdi _ai5yc _5d6n2 _15lj1\" style=\"text-align: center;\">\n<div class=\"_4lbi0 _6kfrx _ur8qq _u5o1q _1xm8p _1agsg\">\n<div class=\"_18vat _10a7o _1yhvf _7ccvy\"><\/div>\n<\/div>\n<\/div>\n<h3 style=\"text-align: center;\">Rozmery :<\/h3>\n<p style=\"text-align: center;\"><b>Klob\u00fak:<\/b><\/p>\n<ul style=\"text-align: center;\">\n<li>Univerz\u00e1lna ve\u013ekos\u0165,<\/li>\n<li>Pohodln\u00e9, nestl\u00e1\u010da hlavu, vo\u013ene sa prisp\u00f4sobuje jej tvaru,<\/li>\n<li>V\u00fd\u0161ka klob\u00faka: 24 cm,<\/li>\n<li>Obvod \u010diapky: 2 x 23 cm (meran\u00e9 naplocho)<\/li>\n<\/ul>\n<p style=\"text-align: center;\"><b>kom\u00edn:<\/b><\/p>\n<ul style=\"text-align: center;\">\n<li>Typ hadice, raz oble\u010den\u00e9,<\/li>\n<li>Poskytuje pr\u00edjemn\u00fd pocit tepla<\/li>\n<li>v\u00fd\u0161ka kom\u00edna: 35 cm,<\/li>\n<li>Obvod kom\u00edna: 2 x 28 cm (meran\u00e9 naplocho)<\/li>\n<\/ul>\n<p>&nbsp;<\/p>\n<ul style=\"text-align: center;\">\n<li style=\"list-style-type: none;\"><\/li>\n<\/ul>\n<table width=\"611\">\n<tbody>\n<tr>\n<td width=\"302\">Model<\/td>\n<td width=\"302\">Zimn\u00e1 s\u00faprava \u010ciapka + Kom\u00edn<\/td>\n<\/tr>\n<tr>\n<td width=\"302\">Farba<\/td>\n<td width=\"302\">Tmavo-siv\u00e1<\/td>\n<\/tr>\n<tr>\n<td width=\"302\">Zbierka<\/td>\n<td width=\"302\">jar\/jese\u0148\/zima<\/td>\n<\/tr>\n<tr>\n<td width=\"302\">ve\u013ekosti<\/td>\n<td width=\"302\">Univerz\u00e1lny<\/td>\n<\/tr>\n<tr>\n<td width=\"302\">deti<\/td>\n<td width=\"302\">od 3 rokov<\/td>\n<\/tr>\n<tr>\n<td width=\"302\">V\u00fdroba<\/td>\n<td width=\"302\">Po\u013esko<\/td>\n<\/tr>\n<tr>\n<td width=\"302\">Materi\u00e1l<\/td>\n<td width=\"302\">85% Akryl 15 % Nylon<\/td>\n<\/tr>\n<\/tbody>\n<\/table>","protected":false},"excerpt":{"rendered":"<p>Komplet Zimowy Czapka + Komin Tuba Cappuccino Damski komplet zimowy czapka z kominem w modnej kolorystyce, niezast\u0105piony podczas ch\u0142odnych jesienno-zimowych dni.\u00a0Znakomicie komponuje si\u0119 z przer\u00f3\u017cnymi stylizacjami! Komplet wykonany z\u00a0wysokiej jako\u015bci\u00a0prz\u0119dzy. Mi\u0119kki, niegryz\u0105cy i przyjemny w dotyku materia\u0142. Ca\u0142o\u015b\u0107 zapewnia poczucie komfortu i znakomit\u0105\u00a0ochron\u0119 przed ch\u0142odem\u00a0podczas niesprzyjaj\u0105cych warunk\u00f3w atmosferycznych. Wymiary : Czapka: Rozmiar uniwersalny, Wygodna, nie<\/p>\n<div class=\"klb-readmore post-buttons\"><a class=\"button black outline size-sm\" href=\"https:\/\/madelinefashion.pl\/sk\/komplet-zimowy-czapka-komin-tuba-cappuccino\/\">\u010c\u00edta\u0165 \u010falej <i class=\"klbth-icon-right-arrow\"><\/i><\/a><\/div>","protected":false},"featured_media":69613,"template":"","meta":[],"product_brand":[],"product_cat":[115],"product_tag":[],"class_list":{"0":"post-69619","1":"product","2":"type-product","3":"status-publish","4":"has-post-thumbnail","6":"product_cat-czapki","8":"first","9":"instock","10":"sale","11":"purchasable","12":"product-type-simple"},"_links":{"self":[{"href":"https:\/\/madelinefashion.pl\/sk\/wp-json\/wp\/v2\/product\/69619","targetHints":{"allow":["GET"]}}],"collection":[{"href":"https:\/\/madelinefashion.pl\/sk\/wp-json\/wp\/v2\/product"}],"about":[{"href":"https:\/\/madelinefashion.pl\/sk\/wp-json\/wp\/v2\/types\/product"}],"wp:featuredmedia":[{"embeddable":true,"href":"https:\/\/madelinefashion.pl\/sk\/wp-json\/wp\/v2\/media\/69613"}],"wp:attachment":[{"href":"https:\/\/madelinefashion.pl\/sk\/wp-json\/wp\/v2\/media?parent=69619"}],"wp:term":[{"taxonomy":"product_brand","embeddable":true,"href":"https:\/\/madelinefashion.pl\/sk\/wp-json\/wp\/v2\/product_brand?post=69619"},{"taxonomy":"product_cat","embeddable":true,"href":"https:\/\/madelinefashion.pl\/sk\/wp-json\/wp\/v2\/product_cat?post=69619"},{"taxonomy":"product_tag","embeddable":true,"href":"https:\/\/madelinefashion.pl\/sk\/wp-json\/wp\/v2\/product_tag?post=69619"}],"curies":[{"name":"pracovn\u00fd list","href":"https:\/\/api.w.org\/{rel}","templated":true}]}}

Zimná súprava Čiapka + komín Tuba Cappuccino

<h3 style="text-align: center;">Zimná súprava Čiapka + komín Tuba Cappuccino</h3>
<div class="_1voj4 _z9prt _1xzdi _ai5yc _5d6n2 _15lj1" style="text-align: center;">
<div class="_2d49e_5pK0q">
<p><b>Dámsky zimný set</b> čiapka na komín v módnych farbách, nenahraditeľná počas chladných jesenných a zimných dní. <b>vynikajúce</b> hodí sa k rôznym štýlom! Súprava vyrobená z <b>vysoká kvalita</b> priadza. Mäkký, nehryzúci a na dotyk príjemný materiál. Celok poskytuje pocit pohodlia a vynikajúcej kvality <b>ochrana proti chladu</b> počas nepriaznivých poveternostných podmienok.</p>
</div>
</div>
<div class="_1voj4 _z9prt _1xzdi _ai5yc _5d6n2 _15lj1" style="text-align: center;">
<div class="_4lbi0 _6kfrx _ur8qq _u5o1q _1xm8p _1agsg">
<div class="_18vat _10a7o _1yhvf _7ccvy"></div>
</div>
</div>
<h3 style="text-align: center;">Rozmery :</h3>
<p style="text-align: center;"><b>Klobúk:</b></p>
<ul style="text-align: center;">
<li>Univerzálna veľkosť,</li>
<li>Pohodlné, nestláča hlavu, voľne sa prispôsobuje jej tvaru,</li>
<li>Výška klobúka: 24 cm,</li>
<li>Obvod čiapky: 2 x 23 cm (merané naplocho)</li>
</ul>
<p style="text-align: center;"><b>komín:</b></p>
<ul style="text-align: center;">
<li>Typ hadice, raz oblečené,</li>
<li>Poskytuje príjemný pocit tepla</li>
<li>výška komína: 35 cm,</li>
<li>Obvod komína: 2 x 28 cm (merané naplocho)</li>
</ul>
<p>&nbsp;</p>
<ul style="text-align: center;">
<li style="list-style-type: none;"></li>
</ul>
<table width="611">
<tbody>
<tr>
<td width="302">Model</td>
<td width="302">Zimná súprava Čiapka + Komín</td>
</tr>
<tr>
<td width="302">Farba</td>
<td width="302">Tmavo-sivá</td>
</tr>
<tr>
<td width="302">Zbierka</td>
<td width="302">jar/jeseň/zima</td>
</tr>
<tr>
<td width="302">veľkosti</td>
<td width="302">Univerzálny</td>
</tr>
<tr>
<td width="302">deti</td>
<td width="302">od 3 rokov</td>
</tr>
<tr>
<td width="302">Výroba</td>
<td width="302">Poľsko</td>
</tr>
<tr>
<td width="302">Materiál</td>
<td width="302">85% Akryl 15 % Nylon</td>
</tr>
</tbody>
</table>

<p>Komplet Zimowy Czapka + Komin Tuba Cappuccino Damski komplet zimowy czapka z kominem w modnej kolorystyce, niezastąpiony podczas chłodnych jesienno-zimowych dni. Znakomicie komponuje się z przeróżnymi stylizacjami! Komplet wykonany z wysokiej jakości przędzy. Miękki, niegryzący i przyjemny w dotyku materiał. Całość zapewnia poczucie komfortu i znakomitą ochronę przed chłodem podczas niesprzyjających warunków atmosferycznych. Wymiary : Czapka: Rozmiar uniwersalny, Wygodna, nie</p>
<div class="klb-readmore post-buttons"><a class="button black outline size-sm" href="https://madelinefashion.pl/sk/komplet-zimowy-czapka-komin-tuba-cappuccino/">Čítať ďalej <i class="klbth-icon-right-arrow"></i></a></div>

pracovný list
