{"id":70141,"date":"2022-12-08T15:39:47","date_gmt":"2022-12-08T14:39:47","guid":{"rendered":"https:\/\/madelinefashion.pl\/?post_type=product&#038;p=70141"},"modified":"2026-03-01T12:58:18","modified_gmt":"2026-03-01T11:58:18","slug":"komplet-czapka-smerfetka-komin-alpaka-rozowy","status":"publish","type":"product","link":"https:\/\/madelinefashion.pl\/sk\/komplet-czapka-smerfetka-komin-alpaka-rozowy\/","title":{"rendered":"Set \u010ciapka \u0160moulinka + alpakov\u00fd kom\u00edn Ru\u017eov\u00fd"},"content":{"rendered":"<h3 style=\"text-align: center;\">Set \u010ciapka \u0160moulinka + alpakov\u00fd kom\u00edn Ru\u017eov\u00fd<\/h3>\n<p style=\"text-align: center;\"><b>Set \u010ciapka \u0160moulinka + alpakov\u00fd kom\u00edn Tmavo\u0161ed\u00e1 PO\u013dSK\u00c1 V\u00ddROBA!! <\/b>M\u00f3da na sez\u00f3nu jese\u0148-zima vyroben\u00e1 z pr\u00edjemn\u00e9ho a na dotyk pr\u00edjemnej\u0161ieho\u00a0<b>ALPACA<\/b>. Klasick\u00fd jednotn\u00fd strih, ktor\u00fd sa hod\u00ed k v\u00e4\u010d\u0161ine \u0161t\u00fdlov.\u00a0<b>Elegantn\u00e9 a \u017eensk\u00e9. <\/b>Zimn\u00fd set vyroben\u00fd z l\u00e1tky imituj\u00facej ko\u017eu\u0161inu alpaky. S\u00faprava obsahuje \u0161mrncovn\u00fd klob\u00fak a vysok\u00fd kom\u00edn.<\/p>\n<form id=\"projector_form\" class=\"projector_details disable\" action=\"https:\/\/www.sklep.kochamczapki.pl\/pl\/basketchange.html\" method=\"post\" data-product_id=\"9107\" data-type=\"product_item\">\n<div class=\"projector_details__wrapper\">\n<div id=\"projector_prices_wrapper\" class=\"projector_details__prices projector_prices\"><\/div>\n<\/div>\n<\/form>\n<p style=\"text-align: center;\"><b>Klob\u00fak:<\/b><\/p>\n<ul>\n<li style=\"text-align: center;\">dvojit\u00fd materi\u00e1l,<\/li>\n<li style=\"text-align: center;\">pohodln\u00e9, netla\u010d\u00ed na hlavu,<\/li>\n<li style=\"text-align: center;\">d\u013a\u017eka \u010diapky 28 cm<\/li>\n<li style=\"text-align: center;\">univerz\u00e1lny obvod 36-58 cm<\/li>\n<li style=\"text-align: center;\">ve\u013ea farebn\u00fdch variantov<\/li>\n<\/ul>\n<p>&nbsp;<\/p>\n<p>&nbsp;<\/p>\n<table width=\"611\">\n<tbody>\n<tr>\n<td width=\"302\">Model<\/td>\n<td width=\"302\">\u010ciapka \u0160molko + alpakov\u00fd kom\u00ednov\u00fd set<\/td>\n<\/tr>\n<tr>\n<td width=\"302\">Farba<\/td>\n<td width=\"302\">Ru\u017eov\u00e1<\/td>\n<\/tr>\n<tr>\n<td width=\"302\">Zbierka<\/td>\n<td width=\"302\">jar\/jese\u0148\/zima<\/td>\n<\/tr>\n<tr>\n<td width=\"302\">ve\u013ekosti<\/td>\n<td width=\"302\">Univerz\u00e1lny<\/td>\n<\/tr>\n<tr>\n<td width=\"302\">Kom\u00edn<\/td>\n<td width=\"302\">\u00c1no<\/td>\n<\/tr>\n<tr>\n<td width=\"302\">izolovan\u00e9<\/td>\n<td width=\"302\">Alpaka<\/td>\n<\/tr>\n<tr>\n<td width=\"302\">Materi\u00e1l<\/td>\n<td width=\"302\">100% akryl<\/td>\n<\/tr>\n<\/tbody>\n<\/table>\n<p style=\"text-align: center;\">","protected":false},"excerpt":{"rendered":"<p>Komplet Czapka Smerfetka+ Komin Alpaka R\u00f3\u017cowy Komplet Czapka Smerfetka+ Komin Alpaka Ciemno Szary POLSKIEJ PRODUKCJI !! Fason na sezon jesienno-zimowy wykonany z mi\u0142ej i przyjemniej w dotyku\u00a0ALPAKI. Klasyczny, jednolity fason, kt\u00f3ry b\u0119dzie pasowa\u0142 do wi\u0119kszo\u015bci stylizacji.\u00a0Elegancki i kobiecy. Komplet zimowy wykonany\u00a0 z tkaniny imituj\u0105cej futerko alpaki. W sk\u0142ad kompletu wchodzi czapka smerfetka i wysoki komin.<\/p>\n<div class=\"klb-readmore post-buttons\"><a class=\"button black outline size-sm\" href=\"https:\/\/madelinefashion.pl\/sk\/komplet-czapka-smerfetka-komin-alpaka-rozowy\/\">\u010c\u00edta\u0165 \u010falej <i class=\"klbth-icon-right-arrow\"><\/i><\/a><\/div>","protected":false},"featured_media":70127,"template":"","meta":[],"product_brand":[],"product_cat":[115],"product_tag":[],"class_list":{"0":"post-70141","1":"product","2":"type-product","3":"status-publish","4":"has-post-thumbnail","6":"product_cat-czapki","8":"first","9":"instock","10":"sale","11":"purchasable","12":"product-type-simple"},"_links":{"self":[{"href":"https:\/\/madelinefashion.pl\/sk\/wp-json\/wp\/v2\/product\/70141","targetHints":{"allow":["GET"]}}],"collection":[{"href":"https:\/\/madelinefashion.pl\/sk\/wp-json\/wp\/v2\/product"}],"about":[{"href":"https:\/\/madelinefashion.pl\/sk\/wp-json\/wp\/v2\/types\/product"}],"wp:featuredmedia":[{"embeddable":true,"href":"https:\/\/madelinefashion.pl\/sk\/wp-json\/wp\/v2\/media\/70127"}],"wp:attachment":[{"href":"https:\/\/madelinefashion.pl\/sk\/wp-json\/wp\/v2\/media?parent=70141"}],"wp:term":[{"taxonomy":"product_brand","embeddable":true,"href":"https:\/\/madelinefashion.pl\/sk\/wp-json\/wp\/v2\/product_brand?post=70141"},{"taxonomy":"product_cat","embeddable":true,"href":"https:\/\/madelinefashion.pl\/sk\/wp-json\/wp\/v2\/product_cat?post=70141"},{"taxonomy":"product_tag","embeddable":true,"href":"https:\/\/madelinefashion.pl\/sk\/wp-json\/wp\/v2\/product_tag?post=70141"}],"curies":[{"name":"pracovn\u00fd list","href":"https:\/\/api.w.org\/{rel}","templated":true}]}}

Set Čiapka Šmoulinka + alpakový komín Ružový

<h3 style="text-align: center;">Set Čiapka Šmoulinka + alpakový komín Ružový</h3>
<p style="text-align: center;"><b>Set Čiapka Šmoulinka + alpakový komín Tmavošedá POĽSKÁ VÝROBA!! </b>Móda na sezónu jeseň-zima vyrobená z príjemného a na dotyk príjemnejšieho <b>ALPACA</b>. Klasický jednotný strih, ktorý sa hodí k väčšine štýlov. <b>Elegantné a ženské. </b>Zimný set vyrobený z látky imitujúcej kožušinu alpaky. Súprava obsahuje šmrncovný klobúk a vysoký komín.</p>
<form id="projector_form" class="projector_details disable" action="https://www.sklep.kochamczapki.pl/pl/basketchange.html" method="post" data-product_id="9107" data-type="product_item">
<div class="projector_details__wrapper">
<div id="projector_prices_wrapper" class="projector_details__prices projector_prices"></div>
</div>
</form>
<p style="text-align: center;"><b>Klobúk:</b></p>
<ul>
<li style="text-align: center;">dvojitý materiál,</li>
<li style="text-align: center;">pohodlné, netlačí na hlavu,</li>
<li style="text-align: center;">dĺžka čiapky 28 cm</li>
<li style="text-align: center;">univerzálny obvod 36-58 cm</li>
<li style="text-align: center;">veľa farebných variantov</li>
</ul>
<p>&nbsp;</p>
<p>&nbsp;</p>
<table width="611">
<tbody>
<tr>
<td width="302">Model</td>
<td width="302">Čiapka Šmolko + alpakový komínový set</td>
</tr>
<tr>
<td width="302">Farba</td>
<td width="302">Ružová</td>
</tr>
<tr>
<td width="302">Zbierka</td>
<td width="302">jar/jeseň/zima</td>
</tr>
<tr>
<td width="302">veľkosti</td>
<td width="302">Univerzálny</td>
</tr>
<tr>
<td width="302">Komín</td>
<td width="302">Áno</td>
</tr>
<tr>
<td width="302">izolované</td>
<td width="302">Alpaka</td>
</tr>
<tr>
<td width="302">Materiál</td>
<td width="302">100% akryl</td>
</tr>
</tbody>
</table>
<p style="text-align: center;">

<p>Komplet Czapka Smerfetka+ Komin Alpaka Różowy Komplet Czapka Smerfetka+ Komin Alpaka Ciemno Szary POLSKIEJ PRODUKCJI !! Fason na sezon jesienno-zimowy wykonany z miłej i przyjemniej w dotyku ALPAKI. Klasyczny, jednolity fason, który będzie pasował do większości stylizacji. Elegancki i kobiecy. Komplet zimowy wykonany  z tkaniny imitującej futerko alpaki. W skład kompletu wchodzi czapka smerfetka i wysoki komin.</p>
<div class="klb-readmore post-buttons"><a class="button black outline size-sm" href="https://madelinefashion.pl/sk/komplet-czapka-smerfetka-komin-alpaka-rozowy/">Čítať ďalej <i class="klbth-icon-right-arrow"></i></a></div>

pracovný list
