{"id":7080,"date":"2021-04-01T17:15:22","date_gmt":"2021-04-01T15:15:22","guid":{"rendered":"https:\/\/madelinefashion.pl\/?post_type=product&#038;p=7080"},"modified":"2026-03-26T12:40:43","modified_gmt":"2026-03-26T11:40:43","slug":"bluzka-z-lancuszkiem-biala-xeni","status":"publish","type":"product","link":"https:\/\/madelinefashion.pl\/sk\/bluzka-z-lancuszkiem-biala-xeni\/","title":{"rendered":"Ko\u0161ie\u013eka s retiazkou White Xeni"},"content":{"rendered":"<h3 style=\"text-align: center;\">Ko\u0161ie\u013eka s retiazkou White Xeni<\/h3>\n<p style=\"text-align: center;\"><b>Bluzka z \u0141a\u0144cuszkiem Bia\u0142a pr\u0105\u017ckowana Xeni <\/b>to model,\u00a0 kt\u00f3ry b\u0119dzie pasowa\u0142a do wi\u0119kszo\u015bci stylizacji\u2013 ze wzgl\u0119du na swoja prostot\u0119. Wykonana z przyjemnego materia\u0142u\u00a0 zapewni Ci komfort noszenia. Uniwersalny kr\u00f3j mo\u017cesz nosi\u0107 przez ca\u0142y rok, niezale\u017cnie od pory roku. Po\u0142\u0105cz j\u0105 z naszymi <a href=\"https:\/\/madelinefashion.pl\/sk\/product-tag\/ramoneski\/\">Ramones<\/a>\u00a0 a voskovan\u00e9 nohavice <a href=\"https:\/\/madelinefashion.pl\/sk\/spodnie-biale-jeans-z-dziurami\/\">diery v nohaviciach<\/a> czy szortami. . Bluzka posiada ozdobny <strong>\u0142a\u0144cuszek w kolorze z\u0142otym<\/strong>\u00a0. Ide o model, v ktorom nezostanete bez pov\u0161imnutia. Jedna ve\u013ekos\u0165 sadne v\u0161etk\u00fdm odpor\u00fa\u010dan\u00fdm od <strong>S a\u017e XL<\/strong><\/p>\n<h3 style=\"text-align: center;\">Rozmery :<\/h3>\n<ul>\n<li style=\"text-align: center;\">\u00a0\u00a0\u00a0\u00a0\u00a0\u00a0\u00a0 D\u0142ugo\u015b\u0107 ca\u0142kowita\u00a0 : 57 cm<\/li>\n<li style=\"text-align: center;\">\u00a0 \u00a0 \u00a0 \u00a0 Szeroko\u015b\u0107 od pachy do pachy: 37 cm &#8211; 53 cm<\/li>\n<li style=\"text-align: center;\">Szeroko\u015b\u0107 na dole: 46 cm &#8211; 55 cm<\/li>\n<\/ul>\n<ul>\n<li style=\"text-align: center;\"><\/li>\n<\/ul>\n<p style=\"text-align: center;\">Rozmery sa m\u00f4\u017eu mierne l\u00ed\u0161i\u0165 od uveden\u00fdch +\/- 2cm. V\u0161etky uveden\u00e9 rozmery s\u00fa meran\u00e9 plo\u0161ne.<\/p>\n<table>\n<tbody>\n<tr>\n<td width=\"302\">Meno modela<\/td>\n<td width=\"302\">Bluzka z \u0141a\u0144cuszkiem Xeni<\/td>\n<\/tr>\n<tr>\n<td width=\"302\">Farba<\/td>\n<td width=\"302\">biely<\/td>\n<\/tr>\n<tr>\n<td width=\"302\">ve\u013ekosti<\/td>\n<td width=\"302\">Univerz\u00e1lny<\/td>\n<\/tr>\n<tr>\n<td width=\"302\">M\u00f3da<\/td>\n<td width=\"302\">nadrozmern\u00e9<\/td>\n<\/tr>\n<tr>\n<td width=\"302\">Materi\u00e1l<\/td>\n<td width=\"302\">97 % Poliester 3% Elastan<\/td>\n<\/tr>\n<\/tbody>\n<\/table>\n<p style=\"text-align: center;\"><span style=\"font-size: 10pt;\">\u00a0<\/span><\/p>\n<p style=\"text-align: center;\">\u00a0Model m\u00e1 <strong>175<\/strong> cm vysok\u00fd, nos\u00ed ve\u013ekos\u0165 ka\u017ed\u00fd de\u0148\u00a0<strong>S<\/strong><\/p>","protected":false},"excerpt":{"rendered":"<p>Bluzka z \u0141a\u0144cuszkiem Bia\u0142a Xeni Bluzka z \u0141a\u0144cuszkiem Bia\u0142a pr\u0105\u017ckowana Xeni to model,\u00a0 kt\u00f3ry b\u0119dzie pasowa\u0142a do wi\u0119kszo\u015bci stylizacji\u2013 ze wzgl\u0119du na swoja prostot\u0119. Wykonana z przyjemnego materia\u0142u\u00a0 zapewni Ci komfort noszenia. Uniwersalny kr\u00f3j mo\u017cesz nosi\u0107 przez ca\u0142y rok, niezale\u017cnie od pory roku. Po\u0142\u0105cz j\u0105 z naszymi ramoneskami\u00a0 i woskowanymi spodniami, spodniami w dziury czy<\/p>\n<div class=\"klb-readmore post-buttons\"><a class=\"button black outline size-sm\" href=\"https:\/\/madelinefashion.pl\/sk\/bluzka-z-lancuszkiem-biala-xeni\/\">\u010c\u00edta\u0165 \u010falej <i class=\"klbth-icon-right-arrow\"><\/i><\/a><\/div>","protected":false},"featured_media":7071,"template":"","meta":[],"product_brand":[],"product_cat":[77,85,380],"product_tag":[251],"class_list":{"0":"post-7080","1":"product","2":"type-product","3":"status-publish","4":"has-post-thumbnail","6":"product_cat-bluzki","7":"product_cat-t-shirty","8":"product_cat-wyprzedaz","9":"product_tag-bluzka-biala","11":"first","12":"instock","13":"sale","14":"purchasable","15":"product-type-simple"},"_links":{"self":[{"href":"https:\/\/madelinefashion.pl\/sk\/wp-json\/wp\/v2\/product\/7080","targetHints":{"allow":["GET"]}}],"collection":[{"href":"https:\/\/madelinefashion.pl\/sk\/wp-json\/wp\/v2\/product"}],"about":[{"href":"https:\/\/madelinefashion.pl\/sk\/wp-json\/wp\/v2\/types\/product"}],"wp:featuredmedia":[{"embeddable":true,"href":"https:\/\/madelinefashion.pl\/sk\/wp-json\/wp\/v2\/media\/7071"}],"wp:attachment":[{"href":"https:\/\/madelinefashion.pl\/sk\/wp-json\/wp\/v2\/media?parent=7080"}],"wp:term":[{"taxonomy":"product_brand","embeddable":true,"href":"https:\/\/madelinefashion.pl\/sk\/wp-json\/wp\/v2\/product_brand?post=7080"},{"taxonomy":"product_cat","embeddable":true,"href":"https:\/\/madelinefashion.pl\/sk\/wp-json\/wp\/v2\/product_cat?post=7080"},{"taxonomy":"product_tag","embeddable":true,"href":"https:\/\/madelinefashion.pl\/sk\/wp-json\/wp\/v2\/product_tag?post=7080"}],"curies":[{"name":"pracovn\u00fd list","href":"https:\/\/api.w.org\/{rel}","templated":true}]}}

Košieľka s retiazkou White Xeni

<h3 style="text-align: center;">Košieľka s retiazkou White Xeni</h3>
<p style="text-align: center;"><b>Bluzka z Łańcuszkiem Biała prążkowana Xeni </b>to model,  który będzie pasowała do większości stylizacji– ze względu na swoja prostotę. Wykonana z przyjemnego materiału  zapewni Ci komfort noszenia. Uniwersalny krój możesz nosić przez cały rok, niezależnie od pory roku. Połącz ją z naszymi <a href="https://madelinefashion.pl/sk/product-tag/ramoneski/">Ramones</a>  a voskované nohavice <a href="https://madelinefashion.pl/sk/spodnie-biale-jeans-z-dziurami/">diery v nohaviciach</a> czy szortami. . Bluzka posiada ozdobny <strong>łańcuszek w kolorze złotym</strong> . Ide o model, v ktorom nezostanete bez povšimnutia. Jedna veľkosť sadne všetkým odporúčaným od <strong>S až XL</strong></p>
<h3 style="text-align: center;">Rozmery :</h3>
<ul>
<li style="text-align: center;">        Długość całkowita  : 57 cm</li>
<li style="text-align: center;">        Szerokość od pachy do pachy: 37 cm &#8211; 53 cm</li>
<li style="text-align: center;">Szerokość na dole: 46 cm &#8211; 55 cm</li>
</ul>
<ul>
<li style="text-align: center;"></li>
</ul>
<p style="text-align: center;">Rozmery sa môžu mierne líšiť od uvedených +/- 2cm. Všetky uvedené rozmery sú merané plošne.</p>
<table>
<tbody>
<tr>
<td width="302">Meno modela</td>
<td width="302">Bluzka z Łańcuszkiem Xeni</td>
</tr>
<tr>
<td width="302">Farba</td>
<td width="302">biely</td>
</tr>
<tr>
<td width="302">veľkosti</td>
<td width="302">Univerzálny</td>
</tr>
<tr>
<td width="302">Móda</td>
<td width="302">nadrozmerné</td>
</tr>
<tr>
<td width="302">Materiál</td>
<td width="302">97 % Poliester 3% Elastan</td>
</tr>
</tbody>
</table>
<p style="text-align: center;"><span style="font-size: 10pt;"> </span></p>
<p style="text-align: center;"> Model má <strong>175</strong> cm vysoký, nosí veľkosť každý deň <strong>S</strong></p>

<p>Bluzka z Łańcuszkiem Biała Xeni Bluzka z Łańcuszkiem Biała prążkowana Xeni to model,  który będzie pasowała do większości stylizacji– ze względu na swoja prostotę. Wykonana z przyjemnego materiału  zapewni Ci komfort noszenia. Uniwersalny krój możesz nosić przez cały rok, niezależnie od pory roku. Połącz ją z naszymi ramoneskami  i woskowanymi spodniami, spodniami w dziury czy</p>
<div class="klb-readmore post-buttons"><a class="button black outline size-sm" href="https://madelinefashion.pl/sk/bluzka-z-lancuszkiem-biala-xeni/">Čítať ďalej <i class="klbth-icon-right-arrow"></i></a></div>

pracovný list
