{"id":7255,"date":"2021-04-01T23:32:00","date_gmt":"2021-04-01T21:32:00","guid":{"rendered":"https:\/\/madelinefashion.pl\/?post_type=product&#038;p=7255"},"modified":"2026-01-20T10:34:38","modified_gmt":"2026-01-20T09:34:38","slug":"top-srebrna-nitka-sasha-bialy","status":"publish","type":"product","link":"https:\/\/madelinefashion.pl\/sk\/top-srebrna-nitka-sasha-bialy\/","title":{"rendered":"Vrchn\u00e1 strieborn\u00e1 ni\u0165 Sasha biela"},"content":{"rendered":"<h3 style=\"text-align: center;\">Vrchn\u00e1 strieborn\u00e1 ni\u0165 Sasha biela<\/h3>\n<p>Jemn\u00e9<strong> vrch jemne ozdoben\u00fd striebornou ni\u0165ou<\/strong>, s v\u00fdstrihom je model, ktor\u00fd dod\u00e1 ak\u00e9muko\u013evek <strong>Tvoj zmyseln\u00fd \u0161t\u00fdl<\/strong>. Jemn\u00fd, jednoduch\u00fd strih, ktor\u00fd sa hod\u00ed k mnoh\u00fdm \u0161t\u00fdlom. Tento top so \u0161irok\u00fdmi ramienkami je ide\u00e1lny na tepl\u00e9 jarn\u00e9 a letn\u00e9 dni a bude vyzera\u0165 perfektne s na\u0161imi \u0161t\u00fdlmi. <a href=\"https:\/\/madelinefashion.pl\/sk\/spodnie\/\">nohavice<\/a> alebo \u0161ortky. Odpor\u00fa\u010dan\u00e1 jedna ve\u013ekos\u0165 <strong>XS SML XL<\/strong><\/p>\n<h3 style=\"text-align: center;\">Vlastnosti produktu:<\/h3>\n<p style=\"text-align: center;\">\u2013\u00a0<strong>remienkov\u00fd top<br \/>\n<\/strong>\u2013 ozdoba striebornou ni\u0165ou<strong><br \/>\n<\/strong>\u2013 \u013eahk\u00fd materi\u00e1l<br \/>\n-flexibiln\u00fd<\/p>\n<p>&nbsp;<\/p>\n<h3 style=\"text-align: center;\">Rozmery:<\/h3>\n<ul>\n<li style=\"text-align: center;\">celkov\u00e1 d\u013a\u017eka: 65 cm<\/li>\n<li style=\"text-align: center;\">\u0161\u00edrka od podpazu\u0161ia k podpazu\u0161iu: 37-49 cm<\/li>\n<li style=\"text-align: center;\">\u0161\u00edrka v spodnej \u010dasti: 35-47 cm<\/li>\n<\/ul>\n<p>&nbsp;<\/p>\n<table>\n<tbody>\n<tr>\n<td width=\"302\">Meno modela<\/td>\n<td width=\"302\">Top zo striebornej nite Sasha<\/td>\n<\/tr>\n<tr>\n<td width=\"302\">Farba<\/td>\n<td width=\"302\">biely<\/td>\n<\/tr>\n<tr>\n<td width=\"302\">ve\u013ekosti<\/td>\n<td width=\"302\">Univerz\u00e1lny<\/td>\n<\/tr>\n<tr>\n<td width=\"302\">M\u00f3da<\/td>\n<td width=\"302\">nadrozmern\u00e9<\/td>\n<\/tr>\n<tr>\n<td width=\"302\">Materi\u00e1l<\/td>\n<td width=\"302\">95 % Visk\u00f3za 5% Elastan<\/td>\n<\/tr>\n<\/tbody>\n<\/table>\n<p style=\"text-align: center;\"><span style=\"font-size: 10pt;\">\u00a0<\/span><\/p>\n<p style=\"text-align: center;\">\u00a0Model m\u00e1\u00a0<strong>175<\/strong>\u00a0cm vysok\u00fd, nos\u00ed ve\u013ekos\u0165 ka\u017ed\u00fd de\u0148\u00a0<strong>S<\/strong><\/p>","protected":false},"excerpt":{"rendered":"<p>Top Srebrna Nitka Sasha Bia\u0142y Delikatny top obszyty delikatnie srebrn\u0105 nitk\u0105, z dekoltem to\u00a0 model, kt\u00f3ry doda ka\u017cdej Twojej stylizacji zmys\u0142owo\u015bci. Subtelny, prosty kr\u00f3j pasuj\u0105cy do wielu stylizacji. Top na szerokich rami\u0105czkach to idealna propozycja na ciep\u0142e wiosenne i letnie dni, idealnie b\u0119dzie prezentowa\u0107 si\u0119 z naszymi modelami spodni czy szort\u00f3w.\u00a0 Rozmiar uniwersalny zalecany XS<\/p>\n<div class=\"klb-readmore post-buttons\"><a class=\"button black outline size-sm\" href=\"https:\/\/madelinefashion.pl\/sk\/top-srebrna-nitka-sasha-bialy\/\">\u010c\u00edta\u0165 \u010falej <i class=\"klbth-icon-right-arrow\"><\/i><\/a><\/div>","protected":false},"featured_media":7245,"template":"","meta":[],"product_brand":[],"product_cat":[85],"product_tag":[251,292],"class_list":{"0":"post-7255","1":"product","2":"type-product","3":"status-publish","4":"has-post-thumbnail","6":"product_cat-t-shirty","7":"product_tag-bluzka-biala","8":"product_tag-topy","10":"first","11":"instock","12":"sale","13":"purchasable","14":"product-type-simple"},"_links":{"self":[{"href":"https:\/\/madelinefashion.pl\/sk\/wp-json\/wp\/v2\/product\/7255","targetHints":{"allow":["GET"]}}],"collection":[{"href":"https:\/\/madelinefashion.pl\/sk\/wp-json\/wp\/v2\/product"}],"about":[{"href":"https:\/\/madelinefashion.pl\/sk\/wp-json\/wp\/v2\/types\/product"}],"wp:featuredmedia":[{"embeddable":true,"href":"https:\/\/madelinefashion.pl\/sk\/wp-json\/wp\/v2\/media\/7245"}],"wp:attachment":[{"href":"https:\/\/madelinefashion.pl\/sk\/wp-json\/wp\/v2\/media?parent=7255"}],"wp:term":[{"taxonomy":"product_brand","embeddable":true,"href":"https:\/\/madelinefashion.pl\/sk\/wp-json\/wp\/v2\/product_brand?post=7255"},{"taxonomy":"product_cat","embeddable":true,"href":"https:\/\/madelinefashion.pl\/sk\/wp-json\/wp\/v2\/product_cat?post=7255"},{"taxonomy":"product_tag","embeddable":true,"href":"https:\/\/madelinefashion.pl\/sk\/wp-json\/wp\/v2\/product_tag?post=7255"}],"curies":[{"name":"pracovn\u00fd list","href":"https:\/\/api.w.org\/{rel}","templated":true}]}}

Vrchná strieborná niť Sasha biela

<h3 style="text-align: center;">Vrchná strieborná niť Sasha biela</h3>
<p>Jemné<strong> vrch jemne ozdobený striebornou niťou</strong>, s výstrihom je model, ktorý dodá akémukoľvek <strong>Tvoj zmyselný štýl</strong>. Jemný, jednoduchý strih, ktorý sa hodí k mnohým štýlom. Tento top so širokými ramienkami je ideálny na teplé jarné a letné dni a bude vyzerať perfektne s našimi štýlmi. <a href="https://madelinefashion.pl/sk/spodnie/">nohavice</a> alebo šortky. Odporúčaná jedna veľkosť <strong>XS SML XL</strong></p>
<h3 style="text-align: center;">Vlastnosti produktu:</h3>
<p style="text-align: center;">– <strong>remienkový top<br />
</strong>– ozdoba striebornou niťou<strong><br />
</strong>– ľahký materiál<br />
-flexibilný</p>
<p>&nbsp;</p>
<h3 style="text-align: center;">Rozmery:</h3>
<ul>
<li style="text-align: center;">celková dĺžka: 65 cm</li>
<li style="text-align: center;">šírka od podpazušia k podpazušiu: 37-49 cm</li>
<li style="text-align: center;">šírka v spodnej časti: 35-47 cm</li>
</ul>
<p>&nbsp;</p>
<table>
<tbody>
<tr>
<td width="302">Meno modela</td>
<td width="302">Top zo striebornej nite Sasha</td>
</tr>
<tr>
<td width="302">Farba</td>
<td width="302">biely</td>
</tr>
<tr>
<td width="302">veľkosti</td>
<td width="302">Univerzálny</td>
</tr>
<tr>
<td width="302">Móda</td>
<td width="302">nadrozmerné</td>
</tr>
<tr>
<td width="302">Materiál</td>
<td width="302">95 % Viskóza 5% Elastan</td>
</tr>
</tbody>
</table>
<p style="text-align: center;"><span style="font-size: 10pt;"> </span></p>
<p style="text-align: center;"> Model má <strong>175</strong> cm vysoký, nosí veľkosť každý deň <strong>S</strong></p>

<p>Top Srebrna Nitka Sasha Biały Delikatny top obszyty delikatnie srebrną nitką, z dekoltem to  model, który doda każdej Twojej stylizacji zmysłowości. Subtelny, prosty krój pasujący do wielu stylizacji. Top na szerokich ramiączkach to idealna propozycja na ciepłe wiosenne i letnie dni, idealnie będzie prezentować się z naszymi modelami spodni czy szortów.  Rozmiar uniwersalny zalecany XS</p>
<div class="klb-readmore post-buttons"><a class="button black outline size-sm" href="https://madelinefashion.pl/sk/top-srebrna-nitka-sasha-bialy/">Čítať ďalej <i class="klbth-icon-right-arrow"></i></a></div>

pracovný list
