{"id":729,"date":"2019-02-09T10:49:05","date_gmt":"2019-02-09T09:49:05","guid":{"rendered":"http:\/\/serwer2078743.home.pl\/?post_type=product&#038;p=729"},"modified":"2026-01-15T12:43:44","modified_gmt":"2026-01-15T11:43:44","slug":"plaszcz-cytrynowy-dlugi-z-flauszu","status":"publish","type":"product","link":"https:\/\/madelinefashion.pl\/sk\/plaszcz-cytrynowy-dlugi-z-flauszu\/","title":{"rendered":"Citr\u00f3nov\u00fd dlh\u00fd fleecov\u00fd kab\u00e1t"},"content":{"rendered":"<h3 style=\"text-align: center;\">Citr\u00f3nov\u00fd dlh\u00fd fleecov\u00fd kab\u00e1t<\/h3>\n<p style=\"text-align: center;\">Kab\u00e1t citr\u00f3novej farby <strong>fleece dlh\u00fd<\/strong> toto <strong>ide\u00e1lne\u00a0<\/strong>n\u00e1vrh na\u00a0<strong>jar, jese\u0148<\/strong>\u00a0a jemn\u00e9\u00a0<strong>zima<\/strong>. Je to spojenie elegancie, modernosti a funk\u010dnosti - b\u00e9\u017eov\u00fd kab\u00e1t pristane ka\u017edej postave. Kab\u00e1t je univerz\u00e1lny - hod\u00ed sa na ka\u017ed\u00fa pr\u00edle\u017eitos\u0165, na ka\u017ed\u00fa pr\u00edle\u017eitos\u0165 sa bude hodi\u0165\u00a0<strong>ro\u010dn\u00e9 obdobie<\/strong>, navy\u0161e v\u010faka fleecu perfektne sed\u00ed.<\/p>\n<p style=\"text-align: center;\">Modern\u00fd, elegantn\u00fd a \u0161t\u00fdlov\u00fd p\u00e1perov\u00fd kab\u00e1t, ktor\u00fd sadne ka\u017edej siluete a hod\u00ed sa na ka\u017ed\u00fa pr\u00edle\u017eitos\u0165 a ka\u017ed\u00e9 ro\u010dn\u00e9 obdobie. Kab\u00e1t je dostupn\u00fd v r\u00f4znych farb\u00e1ch. Farby s\u00fa tlmen\u00e9, a preto p\u00f4sobia ve\u013emi elegantne a \u0161ik. Ide\u00e1lne do \u0161koly, pr\u00e1ce, na rande alebo na stretnutie s priate\u013emi! Odpor\u00fa\u010dan\u00e9 pre nosite\u013eov <strong>SML XL\u00a0<\/strong><\/p>\n<h3 style=\"text-align: center;\">Perfektn\u00fd kab\u00e1t na ka\u017ed\u00fa pr\u00edle\u017eitos\u0165<\/h3>\n<p style=\"text-align: center;\">Citr\u00f3nov\u00e1 farba je mimoriadne svie\u017ea a energizuj\u00faca farba, spojen\u00e1 nielen s jarou a letom, ktor\u00fa si vyber\u00e1 mnoho \u017eien. Farba dod\u00e1va kab\u00e1tu charakter, no z\u00e1rove\u0148 v\u00e1m umo\u017e\u0148uje zladi\u0165 ho k r\u00f4znym \u0161t\u00fdlom<\/p>\n<p style=\"text-align: center;\">Kab\u00e1t je dostupn\u00fd aj v in\u00fdch farebn\u00fdch variantoch - odpor\u00fa\u010dame V\u00e1m zozn\u00e1mi\u0165 sa s na\u0161imi \u010fal\u0161\u00edmi produktmi.<\/p>\n<p style=\"text-align: center;\">Ide\u00e1lne do \u0161koly, pr\u00e1ce, na rande alebo na stretnutie s priate\u013emi!<\/p>\n<p style=\"text-align: center;\"><strong>Ide\u00e1lne pre ka\u017ed\u00fa pr\u00edle\u017eitos\u0165 a \u010das!<\/strong><\/p>\n<h3 style=\"text-align: center;\">Rozmery kab\u00e1ta<\/h3>\n<ul style=\"text-align: center;\">\n<li>celkov\u00e1 d\u013a\u017eka chrbta: 90 cm<\/li>\n<li>\u0161\u00edrka od pazuchy po pazuchu: 52 cm<\/li>\n<li>d\u013a\u017eka ruk\u00e1va od ramena: 62 cm<\/li>\n<li>d\u013a\u017eka ruk\u00e1va od podpazu\u0161ia: 47 cm<\/li>\n<li>odpor\u00fa\u010dan\u00fd maxim\u00e1lny obvod poprsia: 125-130 cm<\/li>\n<li>\u0161\u00edrka v bicepsoch: 36 cm<\/li>\n<\/ul>\n<p style=\"text-align: center;\">Rozmery sa m\u00f4\u017eu mierne l\u00ed\u0161i\u0165 od uveden\u00fdch +\/- 2cm. V\u0161etky uveden\u00e9 rozmery s\u00fa meran\u00e9 plo\u0161ne.<\/p>\n<p style=\"text-align: center;\"><strong>Jedna ve\u013ekos\u0165 pre v\u0161etk\u00fdch, odpor\u00fa\u010dan\u00e1 pre SML XL\u00a0\u00a0\u00a0<\/strong><\/p>\n<p>&nbsp;<\/p>\n<table>\n<tbody>\n<tr>\n<td width=\"302\">Meno modela<\/td>\n<td width=\"302\">Citr\u00f3nov\u00fd fleecov\u00fd kab\u00e1t<\/td>\n<\/tr>\n<tr>\n<td width=\"302\">Farba<\/td>\n<td width=\"302\">Citr\u00f3nov\u00e1<\/td>\n<\/tr>\n<tr>\n<td width=\"302\">Zbierka<\/td>\n<td width=\"302\">jar\/jese\u0148\/zima<\/td>\n<\/tr>\n<tr>\n<td width=\"302\">ve\u013ekosti<\/td>\n<td width=\"302\">Univerz\u00e1lny<\/td>\n<\/tr>\n<tr>\n<td width=\"302\">M\u00f3da<\/td>\n<td width=\"302\">Prisp\u00f4soben\u00e9\/vypasovan\u00e9 v p\u00e1se<\/td>\n<\/tr>\n<tr>\n<td width=\"302\">Hood<\/td>\n<td width=\"302\">Bez kapucne<\/td>\n<\/tr>\n<tr>\n<td width=\"302\">izolovan\u00e9<\/td>\n<td width=\"302\">jednopl\u00e1\u0161\u0165ov\u00e9<\/td>\n<\/tr>\n<tr>\n<td width=\"302\">Materi\u00e1l<\/td>\n<td width=\"302\">Petersham<\/td>\n<\/tr>\n<\/tbody>\n<\/table>\n<p>&nbsp;<\/p>\n<p style=\"text-align: center;\">Model m\u00e1\u00a0<strong>169<\/strong>\u00a0cm vysok\u00fd, nos\u00ed ve\u013ekos\u0165 ka\u017ed\u00fd de\u0148\u00a0<strong>S<\/strong><\/p>\n<p style=\"text-align: center;\">\u0160\u00edrka cez prsia 92 cm<\/p>\n<p style=\"text-align: center;\">\u0160\u00edrka v p\u00e1se 62 cm<\/p>\n<p style=\"text-align: center;\">\u0160\u00edrka v bokoch 94 cm<\/p>","protected":false},"excerpt":{"rendered":"<p>P\u0142aszcz Cytrynowy D\u0142ugi z Flauszu P\u0142aszcz w kolorze Cytrynowym d\u0142ugi z flauszu to idealna\u00a0propozycja na\u00a0wiosn\u0119, jesie\u0144\u00a0i delikatn\u0105\u00a0zim\u0119. Jest to po\u0142\u0105czenie elegancji, nowoczesno\u015bci i funkcjonalno\u015bci \u2013 Be\u017cowy p\u0142aszczyk wpisuje si\u0119 w ka\u017cd\u0105 sylwetk\u0119. P\u0142aszcz jest uniwersalny \u2013 jest stosowny na ka\u017cd\u0105 okazj\u0119, \u015bwietnie sprawdzi si\u0119 w ka\u017cdej\u00a0porze roku, dodatkowo wykonanie z flauszu sprawia, \u017ce idealnie si\u0119<\/p>\n<div class=\"klb-readmore post-buttons\"><a class=\"button black outline size-sm\" href=\"https:\/\/madelinefashion.pl\/sk\/plaszcz-cytrynowy-dlugi-z-flauszu\/\">\u010c\u00edta\u0165 \u010falej <i class=\"klbth-icon-right-arrow\"><\/i><\/a><\/div>","protected":false},"featured_media":81610,"template":"","meta":[],"product_brand":[],"product_cat":[120,279],"product_tag":[510],"class_list":{"0":"post-729","1":"product","2":"type-product","3":"status-publish","4":"has-post-thumbnail","6":"product_cat-plaszcze-dlugie","7":"product_cat-plaszcze-wiosenne","8":"product_tag-plaszcze-flauszowe","10":"first","11":"instock","12":"sale","13":"purchasable","14":"product-type-simple"},"_links":{"self":[{"href":"https:\/\/madelinefashion.pl\/sk\/wp-json\/wp\/v2\/product\/729","targetHints":{"allow":["GET"]}}],"collection":[{"href":"https:\/\/madelinefashion.pl\/sk\/wp-json\/wp\/v2\/product"}],"about":[{"href":"https:\/\/madelinefashion.pl\/sk\/wp-json\/wp\/v2\/types\/product"}],"wp:featuredmedia":[{"embeddable":true,"href":"https:\/\/madelinefashion.pl\/sk\/wp-json\/wp\/v2\/media\/81610"}],"wp:attachment":[{"href":"https:\/\/madelinefashion.pl\/sk\/wp-json\/wp\/v2\/media?parent=729"}],"wp:term":[{"taxonomy":"product_brand","embeddable":true,"href":"https:\/\/madelinefashion.pl\/sk\/wp-json\/wp\/v2\/product_brand?post=729"},{"taxonomy":"product_cat","embeddable":true,"href":"https:\/\/madelinefashion.pl\/sk\/wp-json\/wp\/v2\/product_cat?post=729"},{"taxonomy":"product_tag","embeddable":true,"href":"https:\/\/madelinefashion.pl\/sk\/wp-json\/wp\/v2\/product_tag?post=729"}],"curies":[{"name":"pracovn\u00fd list","href":"https:\/\/api.w.org\/{rel}","templated":true}]}}

Citrónový dlhý fleecový kabát

<h3 style="text-align: center;">Citrónový dlhý fleecový kabát</h3>
<p style="text-align: center;">Kabát citrónovej farby <strong>fleece dlhý</strong> toto <strong>ideálne </strong>návrh na <strong>jar, jeseň</strong> a jemné <strong>zima</strong>. Je to spojenie elegancie, modernosti a funkčnosti - béžový kabát pristane každej postave. Kabát je univerzálny - hodí sa na každú príležitosť, na každú príležitosť sa bude hodiť <strong>ročné obdobie</strong>, navyše vďaka fleecu perfektne sedí.</p>
<p style="text-align: center;">Moderný, elegantný a štýlový páperový kabát, ktorý sadne každej siluete a hodí sa na každú príležitosť a každé ročné obdobie. Kabát je dostupný v rôznych farbách. Farby sú tlmené, a preto pôsobia veľmi elegantne a šik. Ideálne do školy, práce, na rande alebo na stretnutie s priateľmi! Odporúčané pre nositeľov <strong>SML XL </strong></p>
<h3 style="text-align: center;">Perfektný kabát na každú príležitosť</h3>
<p style="text-align: center;">Citrónová farba je mimoriadne svieža a energizujúca farba, spojená nielen s jarou a letom, ktorú si vyberá mnoho žien. Farba dodáva kabátu charakter, no zároveň vám umožňuje zladiť ho k rôznym štýlom</p>
<p style="text-align: center;">Kabát je dostupný aj v iných farebných variantoch - odporúčame Vám zoznámiť sa s našimi ďalšími produktmi.</p>
<p style="text-align: center;">Ideálne do školy, práce, na rande alebo na stretnutie s priateľmi!</p>
<p style="text-align: center;"><strong>Ideálne pre každú príležitosť a čas!</strong></p>
<h3 style="text-align: center;">Rozmery kabáta</h3>
<ul style="text-align: center;">
<li>celková dĺžka chrbta: 90 cm</li>
<li>šírka od pazuchy po pazuchu: 52 cm</li>
<li>dĺžka rukáva od ramena: 62 cm</li>
<li>dĺžka rukáva od podpazušia: 47 cm</li>
<li>odporúčaný maximálny obvod poprsia: 125-130 cm</li>
<li>šírka v bicepsoch: 36 cm</li>
</ul>
<p style="text-align: center;">Rozmery sa môžu mierne líšiť od uvedených +/- 2cm. Všetky uvedené rozmery sú merané plošne.</p>
<p style="text-align: center;"><strong>Jedna veľkosť pre všetkých, odporúčaná pre SML XL   </strong></p>
<p>&nbsp;</p>
<table>
<tbody>
<tr>
<td width="302">Meno modela</td>
<td width="302">Citrónový fleecový kabát</td>
</tr>
<tr>
<td width="302">Farba</td>
<td width="302">Citrónová</td>
</tr>
<tr>
<td width="302">Zbierka</td>
<td width="302">jar/jeseň/zima</td>
</tr>
<tr>
<td width="302">veľkosti</td>
<td width="302">Univerzálny</td>
</tr>
<tr>
<td width="302">Móda</td>
<td width="302">Prispôsobené/vypasované v páse</td>
</tr>
<tr>
<td width="302">Hood</td>
<td width="302">Bez kapucne</td>
</tr>
<tr>
<td width="302">izolované</td>
<td width="302">jednoplášťové</td>
</tr>
<tr>
<td width="302">Materiál</td>
<td width="302">Petersham</td>
</tr>
</tbody>
</table>
<p>&nbsp;</p>
<p style="text-align: center;">Model má <strong>169</strong> cm vysoký, nosí veľkosť každý deň <strong>S</strong></p>
<p style="text-align: center;">Šírka cez prsia 92 cm</p>
<p style="text-align: center;">Šírka v páse 62 cm</p>
<p style="text-align: center;">Šírka v bokoch 94 cm</p>

<p>Płaszcz Cytrynowy Długi z Flauszu Płaszcz w kolorze Cytrynowym długi z flauszu to idealna propozycja na wiosnę, jesień i delikatną zimę. Jest to połączenie elegancji, nowoczesności i funkcjonalności – Beżowy płaszczyk wpisuje się w każdą sylwetkę. Płaszcz jest uniwersalny – jest stosowny na każdą okazję, świetnie sprawdzi się w każdej porze roku, dodatkowo wykonanie z flauszu sprawia, że idealnie się</p>
<div class="klb-readmore post-buttons"><a class="button black outline size-sm" href="https://madelinefashion.pl/sk/plaszcz-cytrynowy-dlugi-z-flauszu/">Čítať ďalej <i class="klbth-icon-right-arrow"></i></a></div>

pracovný list
