{"id":7341,"date":"2021-04-02T01:47:47","date_gmt":"2021-04-01T23:47:47","guid":{"rendered":"https:\/\/madelinefashion.pl\/?post_type=product&#038;p=7341"},"modified":"2025-09-09T10:36:56","modified_gmt":"2025-09-09T08:36:56","slug":"sukienka-zapinana-na-guziki-choker-pudrowy-roz","status":"publish","type":"product","link":"https:\/\/madelinefashion.pl\/sk\/sukienka-zapinana-na-guziki-choker-pudrowy-roz\/","title":{"rendered":"\u0160aty Buttoned Choker Powder Pink"},"content":{"rendered":"<h3 style=\"text-align: center;\">\u0160aty Buttoned Choker Powder Pink<\/h3>\n<p style=\"text-align: center;\"><strong>M\u00f3dne \u0161aty origin\u00e1lneho strihu<\/strong>. Vyroben\u00e9 z materi\u00e1lu pr\u00edjemn\u00e9ho na dotyk. Choker \u0161aty s kr\u00e1tkym ruk\u00e1vom zap\u00ednan\u00e9 na zlat\u00e9 gomb\u00edky, roz\u0161\u00edren\u00fd spodok, dok\u00e1\u017eu zamaskova\u0165 drobn\u00e9 nedostatky postavy. Ide\u00e1lne ako na ka\u017ed\u00fd de\u0148, tak aj na udalosti. \u0160aty s v\u00fdstrihom do V p\u00f4sobia jemne a mimoriadne o\u010daruj\u00faco. Ide\u00e1lne do \u0161koly, pr\u00e1ce, na rande alebo na stretnutie s priate\u013emi! <strong>Ide\u00e1lne pre ka\u017ed\u00fa pr\u00edle\u017eitos\u0165 a \u010das! \u0160aty <\/strong>v univerz\u00e1lnej ve\u013ekosti odpor\u00fa\u010dan\u00e9 od<strong> S a\u017e XL.<\/strong> Dostupn\u00e9 vo viacer\u00fdch farb\u00e1ch. IN <strong>s\u00faprava s ta\u0161kou vo farbe \u0161iat<\/strong>.<\/p>\n<p><strong>\u0160aty tohto strihu s\u00fa skuto\u010dn\u00fdm hitom tohtoro\u010dnej jari a leta.<\/strong><\/p>\n<h3 style=\"text-align: center;\">Rozmery:<\/h3>\n<ul style=\"text-align: center;\">\n<li style=\"text-align: center;\"><span style=\"font-size: 10pt;\">\u00a0\u00a0\u00a0\u00a0\u00a0\u00a0\u00a0 celkov\u00e1 d\u013a\u017eka: 80 cm\u00a0<\/span><\/li>\n<li style=\"text-align: center;\"><span style=\"font-size: 10pt;\">\u00a0\u00a0\u00a0\u00a0\u00a0\u00a0\u00a0 \u0161\u00edrka od pazuchy po pazuchu: 46-53 cm<\/span><\/li>\n<li style=\"text-align: center;\"><span style=\"font-size: 10pt;\">\u00a0\u00a0\u00a0\u00a0\u00a0\u00a0\u00a0 d\u013a\u017eka ruk\u00e1va od podpazu\u0161ia: 7 cm<\/span><\/li>\n<li style=\"text-align: center;\"><span style=\"font-size: 10pt;\">\u00a0\u00a0\u00a0\u00a0\u00a0\u00a0\u00a0 d\u013a\u017eka ruk\u00e1va od ramena: 31 cm<\/span><\/li>\n<li style=\"text-align: center;\"><span style=\"font-size: 10pt;\">\u00a0\u00a0\u00a0\u00a0\u00a0\u00a0\u00a0 \u0161\u00edrka p\u00e1sa: 40-45 cm<\/span><span style=\"font-size: 10pt;\">\u00a0<\/span><\/li>\n<\/ul>\n<p>&nbsp;<\/p>\n<p style=\"text-align: center;\"><span style=\"font-size: 10pt;\">Rozmery sa m\u00f4\u017eu mierne l\u00ed\u0161i\u0165 od uveden\u00fdch +\/- 2cm. V\u0161etky uveden\u00e9 rozmery s\u00fa meran\u00e9 plo\u0161ne. rozmer x2<\/span><\/p>\n<p style=\"text-align: center;\"><span style=\"font-size: 10pt;\">\u00a0<\/span><\/p>\n<table width=\"621\">\n<tbody>\n<tr>\n<td width=\"302\">Meno modela<\/td>\n<td width=\"302\">\u0160aty na gomb\u00edky<\/td>\n<\/tr>\n<tr>\n<td width=\"302\">Farba<\/td>\n<td width=\"302\">P\u00fadrov\u00e1 ru\u017eov\u00e1<\/td>\n<\/tr>\n<tr>\n<td width=\"302\">M\u00f3da<\/td>\n<td width=\"302\">nadrozmern\u00e9<\/td>\n<\/tr>\n<tr>\n<td width=\"302\">Materi\u00e1l<\/td>\n<td width=\"302\">95 % Polyester 5% Elastan<\/td>\n<\/tr>\n<tr>\n<td width=\"302\">D\u013a\u017eka<\/td>\n<td width=\"302\">Pred kolenom<\/td>\n<\/tr>\n<\/tbody>\n<\/table>\n<p>&nbsp;<\/p>\n<p style=\"text-align: center;\">\u00a0Model m\u00e1\u00a0<strong>175<\/strong>\u00a0cm vysok\u00fd, nos\u00ed ve\u013ekos\u0165 ka\u017ed\u00fd de\u0148\u00a0<strong>S<\/strong><\/p>\n<p style=\"text-align: center;\"><span style=\"font-size: 10pt;\">\u00a0<\/span><\/p>","protected":false},"excerpt":{"rendered":"<p>\u0160aty s kr\u00e1tkym ruk\u00e1vom a zap\u00ednan\u00edm na gomb\u00edky v p\u00fadrovo ru\u017eovej farbe. M\u00f3dne \u0161aty s jedine\u010dn\u00fdm dizajnom. Tieto \u0161aty s kr\u00e1tkym ruk\u00e1vom a chokerom s\u00fa vyroben\u00e9 z m\u00e4kkej l\u00e1tky, zap\u00ednaj\u00fa sa na zlat\u00e9 gomb\u00edky a maj\u00fa roz\u0161\u00edren\u00fa suk\u0148u, ktor\u00e1 umo\u017e\u0148uje skry\u0165 drobn\u00e9 nedokonalosti postavy. Ide\u00e1lne na ka\u017edodenn\u00e9 nosenie aj na \u0161peci\u00e1lne pr\u00edle\u017eitosti. \u0160aty s v\u00fdstrihom do V s\u00fa jemn\u00e9 a neuverite\u013ene o\u010daruj\u00face.<\/p>\n<div class=\"klb-readmore post-buttons\"><a class=\"button black outline size-sm\" href=\"https:\/\/madelinefashion.pl\/sk\/sukienka-zapinana-na-guziki-choker-pudrowy-roz\/\">\u010c\u00edta\u0165 \u010falej <i class=\"klbth-icon-right-arrow\"><\/i><\/a><\/div>","protected":false},"featured_media":7340,"template":"","meta":[],"product_brand":[],"product_cat":[125],"product_tag":[],"class_list":{"0":"post-7341","1":"product","2":"type-product","3":"status-publish","4":"has-post-thumbnail","6":"product_cat-sukienki","8":"first","9":"instock","10":"purchasable","11":"product-type-simple"},"_links":{"self":[{"href":"https:\/\/madelinefashion.pl\/sk\/wp-json\/wp\/v2\/product\/7341","targetHints":{"allow":["GET"]}}],"collection":[{"href":"https:\/\/madelinefashion.pl\/sk\/wp-json\/wp\/v2\/product"}],"about":[{"href":"https:\/\/madelinefashion.pl\/sk\/wp-json\/wp\/v2\/types\/product"}],"wp:featuredmedia":[{"embeddable":true,"href":"https:\/\/madelinefashion.pl\/sk\/wp-json\/wp\/v2\/media\/7340"}],"wp:attachment":[{"href":"https:\/\/madelinefashion.pl\/sk\/wp-json\/wp\/v2\/media?parent=7341"}],"wp:term":[{"taxonomy":"product_brand","embeddable":true,"href":"https:\/\/madelinefashion.pl\/sk\/wp-json\/wp\/v2\/product_brand?post=7341"},{"taxonomy":"product_cat","embeddable":true,"href":"https:\/\/madelinefashion.pl\/sk\/wp-json\/wp\/v2\/product_cat?post=7341"},{"taxonomy":"product_tag","embeddable":true,"href":"https:\/\/madelinefashion.pl\/sk\/wp-json\/wp\/v2\/product_tag?post=7341"}],"curies":[{"name":"pracovn\u00fd list","href":"https:\/\/api.w.org\/{rel}","templated":true}]}}

Šaty Buttoned Choker Powder Pink

<h3 style="text-align: center;">Šaty Buttoned Choker Powder Pink</h3>
<p style="text-align: center;"><strong>Módne šaty originálneho strihu</strong>. Vyrobené z materiálu príjemného na dotyk. Choker šaty s krátkym rukávom zapínané na zlaté gombíky, rozšírený spodok, dokážu zamaskovať drobné nedostatky postavy. Ideálne ako na každý deň, tak aj na udalosti. Šaty s výstrihom do V pôsobia jemne a mimoriadne očarujúco. Ideálne do školy, práce, na rande alebo na stretnutie s priateľmi! <strong>Ideálne pre každú príležitosť a čas! Šaty </strong>v univerzálnej veľkosti odporúčané od<strong> S až XL.</strong> Dostupné vo viacerých farbách. IN <strong>súprava s taškou vo farbe šiat</strong>.</p>
<p><strong>Šaty tohto strihu sú skutočným hitom tohtoročnej jari a leta.</strong></p>
<h3 style="text-align: center;">Rozmery:</h3>
<ul style="text-align: center;">
<li style="text-align: center;"><span style="font-size: 10pt;">        celková dĺžka: 80 cm </span></li>
<li style="text-align: center;"><span style="font-size: 10pt;">        šírka od pazuchy po pazuchu: 46-53 cm</span></li>
<li style="text-align: center;"><span style="font-size: 10pt;">        dĺžka rukáva od podpazušia: 7 cm</span></li>
<li style="text-align: center;"><span style="font-size: 10pt;">        dĺžka rukáva od ramena: 31 cm</span></li>
<li style="text-align: center;"><span style="font-size: 10pt;">        šírka pása: 40-45 cm</span><span style="font-size: 10pt;"> </span></li>
</ul>
<p>&nbsp;</p>
<p style="text-align: center;"><span style="font-size: 10pt;">Rozmery sa môžu mierne líšiť od uvedených +/- 2cm. Všetky uvedené rozmery sú merané plošne. rozmer x2</span></p>
<p style="text-align: center;"><span style="font-size: 10pt;"> </span></p>
<table width="621">
<tbody>
<tr>
<td width="302">Meno modela</td>
<td width="302">Šaty na gombíky</td>
</tr>
<tr>
<td width="302">Farba</td>
<td width="302">Púdrová ružová</td>
</tr>
<tr>
<td width="302">Móda</td>
<td width="302">nadrozmerné</td>
</tr>
<tr>
<td width="302">Materiál</td>
<td width="302">95 % Polyester 5% Elastan</td>
</tr>
<tr>
<td width="302">Dĺžka</td>
<td width="302">Pred kolenom</td>
</tr>
</tbody>
</table>
<p>&nbsp;</p>
<p style="text-align: center;"> Model má <strong>175</strong> cm vysoký, nosí veľkosť každý deň <strong>S</strong></p>
<p style="text-align: center;"><span style="font-size: 10pt;"> </span></p>

<p>Šaty s krátkym rukávom a zapínaním na gombíky v púdrovo ružovej farbe. Módne šaty s jedinečným dizajnom. Tieto šaty s krátkym rukávom a chokerom sú vyrobené z mäkkej látky, zapínajú sa na zlaté gombíky a majú rozšírenú sukňu, ktorá umožňuje skryť drobné nedokonalosti postavy. Ideálne na každodenné nosenie aj na špeciálne príležitosti. Šaty s výstrihom do V sú jemné a neuveriteľne očarujúce.</p>
<div class="klb-readmore post-buttons"><a class="button black outline size-sm" href="https://madelinefashion.pl/sk/sukienka-zapinana-na-guziki-choker-pudrowy-roz/">Čítať ďalej <i class="klbth-icon-right-arrow"></i></a></div>

pracovný list
