{"id":74101,"date":"2023-01-17T15:33:22","date_gmt":"2023-01-17T14:33:22","guid":{"rendered":"https:\/\/madelinefashion.pl\/?post_type=product&#038;p=74101"},"modified":"2026-04-10T15:07:12","modified_gmt":"2026-04-10T13:07:12","slug":"sukienka-tiulowa-zloto-czarna-kallea-krotka","status":"publish","type":"product","link":"https:\/\/madelinefashion.pl\/sk\/sukienka-tiulowa-zloto-czarna-kallea-krotka\/","title":{"rendered":"Tylov\u00e9 \u0161aty Gold Black Kallea Short"},"content":{"rendered":"<h3 style=\"text-align: center;\">Tylov\u00e9 \u0161aty Gold Black Kallea Short<\/h3>\n<p style=\"text-align: center;\"><span style=\"font-size: 10pt;\">\u00a0Kr\u00e1sne kr\u00e1tke spolo\u010densk\u00e9 \u0161aty s tylov\u00fdm spodn\u00fdm dielom a vrchn\u00fdm dielom zdoben\u00fdm n\u00e1dhernou v\u00fd\u0161ivkou a ozdobami v podobe trblietav\u00fdch kry\u0161t\u00e1lov a brok\u00e1tu. Kr\u00e1sne odha\u013euje \u017eensk\u00e9 tvary. <\/span><span style=\"font-size: 10pt;\">\u0160aty kr\u00e1sne odha\u013euj\u00fa chrb\u00e1t - v\u00fdstrih v tvare V. <\/span><strong>\u0160aty snov<\/strong>\u00a0 \u00a0ramienka a zdoben\u00fd top. \u0160itie d\u00e1va \u00fa\u017easn\u00fd efekt a kry\u0161t\u00e1ly sa na svetle n\u00e1dherne leskn\u00fa.<strong> V\u00fdstrih do V<\/strong>. Z\u00fa\u017een\u00e1 v p\u00e1se dokonale zv\u00fdrazn\u00ed p\u00e1s. <strong>Zadn\u00e1 strana je \u00fa\u017easne strihan\u00e1, v tvare p\u00edsmena V<\/strong>. Diera <a href=\"https:\/\/madelinefashion.pl\/sk\/sukienki-i-kombinezony\/sukienki-okolicznosciowe\/\">\u0160aty<\/a> bol vyroben\u00fd z nieko\u013ek\u00fdch vrstiev svetl\u00e9ho tylu.<span style=\"font-size: 10pt;\">\u00a0<\/span><span style=\"font-size: 10pt;\">Dostupn\u00e9 vo ve\u013ekostiach<strong> SML<\/strong>. \u0160aty <b>od Madelinefashion <\/b>je vynikaj\u00facou vo\u013ebou na svadbu, ples, Silvestra a in\u00e9 elegantn\u00e9 \u0161peci\u00e1lne udalosti. Ak sa neviete rozhodn\u00fa\u0165, ktor\u00fd <strong>ve\u013ekos\u0165<\/strong> je pre v\u00e1s to najlep\u0161ie <strong>kontaktuj n\u00e1s<\/strong> cez <a href=\"https:\/\/www.facebook.com\/madelinefashionbutik\" target=\"_blank\" rel=\"noopener\">Facebook<\/a> alebo <a href=\"https:\/\/madelinefashion.pl\/sk\/kontakt\/\">telef\u00f3n<\/a>. Ak ve\u013ekos\u0165 nie je na str\u00e1nke, kontaktujte n\u00e1s.\u00a0<\/span><\/p>\n<h3 style=\"text-align: center;\">ROZMERY \u0161iat:<\/h3>\n<table class=\"table table-bordered\" style=\"height: 98px;\" width=\"441\">\n<tbody>\n<tr>\n<td><strong>Ve\u013ekos\u0165<\/strong><\/td>\n<td><strong>S\/36<\/strong><\/td>\n<td><strong>M\/38<\/strong><\/td>\n<td><strong>L\/40<\/strong><\/td>\n<\/tr>\n<tr>\n<td>\u0160\u00edrka poprsia (cm)<\/td>\n<td>44<\/td>\n<td>46<\/td>\n<td>48<\/td>\n<\/tr>\n<tr>\n<td>\u0160\u00edrka p\u00e1sa (cm)<\/td>\n<td>34<\/td>\n<td>37<\/td>\n<td>39<\/td>\n<\/tr>\n<tr>\n<td>Celkov\u00e1 d\u013a\u017eka (cm)<\/td>\n<td>91<\/td>\n<td>92<\/td>\n<td>93<\/td>\n<\/tr>\n<\/tbody>\n<\/table>\n<p style=\"text-align: center;\"><span style=\"font-size: 13.3333px;\">\u0160aty s\u00fa meran\u00e9 na plocho <strong>rozmer x2\u00a0<\/strong><\/span><\/p>\n<p style=\"text-align: center;\"><span style=\"font-size: 10pt;\">Rozmery sa m\u00f4\u017eu mierne l\u00ed\u0161i\u0165 od uveden\u00fdch +\/- 2cm.\u00a0<\/span><\/p>\n<p style=\"text-align: center;\"><span style=\"font-size: 10pt;\"><strong>\u00a0<\/strong>\u00a0<\/span><\/p>\n<table width=\"618\">\n<tbody>\n<tr>\n<td width=\"302\">Meno modela<\/td>\n<td width=\"302\">Kr\u00e1tke tylov\u00e9 \u0161aty Kallea<\/td>\n<\/tr>\n<tr>\n<td width=\"302\">Farba<\/td>\n<td width=\"302\">Zlat\u00e1 \u010dierna<\/td>\n<\/tr>\n<tr>\n<td width=\"302\">Marka<\/td>\n<td width=\"302\">Pekn\u00e1 \u017eena<\/td>\n<\/tr>\n<tr>\n<td width=\"302\">ve\u013ekosti<\/td>\n<td width=\"302\">\u00a036 38 40<\/td>\n<\/tr>\n<tr>\n<td width=\"302\">M\u00f3da<\/td>\n<td width=\"302\">Zhoda<\/td>\n<\/tr>\n<tr>\n<td width=\"302\">Materi\u00e1l<\/td>\n<td width=\"302\">Visk\u00f3za, polyester, bavlna<\/td>\n<\/tr>\n<tr>\n<td width=\"302\">D\u013a\u017eka<\/td>\n<td width=\"302\">Na zem<\/td>\n<\/tr>\n<\/tbody>\n<\/table>\n<p style=\"text-align: center;\"><span style=\"font-size: 10pt;\">\u00a0<\/span><\/p>\n<p>&nbsp;<\/p>\n<p style=\"text-align: center;\"><span style=\"font-size: 10pt;\">Aby ste si vybrali <strong>perfektn\u00e9 \u0161aty<\/strong> kontaktujte n\u00e1s telefonicky alebo prostredn\u00edctvom na\u0161ej webovej str\u00e1nky <a href=\"https:\/\/www.facebook.com\/madelinefashionbutik\" target=\"_blank\" rel=\"noopener\">Facebook<\/a> .<\/span><br \/>\n<span style=\"font-size: 10pt;\">N\u00e1\u0161 t\u00edm v\u00e1m pom\u00f4\u017ee <strong>Vyberte si ten spr\u00e1vny<\/strong> . <strong>Na \u017eelanie kupuj\u00faceho vyrob\u00edme ak\u00e9ko\u013evek \u0161aty\u00a0<\/strong><strong>opatrne mera\u0165.\u00a0<\/strong><\/span><\/p>\n<div class=\"additional-details\" style=\"text-align: center;\">\n<p style=\"text-align: center;\"><span style=\"font-size: 10pt;\">\u00a0<\/span><\/p>\n<\/div>","protected":false},"excerpt":{"rendered":"<p>Sukienka Tiulowa Z\u0142oto Czarna Kallea Kr\u00f3tka \u00a0Pi\u0119kna kr\u00f3tka suknia wieczorowa z tiulowym do\u0142em oraz\u00a0 g\u00f3r\u0105 zdobion\u0105 cudownymi haftami oraz zdobieniami w postaci mieni\u0105cych si\u0119 kryszta\u0142k\u00f3w i brokatu. Pi\u0119knie eksponuje kobiece kszta\u0142ty. Sukienka pi\u0119knie eksponuje plecy\u00a0 &#8211; dekolt w kszta\u0142cie litery v . Wymarzona suknia\u00a0 \u00a0na rami\u0105czkach z odkrytymi ramionami i zdobion\u0105 g\u00f3r\u0105. Przeszycia daj\u0105 niesamowity<\/p>\n<div class=\"klb-readmore post-buttons\"><a class=\"button black outline size-sm\" href=\"https:\/\/madelinefashion.pl\/sk\/sukienka-tiulowa-zloto-czarna-kallea-krotka\/\">\u010c\u00edta\u0165 \u010falej <i class=\"klbth-icon-right-arrow\"><\/i><\/a><\/div>","protected":false},"featured_media":74094,"template":"","meta":[],"product_brand":[],"product_cat":[124,395,561],"product_tag":[257,262,445],"class_list":{"0":"post-74101","1":"product","2":"type-product","3":"status-publish","4":"has-post-thumbnail","6":"product_cat-sukienki-okolicznosciowe","7":"product_cat-nowosci","8":"product_cat-sukienki-tiulowe","9":"product_tag-madelinefashion","10":"product_tag-sukienki-krotkie","11":"product_tag-sukienki-zlote","13":"first","14":"instock","15":"sale","16":"purchasable","17":"product-type-variable"},"_links":{"self":[{"href":"https:\/\/madelinefashion.pl\/sk\/wp-json\/wp\/v2\/product\/74101","targetHints":{"allow":["GET"]}}],"collection":[{"href":"https:\/\/madelinefashion.pl\/sk\/wp-json\/wp\/v2\/product"}],"about":[{"href":"https:\/\/madelinefashion.pl\/sk\/wp-json\/wp\/v2\/types\/product"}],"wp:featuredmedia":[{"embeddable":true,"href":"https:\/\/madelinefashion.pl\/sk\/wp-json\/wp\/v2\/media\/74094"}],"wp:attachment":[{"href":"https:\/\/madelinefashion.pl\/sk\/wp-json\/wp\/v2\/media?parent=74101"}],"wp:term":[{"taxonomy":"product_brand","embeddable":true,"href":"https:\/\/madelinefashion.pl\/sk\/wp-json\/wp\/v2\/product_brand?post=74101"},{"taxonomy":"product_cat","embeddable":true,"href":"https:\/\/madelinefashion.pl\/sk\/wp-json\/wp\/v2\/product_cat?post=74101"},{"taxonomy":"product_tag","embeddable":true,"href":"https:\/\/madelinefashion.pl\/sk\/wp-json\/wp\/v2\/product_tag?post=74101"}],"curies":[{"name":"pracovn\u00fd list","href":"https:\/\/api.w.org\/{rel}","templated":true}]}}

Tylové šaty Gold Black Kallea Short

<h3 style="text-align: center;">Tylové šaty Gold Black Kallea Short</h3>
<p style="text-align: center;"><span style="font-size: 10pt;"> Krásne krátke spoločenské šaty s tylovým spodným dielom a vrchným dielom zdobeným nádhernou výšivkou a ozdobami v podobe trblietavých kryštálov a brokátu. Krásne odhaľuje ženské tvary. </span><span style="font-size: 10pt;">Šaty krásne odhaľujú chrbát - výstrih v tvare V. </span><strong>Šaty snov</strong>   ramienka a zdobený top. Šitie dáva úžasný efekt a kryštály sa na svetle nádherne lesknú.<strong> Výstrih do V</strong>. Zúžená v páse dokonale zvýrazní pás. <strong>Zadná strana je úžasne strihaná, v tvare písmena V</strong>. Diera <a href="https://madelinefashion.pl/sk/sukienki-i-kombinezony/sukienki-okolicznosciowe/">Šaty</a> bol vyrobený z niekoľkých vrstiev svetlého tylu.<span style="font-size: 10pt;"> </span><span style="font-size: 10pt;">Dostupné vo veľkostiach<strong> SML</strong>. Šaty <b>od Madelinefashion </b>je vynikajúcou voľbou na svadbu, ples, Silvestra a iné elegantné špeciálne udalosti. Ak sa neviete rozhodnúť, ktorý <strong>veľkosť</strong> je pre vás to najlepšie <strong>kontaktuj nás</strong> cez <a href="https://www.facebook.com/madelinefashionbutik" target="_blank" rel="noopener">Facebook</a> alebo <a href="https://madelinefashion.pl/sk/kontakt/">telefón</a>. Ak veľkosť nie je na stránke, kontaktujte nás. </span></p>
<h3 style="text-align: center;">ROZMERY šiat:</h3>
<table class="table table-bordered" style="height: 98px;" width="441">
<tbody>
<tr>
<td><strong>Veľkosť</strong></td>
<td><strong>S/36</strong></td>
<td><strong>M/38</strong></td>
<td><strong>L/40</strong></td>
</tr>
<tr>
<td>Šírka poprsia (cm)</td>
<td>44</td>
<td>46</td>
<td>48</td>
</tr>
<tr>
<td>Šírka pása (cm)</td>
<td>34</td>
<td>37</td>
<td>39</td>
</tr>
<tr>
<td>Celková dĺžka (cm)</td>
<td>91</td>
<td>92</td>
<td>93</td>
</tr>
</tbody>
</table>
<p style="text-align: center;"><span style="font-size: 13.3333px;">Šaty sú merané na plocho <strong>rozmer x2 </strong></span></p>
<p style="text-align: center;"><span style="font-size: 10pt;">Rozmery sa môžu mierne líšiť od uvedených +/- 2cm. </span></p>
<p style="text-align: center;"><span style="font-size: 10pt;"><strong> </strong> </span></p>
<table width="618">
<tbody>
<tr>
<td width="302">Meno modela</td>
<td width="302">Krátke tylové šaty Kallea</td>
</tr>
<tr>
<td width="302">Farba</td>
<td width="302">Zlatá čierna</td>
</tr>
<tr>
<td width="302">Marka</td>
<td width="302">Pekná žena</td>
</tr>
<tr>
<td width="302">veľkosti</td>
<td width="302"> 36 38 40</td>
</tr>
<tr>
<td width="302">Móda</td>
<td width="302">Zhoda</td>
</tr>
<tr>
<td width="302">Materiál</td>
<td width="302">Viskóza, polyester, bavlna</td>
</tr>
<tr>
<td width="302">Dĺžka</td>
<td width="302">Na zem</td>
</tr>
</tbody>
</table>
<p style="text-align: center;"><span style="font-size: 10pt;"> </span></p>
<p>&nbsp;</p>
<p style="text-align: center;"><span style="font-size: 10pt;">Aby ste si vybrali <strong>perfektné šaty</strong> kontaktujte nás telefonicky alebo prostredníctvom našej webovej stránky <a href="https://www.facebook.com/madelinefashionbutik" target="_blank" rel="noopener">Facebook</a> .</span><br />
<span style="font-size: 10pt;">Náš tím vám pomôže <strong>Vyberte si ten správny</strong> . <strong>Na želanie kupujúceho vyrobíme akékoľvek šaty </strong><strong>opatrne merať. </strong></span></p>
<div class="additional-details" style="text-align: center;">
<p style="text-align: center;"><span style="font-size: 10pt;"> </span></p>
</div>

<p>Sukienka Tiulowa Złoto Czarna Kallea Krótka  Piękna krótka suknia wieczorowa z tiulowym dołem oraz  górą zdobioną cudownymi haftami oraz zdobieniami w postaci mieniących się kryształków i brokatu. Pięknie eksponuje kobiece kształty. Sukienka pięknie eksponuje plecy  &#8211; dekolt w kształcie litery v . Wymarzona suknia   na ramiączkach z odkrytymi ramionami i zdobioną górą. Przeszycia dają niesamowity</p>
<div class="klb-readmore post-buttons"><a class="button black outline size-sm" href="https://madelinefashion.pl/sk/sukienka-tiulowa-zloto-czarna-kallea-krotka/">Čítať ďalej <i class="klbth-icon-right-arrow"></i></a></div>

pracovný list
