{"id":74386,"date":"2023-01-19T12:49:24","date_gmt":"2023-01-19T11:49:24","guid":{"rendered":"https:\/\/madelinefashion.pl\/?post_type=product&#038;p=74386"},"modified":"2026-01-15T12:43:09","modified_gmt":"2026-01-15T11:43:09","slug":"ramoneska-bezowa-z-cwiekami","status":"publish","type":"product","link":"https:\/\/madelinefashion.pl\/sk\/ramoneska-bezowa-z-cwiekami\/","title":{"rendered":"B\u00e9\u017eov\u00e9 Ramones s cvo\u010dkami"},"content":{"rendered":"<h3 style=\"text-align: center;\">B\u00e9\u017eov\u00e9 Ramones s cvo\u010dkami<\/h3>\n<p style=\"text-align: center;\">Bunda Ramones zdoben\u00e1 strieborn\u00fdmi nitmi a ozdobn\u00fdmi kamienkami je ide\u00e1lnou vo\u013ebou pre odv\u00e1\u017ene \u017eeny. Model vyroben\u00fd z <strong>ekoko\u017ea<\/strong>. Skvele sa bude hodi\u0165 na ka\u017edodenn\u00e9 \u0161tyliz\u00e1cie aj k elegantn\u00fdm \u0161at\u00e1m, ktor\u00fdm dod\u00e1 jedine\u010dn\u00fd charakter. Ramoneska v tejto verzii vyzer\u00e1 naozaj efektne, skvele sa bude hodi\u0165 v \u0161atn\u00edkoch \u013eud\u00ed, ktor\u00ed radi vynikn\u00fa.<\/p>\n<p>&nbsp;<\/p>\n<h3 style=\"text-align: center;\">Rozmery bundy:<\/h3>\n<p style=\"text-align: center;\"><span style=\"font-size: 10pt;\"><strong>34\/x<\/strong><strong>p<\/strong><\/span><br \/>\n<span style=\"font-size: 10pt;\">Celkov\u00e1 d\u013a\u017eka - 48 cm<\/span><br \/>\n<span style=\"font-size: 10pt;\">\u0160\u00edrka od podpazu\u0161ia po podpazu\u0161ie - 42-44<\/span><span style=\"font-size: 10pt;\"> cm<\/span><br \/>\n<span style=\"font-size: 10pt;\">\u0160\u00edrka v spodnej \u010dasti - 38 cm<\/span><br \/>\n<span style=\"font-size: 10pt;\">D\u013a\u017eka ruk\u00e1va od ramena - 60 cm<\/span><br \/>\n<span style=\"font-size: 10pt;\">D\u013a\u017eka ruk\u00e1va od podpazu\u0161ia - 44 cm<\/span><br \/>\n<span style=\"font-size: 10pt;\">\u0160\u00edrka v bicepsoch - 33 cm<\/span><\/p>\n<p style=\"text-align: center;\"><span style=\"font-size: 10pt;\"><strong>36\/<\/strong><strong>p<\/strong><\/span><br \/>\n<span style=\"font-size: 10pt;\">Celkov\u00e1 d\u013a\u017eka - 50 cm<\/span><br \/>\n<span style=\"font-size: 10pt;\">\u0160\u00edrka od pazuchy po pazuchu - 44-46 cm<\/span><br \/>\n<span style=\"font-size: 10pt;\">\u0160\u00edrka v spodnej \u010dasti - 40 cm<\/span><br \/>\n<span style=\"font-size: 10pt;\">D\u013a\u017eka ruk\u00e1va od ramena - 61 cm<\/span><br \/>\n<span style=\"font-size: 10pt;\">D\u013a\u017eka ruk\u00e1va od podpazu\u0161ia - 45 cm<\/span><br \/>\n<span style=\"font-size: 10pt;\">\u0160\u00edrka v bicepsoch - 35 cm<\/span><\/p>\n<p style=\"text-align: center;\"><span style=\"font-size: 10pt;\"><strong>38\/M<\/strong><\/span><br \/>\n<span style=\"font-size: 10pt;\">Celkov\u00e1 d\u013a\u017eka - 52 cm<\/span><br \/>\n<span style=\"font-size: 10pt;\">\u0160\u00edrka od pazuchy po pazuchu - 46-48 cm<\/span><br \/>\n<span style=\"font-size: 10pt;\">\u0160\u00edrka v spodnej \u010dasti - 41 cm<\/span><br \/>\n<span style=\"font-size: 10pt;\">D\u013a\u017eka ruk\u00e1va od ramena - 62 cm<\/span><br \/>\n<span style=\"font-size: 10pt;\">D\u013a\u017eka ruk\u00e1va od podpazu\u0161ia - 46 cm<\/span><br \/>\n<span style=\"font-size: 10pt;\">\u0160\u00edrka v bicepsoch - 36 cm<\/span><\/p>\n<p style=\"text-align: center;\"><span style=\"font-size: 10pt;\">Rozmery sa m\u00f4\u017eu mierne l\u00ed\u0161i\u0165 od uveden\u00fdch +\/- 2cm. V\u0161etky uveden\u00e9 rozmery s\u00fa meran\u00e9 plo\u0161ne.<\/span><\/p>\n<table>\n<tbody>\n<tr>\n<td width=\"302\"><span style=\"font-size: 10pt;\">Meno modela<\/span><\/td>\n<td width=\"302\">Ramones s cvokmi<\/td>\n<\/tr>\n<tr>\n<td width=\"302\"><span style=\"font-size: 10pt;\">Farba<\/span><\/td>\n<td width=\"302\"><span style=\"font-size: 10pt;\">Bez<\/span><\/td>\n<\/tr>\n<tr>\n<td width=\"302\"><span style=\"font-size: 10pt;\">ve\u013ekosti<\/span><\/td>\n<td width=\"302\"><span style=\"font-size: 10pt;\">XS SM\u00a0<\/span><\/td>\n<\/tr>\n<tr>\n<td width=\"302\"><span style=\"font-size: 10pt;\">M\u00f3da<\/span><\/td>\n<td width=\"302\"><span style=\"font-size: 10pt;\">Zhoda<\/span><\/td>\n<\/tr>\n<tr>\n<td width=\"302\"><span style=\"font-size: 10pt;\">zap\u00ednanie<\/span><\/td>\n<td width=\"302\"><span style=\"font-size: 10pt;\">zap\u00ednanie na zips<\/span><\/td>\n<\/tr>\n<tr>\n<td width=\"302\"><span style=\"font-size: 10pt;\">Ozdoby<\/span><\/td>\n<td width=\"302\">Cvo\u010dky \/ kamene \/ patentky<\/td>\n<\/tr>\n<tr>\n<td width=\"302\"><span style=\"font-size: 10pt;\">Materi\u00e1l<\/span><\/td>\n<td width=\"302\"><span style=\"font-size: 10pt;\">Polyester 100%\u00a0<\/span><\/td>\n<\/tr>\n<\/tbody>\n<\/table>\n<p style=\"text-align: center;\"><span style=\"font-size: 10pt;\">\u00a0<\/span><\/p>\n<p style=\"text-align: center;\">\u00a0Model m\u00e1\u00a0<strong>169<\/strong>\u00a0cm vysok\u00fd, nos\u00ed ve\u013ekos\u0165 ka\u017ed\u00fd de\u0148\u00a0<strong>S<\/strong><\/p>\n<p style=\"text-align: center;\">\u0160\u00edrka cez prsia 92 cm<\/p>\n<p style=\"text-align: center;\">\u0160\u00edrka v p\u00e1se 62 cm<\/p>\n<p style=\"text-align: center;\">\u0160\u00edrka v bokoch 94 cm<\/p>\n<p style=\"text-align: center;\"><span style=\"font-size: 10pt;\">\u00a0<\/span><\/p>\n<p style=\"text-align: center;\"><span style=\"font-size: 10pt;\">\u00a0<\/span><\/p>","protected":false},"excerpt":{"rendered":"<p>Ramoneska Be\u017cowa z \u0106wiekami Ramoneska zdobiona srebrnymi nitami oraz ozdobnymi kamieniami to idealna propozycja dla odwa\u017cnych kobiet. Model wykonany z eko-sk\u00f3ry. Idealnie sprawdzi si\u0119 do codziennych stylizacji jak i do eleganckich sukienek dodaj\u0105c im niepowtarzalnego charakteru. Ramoneska w takiej ods\u0142onie prezentuje si\u0119 naprawd\u0119 efektownie, wspaniale sprawdzi si\u0119 w garderobach os\u00f3b lubi\u0105cych si\u0119 wyr\u00f3\u017cnia\u0107. &nbsp; Wymiary<\/p>\n<div class=\"klb-readmore post-buttons\"><a class=\"button black outline size-sm\" href=\"https:\/\/madelinefashion.pl\/sk\/ramoneska-bezowa-z-cwiekami\/\">\u010c\u00edta\u0165 \u010falej <i class=\"klbth-icon-right-arrow\"><\/i><\/a><\/div>","protected":false},"featured_media":74379,"template":"","meta":[],"product_brand":[],"product_cat":[117,395],"product_tag":[295],"class_list":{"0":"post-74386","1":"product","2":"type-product","3":"status-publish","4":"has-post-thumbnail","6":"product_cat-kurtki","7":"product_cat-nowosci","8":"product_tag-ramoneski","9":"pa_rozmiar-xs","10":"pa_rozmiar-s","11":"pa_rozmiar-m","12":"pa_rozmiar-l","13":"pa_rozmiar-xl","15":"first","16":"instock","17":"sale","18":"purchasable","19":"product-type-variable"},"_links":{"self":[{"href":"https:\/\/madelinefashion.pl\/sk\/wp-json\/wp\/v2\/product\/74386","targetHints":{"allow":["GET"]}}],"collection":[{"href":"https:\/\/madelinefashion.pl\/sk\/wp-json\/wp\/v2\/product"}],"about":[{"href":"https:\/\/madelinefashion.pl\/sk\/wp-json\/wp\/v2\/types\/product"}],"wp:featuredmedia":[{"embeddable":true,"href":"https:\/\/madelinefashion.pl\/sk\/wp-json\/wp\/v2\/media\/74379"}],"wp:attachment":[{"href":"https:\/\/madelinefashion.pl\/sk\/wp-json\/wp\/v2\/media?parent=74386"}],"wp:term":[{"taxonomy":"product_brand","embeddable":true,"href":"https:\/\/madelinefashion.pl\/sk\/wp-json\/wp\/v2\/product_brand?post=74386"},{"taxonomy":"product_cat","embeddable":true,"href":"https:\/\/madelinefashion.pl\/sk\/wp-json\/wp\/v2\/product_cat?post=74386"},{"taxonomy":"product_tag","embeddable":true,"href":"https:\/\/madelinefashion.pl\/sk\/wp-json\/wp\/v2\/product_tag?post=74386"}],"curies":[{"name":"pracovn\u00fd list","href":"https:\/\/api.w.org\/{rel}","templated":true}]}}

Béžové Ramones s cvočkami

<h3 style="text-align: center;">Béžové Ramones s cvočkami</h3>
<p style="text-align: center;">Bunda Ramones zdobená striebornými nitmi a ozdobnými kamienkami je ideálnou voľbou pre odvážne ženy. Model vyrobený z <strong>ekokoža</strong>. Skvele sa bude hodiť na každodenné štylizácie aj k elegantným šatám, ktorým dodá jedinečný charakter. Ramoneska v tejto verzii vyzerá naozaj efektne, skvele sa bude hodiť v šatníkoch ľudí, ktorí radi vyniknú.</p>
<p>&nbsp;</p>
<h3 style="text-align: center;">Rozmery bundy:</h3>
<p style="text-align: center;"><span style="font-size: 10pt;"><strong>34/x</strong><strong>p</strong></span><br />
<span style="font-size: 10pt;">Celková dĺžka - 48 cm</span><br />
<span style="font-size: 10pt;">Šírka od podpazušia po podpazušie - 42-44</span><span style="font-size: 10pt;"> cm</span><br />
<span style="font-size: 10pt;">Šírka v spodnej časti - 38 cm</span><br />
<span style="font-size: 10pt;">Dĺžka rukáva od ramena - 60 cm</span><br />
<span style="font-size: 10pt;">Dĺžka rukáva od podpazušia - 44 cm</span><br />
<span style="font-size: 10pt;">Šírka v bicepsoch - 33 cm</span></p>
<p style="text-align: center;"><span style="font-size: 10pt;"><strong>36/</strong><strong>p</strong></span><br />
<span style="font-size: 10pt;">Celková dĺžka - 50 cm</span><br />
<span style="font-size: 10pt;">Šírka od pazuchy po pazuchu - 44-46 cm</span><br />
<span style="font-size: 10pt;">Šírka v spodnej časti - 40 cm</span><br />
<span style="font-size: 10pt;">Dĺžka rukáva od ramena - 61 cm</span><br />
<span style="font-size: 10pt;">Dĺžka rukáva od podpazušia - 45 cm</span><br />
<span style="font-size: 10pt;">Šírka v bicepsoch - 35 cm</span></p>
<p style="text-align: center;"><span style="font-size: 10pt;"><strong>38/M</strong></span><br />
<span style="font-size: 10pt;">Celková dĺžka - 52 cm</span><br />
<span style="font-size: 10pt;">Šírka od pazuchy po pazuchu - 46-48 cm</span><br />
<span style="font-size: 10pt;">Šírka v spodnej časti - 41 cm</span><br />
<span style="font-size: 10pt;">Dĺžka rukáva od ramena - 62 cm</span><br />
<span style="font-size: 10pt;">Dĺžka rukáva od podpazušia - 46 cm</span><br />
<span style="font-size: 10pt;">Šírka v bicepsoch - 36 cm</span></p>
<p style="text-align: center;"><span style="font-size: 10pt;">Rozmery sa môžu mierne líšiť od uvedených +/- 2cm. Všetky uvedené rozmery sú merané plošne.</span></p>
<table>
<tbody>
<tr>
<td width="302"><span style="font-size: 10pt;">Meno modela</span></td>
<td width="302">Ramones s cvokmi</td>
</tr>
<tr>
<td width="302"><span style="font-size: 10pt;">Farba</span></td>
<td width="302"><span style="font-size: 10pt;">Bez</span></td>
</tr>
<tr>
<td width="302"><span style="font-size: 10pt;">veľkosti</span></td>
<td width="302"><span style="font-size: 10pt;">XS SM </span></td>
</tr>
<tr>
<td width="302"><span style="font-size: 10pt;">Móda</span></td>
<td width="302"><span style="font-size: 10pt;">Zhoda</span></td>
</tr>
<tr>
<td width="302"><span style="font-size: 10pt;">zapínanie</span></td>
<td width="302"><span style="font-size: 10pt;">zapínanie na zips</span></td>
</tr>
<tr>
<td width="302"><span style="font-size: 10pt;">Ozdoby</span></td>
<td width="302">Cvočky / kamene / patentky</td>
</tr>
<tr>
<td width="302"><span style="font-size: 10pt;">Materiál</span></td>
<td width="302"><span style="font-size: 10pt;">Polyester 100% </span></td>
</tr>
</tbody>
</table>
<p style="text-align: center;"><span style="font-size: 10pt;"> </span></p>
<p style="text-align: center;"> Model má <strong>169</strong> cm vysoký, nosí veľkosť každý deň <strong>S</strong></p>
<p style="text-align: center;">Šírka cez prsia 92 cm</p>
<p style="text-align: center;">Šírka v páse 62 cm</p>
<p style="text-align: center;">Šírka v bokoch 94 cm</p>
<p style="text-align: center;"><span style="font-size: 10pt;"> </span></p>
<p style="text-align: center;"><span style="font-size: 10pt;"> </span></p>

<p>Ramoneska Beżowa z Ćwiekami Ramoneska zdobiona srebrnymi nitami oraz ozdobnymi kamieniami to idealna propozycja dla odważnych kobiet. Model wykonany z eko-skóry. Idealnie sprawdzi się do codziennych stylizacji jak i do eleganckich sukienek dodając im niepowtarzalnego charakteru. Ramoneska w takiej odsłonie prezentuje się naprawdę efektownie, wspaniale sprawdzi się w garderobach osób lubiących się wyróżniać. &nbsp; Wymiary</p>
<div class="klb-readmore post-buttons"><a class="button black outline size-sm" href="https://madelinefashion.pl/sk/ramoneska-bezowa-z-cwiekami/">Čítať ďalej <i class="klbth-icon-right-arrow"></i></a></div>

pracovný list
