{"id":75076,"date":"2023-01-26T11:28:05","date_gmt":"2023-01-26T10:28:05","guid":{"rendered":"https:\/\/madelinefashion.pl\/?post_type=product&#038;p=75076"},"modified":"2026-03-01T12:58:14","modified_gmt":"2026-03-01T11:58:14","slug":"komplet-alpaka-czapka-z-pomponem-komin-czarny","status":"publish","type":"product","link":"https:\/\/madelinefashion.pl\/sk\/komplet-alpaka-czapka-z-pomponem-komin-czarny\/","title":{"rendered":"S\u00faprava klob\u00faka Alpaka s brmbolcom + \u010dierny kom\u00edn"},"content":{"rendered":"<h3 style=\"text-align: center;\">S\u00faprava klob\u00faka Alpaka s brmbolcom + \u010dierny kom\u00edn<\/h3>\n<p><strong>Tepl\u00e1 \u010diapka do kom\u00edna s pr\u00edjemnou ko\u017eu\u0161inkou vo vn\u00fatri<\/strong>.\u00a0<strong>Klob\u00fak<\/strong> <strong> a kom\u00edn <\/strong>s\u00fa t\u00fato sez\u00f3nu zdoben\u00e9 m\u00f3dou -<strong>\u00a0p\u00edsmen\u00e1 GG<\/strong>. \u010ciapke dod\u00e1va nev\u0161edn\u00fd charakter <strong>pompon<\/strong> s pekn\u00fdmi vlasmi. Tento n\u00e1vrh bude ide\u00e1lny pre chladnej\u0161ie dni.<\/p>\n<h3 style=\"text-align: center;\">Rozmery uz\u00e1veru:<\/h3>\n<ul style=\"text-align: center;\">\n<li>Univerz\u00e1lna ve\u013ekos\u0165,<\/li>\n<li>Pohodln\u00e9, nestl\u00e1\u010da hlavu, vo\u013ene sa prisp\u00f4sobuje jej tvaru,<\/li>\n<li>V\u00fd\u0161ka klob\u00faka: 24 cm,<\/li>\n<li>Obvod \u010diapky: 2 x 23 cm (meran\u00e9 naplocho)<\/li>\n<li>Maxim\u00e1lny obvod \u010diapky je 54 cm<\/li>\n<li><\/li>\n<\/ul>\n<table class=\"aligncenter\" style=\"margin-left: auto; margin-right: auto; height: 192px;\" width=\"611\">\n<tbody>\n<tr>\n<td width=\"302\">Model<\/td>\n<td width=\"302\">S\u00faprava alpakov\u00e9ho klob\u00faka s brmbolcom + kom\u00edn<\/td>\n<\/tr>\n<tr>\n<td width=\"302\">Farba<\/td>\n<td width=\"302\">\u010dierna<\/td>\n<\/tr>\n<tr>\n<td width=\"302\">Zbierka<\/td>\n<td width=\"302\">jar\/jese\u0148\/zima<\/td>\n<\/tr>\n<tr>\n<td width=\"302\">ve\u013ekosti<\/td>\n<td width=\"302\">Univerz\u00e1lny<\/td>\n<\/tr>\n<tr>\n<td width=\"302\">deti<\/td>\n<td width=\"302\">od 3 rokov<\/td>\n<\/tr>\n<tr>\n<td width=\"302\">izolovan\u00e9<\/td>\n<td width=\"302\">Fleece<\/td>\n<\/tr>\n<tr>\n<td width=\"302\"><\/td>\n<td width=\"302\"><\/td>\n<\/tr>\n<\/tbody>\n<\/table>\n<p style=\"text-align: center;\">","protected":false},"excerpt":{"rendered":"<p>Komplet Alpaka Czapka Z Pomponem + Komin Czarny Ciep\u0142a czapka z kominem z mi\u0142\u0105, futrzan\u0105 podszewk\u0105 w \u015brodku.\u00a0Czapka i komin zdobione s\u0105 modnymi w tym sezonie &#8211;\u00a0literkami GG. Niezwyk\u0142ego charakteru czapce dodaje pompon z mi\u0142ego w\u0142osia. Ta propozycja sprawdzi si\u0119 idealnie na ch\u0142odniejsze dni. Wymiary czapka: Rozmiar uniwersalny, Wygodna, nie uciska g\u0142owy, swobodnie dopasowuje si\u0119<\/p>\n<div class=\"klb-readmore post-buttons\"><a class=\"button black outline size-sm\" href=\"https:\/\/madelinefashion.pl\/sk\/komplet-alpaka-czapka-z-pomponem-komin-czarny\/\">\u010c\u00edta\u0165 \u010falej <i class=\"klbth-icon-right-arrow\"><\/i><\/a><\/div>","protected":false},"featured_media":74513,"template":"","meta":[],"product_brand":[],"product_cat":[115],"product_tag":[],"class_list":{"0":"post-75076","1":"product","2":"type-product","3":"status-publish","4":"has-post-thumbnail","6":"product_cat-czapki","8":"first","9":"instock","10":"sale","11":"purchasable","12":"product-type-simple"},"_links":{"self":[{"href":"https:\/\/madelinefashion.pl\/sk\/wp-json\/wp\/v2\/product\/75076","targetHints":{"allow":["GET"]}}],"collection":[{"href":"https:\/\/madelinefashion.pl\/sk\/wp-json\/wp\/v2\/product"}],"about":[{"href":"https:\/\/madelinefashion.pl\/sk\/wp-json\/wp\/v2\/types\/product"}],"wp:featuredmedia":[{"embeddable":true,"href":"https:\/\/madelinefashion.pl\/sk\/wp-json\/wp\/v2\/media\/74513"}],"wp:attachment":[{"href":"https:\/\/madelinefashion.pl\/sk\/wp-json\/wp\/v2\/media?parent=75076"}],"wp:term":[{"taxonomy":"product_brand","embeddable":true,"href":"https:\/\/madelinefashion.pl\/sk\/wp-json\/wp\/v2\/product_brand?post=75076"},{"taxonomy":"product_cat","embeddable":true,"href":"https:\/\/madelinefashion.pl\/sk\/wp-json\/wp\/v2\/product_cat?post=75076"},{"taxonomy":"product_tag","embeddable":true,"href":"https:\/\/madelinefashion.pl\/sk\/wp-json\/wp\/v2\/product_tag?post=75076"}],"curies":[{"name":"pracovn\u00fd list","href":"https:\/\/api.w.org\/{rel}","templated":true}]}}

Súprava klobúka Alpaka s brmbolcom + čierny komín

<h3 style="text-align: center;">Súprava klobúka Alpaka s brmbolcom + čierny komín</h3>
<p><strong>Teplá čiapka do komína s príjemnou kožušinkou vo vnútri</strong>. <strong>Klobúk</strong> <strong> a komín </strong>sú túto sezónu zdobené módou -<strong> písmená GG</strong>. Čiapke dodáva nevšedný charakter <strong>pompon</strong> s peknými vlasmi. Tento návrh bude ideálny pre chladnejšie dni.</p>
<h3 style="text-align: center;">Rozmery uzáveru:</h3>
<ul style="text-align: center;">
<li>Univerzálna veľkosť,</li>
<li>Pohodlné, nestláča hlavu, voľne sa prispôsobuje jej tvaru,</li>
<li>Výška klobúka: 24 cm,</li>
<li>Obvod čiapky: 2 x 23 cm (merané naplocho)</li>
<li>Maximálny obvod čiapky je 54 cm</li>
<li></li>
</ul>
<table class="aligncenter" style="margin-left: auto; margin-right: auto; height: 192px;" width="611">
<tbody>
<tr>
<td width="302">Model</td>
<td width="302">Súprava alpakového klobúka s brmbolcom + komín</td>
</tr>
<tr>
<td width="302">Farba</td>
<td width="302">čierna</td>
</tr>
<tr>
<td width="302">Zbierka</td>
<td width="302">jar/jeseň/zima</td>
</tr>
<tr>
<td width="302">veľkosti</td>
<td width="302">Univerzálny</td>
</tr>
<tr>
<td width="302">deti</td>
<td width="302">od 3 rokov</td>
</tr>
<tr>
<td width="302">izolované</td>
<td width="302">Fleece</td>
</tr>
<tr>
<td width="302"></td>
<td width="302"></td>
</tr>
</tbody>
</table>
<p style="text-align: center;">

<p>Komplet Alpaka Czapka Z Pomponem + Komin Czarny Ciepła czapka z kominem z miłą, futrzaną podszewką w środku. Czapka i komin zdobione są modnymi w tym sezonie &#8211; literkami GG. Niezwykłego charakteru czapce dodaje pompon z miłego włosia. Ta propozycja sprawdzi się idealnie na chłodniejsze dni. Wymiary czapka: Rozmiar uniwersalny, Wygodna, nie uciska głowy, swobodnie dopasowuje się</p>
<div class="klb-readmore post-buttons"><a class="button black outline size-sm" href="https://madelinefashion.pl/sk/komplet-alpaka-czapka-z-pomponem-komin-czarny/">Čítať ďalej <i class="klbth-icon-right-arrow"></i></a></div>

pracovný list
