{"id":7536,"date":"2021-04-07T17:33:44","date_gmt":"2021-04-07T15:33:44","guid":{"rendered":"https:\/\/madelinefashion.pl\/?post_type=product&#038;p=7536"},"modified":"2026-03-26T12:40:41","modified_gmt":"2026-03-26T11:40:41","slug":"komplet-bluzka-spodenki-love-jasno-szary","status":"publish","type":"product","link":"https:\/\/madelinefashion.pl\/sk\/komplet-bluzka-spodenki-love-jasno-szary\/","title":{"rendered":"S\u00faprava Bl\u00fazka + \u0161ortky Love Light Grey"},"content":{"rendered":"<h3 style=\"text-align: center;\">S\u00faprava Bl\u00fazka + \u0161ortky Love Light Grey<\/h3>\n<p style=\"text-align: center;\"><strong>S\u00faprava Bl\u00fazka + \u0161ortky Love Light Grey<\/strong> vyroben\u00e9 z ve\u013emi kvalitnej, m\u00e4kkej a <strong>pr\u00edjemn\u00e9<\/strong> v kontakte <strong>materi\u00e1l<\/strong>. Tepl\u00e1kov\u00e1 s\u00faprava s p\u00e1skou <strong>l\u00e1ska <\/strong>ako v spodnej \u010dasti bl\u00fazky, tak aj v p\u00e1se na \u0161ortk\u00e1ch. Kr\u00e1tka tepl\u00e1kov\u00e1 s\u00faprava<strong>\u00a0<\/strong>je vynikaj\u00facou ponukou pre t\u00fdch, ktor\u00ed miluj\u00fa ma\u0165 ka\u017ed\u00fd de\u0148 pocit pohodlia a z\u00e1rove\u0148 pocit priate\u013esk\u00e9ho a m\u00e4kk\u00e9ho dotyku. S\u00faprava je vyroben\u00e1 z kvalitn\u00e9ho materi\u00e1lu - je ve\u013emi pr\u00edjemn\u00e1 na dotyk a zvn\u00fatra ve\u013emi jemn\u00e1. Komplet obsahuje tri\u010dko s kr\u00e1tkym ruk\u00e1vom + \u0161ortky s elastick\u00fdm p\u00e1som + celok tvor\u00ed ve\u013emi \u0161t\u00fdlov\u00fd a efektn\u00fd komplet<br \/>\nS\u00faprava v univerz\u00e1lnej ve\u013ekosti odpor\u00fa\u010dan\u00e1 pre \u017eeny vo ve\u013ekosti <strong>SML XL<\/strong> .<br \/>\nT\u00fato s\u00fapravu rozhodne mus\u00edte ma\u0165 <strong>v\u00e1\u0161 \u0161atn\u00edk<\/strong>!<br \/>\nSkontrolujte tie\u017e\u00a0<a href=\"https:\/\/madelinefashion.pl\/sk\/product-tag\/komplety-dresowe\/\">d\u00e1mske tepl\u00e1kov\u00e9 s\u00fapravy<\/a>\u00a0dostupn\u00e9 v na\u0161ej najnov\u0161ej ponuke.<\/p>\n<h3 style=\"text-align: center;\">\u00a0 \u00a0 \u00a0Rozmery :<\/h3>\n<p align=\"center\"><strong>Bl\u00fazka:<\/strong><br \/>\nCelkov\u00e1 predn\u00e1 d\u013a\u017eka - 44 cm<br \/>\n\u0160\u00edrka od pazuchy po pazuchu - 43-52 cm<br \/>\n\u0160\u00edrka p\u00e1sa -31-47 cm<\/p>\n<p align=\"center\"><strong>\u0160ortky:<\/strong><br \/>\nCelkov\u00e1 d\u013a\u017eka -33 cm<br \/>\nP\u00e1s - 29 cm<br \/>\n\u0160\u00edrka p\u00e1sa - 36-48 cm<\/p>\n<p style=\"text-align: center;\">Rozmery sa m\u00f4\u017eu mierne l\u00ed\u0161i\u0165 od uveden\u00fdch +\/- 2cm. <strong>V\u0161etky rozmery s\u00fa meran\u00e9 plo\u0161ne x2\u00a0<\/strong><\/p>\n<h3 style=\"text-align: center;\"><\/h3>\n<table width=\"615\">\n<tbody>\n<tr>\n<td width=\"302\">Meno modela<\/td>\n<td width=\"302\">S\u00faprava Bl\u00fazka + \u0160ortky L\u00e1ska<\/td>\n<\/tr>\n<tr>\n<td width=\"302\">Farba<\/td>\n<td width=\"302\">Svetlo siv\u00e1<\/td>\n<\/tr>\n<tr>\n<td width=\"302\">ve\u013ekosti<\/td>\n<td width=\"302\">Univerz\u00e1lny<\/td>\n<\/tr>\n<tr>\n<td width=\"302\">M\u00f3da<\/td>\n<td width=\"302\">nadrozmern\u00e9<\/td>\n<\/tr>\n<tr>\n<td width=\"302\">Materi\u00e1l<\/td>\n<td width=\"302\">95 % Bavlna 5lastan<\/td>\n<\/tr>\n<\/tbody>\n<\/table>\n<p>&nbsp;<\/p>\n<div class=\"tabs tabs-bb clear mb-80\">\n<div class=\"tab-content\">\n<div id=\"tab-description\" class=\"tab-pane fade in woocommerce-Tabs-panel--description active\">\n<div class=\"tabs tabs-bb clear mb-80\">\n<div class=\"tab-content\">\n<div id=\"tab-description\" class=\"tab-pane fade in woocommerce-Tabs-panel--description active\">\n<p style=\"text-align: center;\">\u00a0Model m\u00e1\u00a0<strong>165<\/strong>\u00a0cm vysok\u00fd, nos\u00ed ve\u013ekos\u0165 ka\u017ed\u00fd de\u0148\u00a0<strong>S<\/strong><\/p>\n<\/div>\n<\/div>\n<\/div>\n<\/div>\n<\/div>\n<\/div>","protected":false},"excerpt":{"rendered":"<p>Komplet Bluzka + Spodenki Love Jasno Szary Komplet Bluzka + Spodenki Love Jasno Szary wykonany z bardzo dobrej jako\u015bci, mi\u0119kkiego i przyjemnego w dotyku materia\u0142u. Dres z ta\u015bm\u0105 Love zar\u00f3wno na dole bluzki jak i w pasie na spodenkach. Kr\u00f3tki komplet dresowy\u00a0to doskona\u0142a propozycja dla tych, kt\u00f3re uwielbiaj\u0105 na co dzie\u0144 mie\u0107 poczucie komfortu, a<\/p>\n<div class=\"klb-readmore post-buttons\"><a class=\"button black outline size-sm\" href=\"https:\/\/madelinefashion.pl\/sk\/komplet-bluzka-spodenki-love-jasno-szary\/\">\u010c\u00edta\u0165 \u010falej <i class=\"klbth-icon-right-arrow\"><\/i><\/a><\/div>","protected":false},"featured_media":9451,"template":"","meta":[],"product_brand":[],"product_cat":[89,380],"product_tag":[282],"class_list":{"0":"post-7536","1":"product","2":"type-product","3":"status-publish","4":"has-post-thumbnail","6":"product_cat-komplety","7":"product_cat-wyprzedaz","8":"product_tag-komplety-dresowe","9":"pa_rozmiar-s-m","10":"pa_rozmiar-l-xl","12":"first","13":"instock","14":"sale","15":"purchasable","16":"product-type-simple"},"_links":{"self":[{"href":"https:\/\/madelinefashion.pl\/sk\/wp-json\/wp\/v2\/product\/7536","targetHints":{"allow":["GET"]}}],"collection":[{"href":"https:\/\/madelinefashion.pl\/sk\/wp-json\/wp\/v2\/product"}],"about":[{"href":"https:\/\/madelinefashion.pl\/sk\/wp-json\/wp\/v2\/types\/product"}],"wp:featuredmedia":[{"embeddable":true,"href":"https:\/\/madelinefashion.pl\/sk\/wp-json\/wp\/v2\/media\/9451"}],"wp:attachment":[{"href":"https:\/\/madelinefashion.pl\/sk\/wp-json\/wp\/v2\/media?parent=7536"}],"wp:term":[{"taxonomy":"product_brand","embeddable":true,"href":"https:\/\/madelinefashion.pl\/sk\/wp-json\/wp\/v2\/product_brand?post=7536"},{"taxonomy":"product_cat","embeddable":true,"href":"https:\/\/madelinefashion.pl\/sk\/wp-json\/wp\/v2\/product_cat?post=7536"},{"taxonomy":"product_tag","embeddable":true,"href":"https:\/\/madelinefashion.pl\/sk\/wp-json\/wp\/v2\/product_tag?post=7536"}],"curies":[{"name":"pracovn\u00fd list","href":"https:\/\/api.w.org\/{rel}","templated":true}]}}

Súprava Blúzka + šortky Love Light Grey

<h3 style="text-align: center;">Súprava Blúzka + šortky Love Light Grey</h3>
<p style="text-align: center;"><strong>Súprava Blúzka + šortky Love Light Grey</strong> vyrobené z veľmi kvalitnej, mäkkej a <strong>príjemné</strong> v kontakte <strong>materiál</strong>. Tepláková súprava s páskou <strong>láska </strong>ako v spodnej časti blúzky, tak aj v páse na šortkách. Krátka tepláková súprava<strong> </strong>je vynikajúcou ponukou pre tých, ktorí milujú mať každý deň pocit pohodlia a zároveň pocit priateľského a mäkkého dotyku. Súprava je vyrobená z kvalitného materiálu - je veľmi príjemná na dotyk a zvnútra veľmi jemná. Komplet obsahuje tričko s krátkym rukávom + šortky s elastickým pásom + celok tvorí veľmi štýlový a efektný komplet<br />
Súprava v univerzálnej veľkosti odporúčaná pre ženy vo veľkosti <strong>SML XL</strong> .<br />
Túto súpravu rozhodne musíte mať <strong>váš šatník</strong>!<br />
Skontrolujte tiež <a href="https://madelinefashion.pl/sk/product-tag/komplety-dresowe/">dámske teplákové súpravy</a> dostupné v našej najnovšej ponuke.</p>
<h3 style="text-align: center;">     Rozmery :</h3>
<p align="center"><strong>Blúzka:</strong><br />
Celková predná dĺžka - 44 cm<br />
Šírka od pazuchy po pazuchu - 43-52 cm<br />
Šírka pása -31-47 cm</p>
<p align="center"><strong>Šortky:</strong><br />
Celková dĺžka -33 cm<br />
Pás - 29 cm<br />
Šírka pása - 36-48 cm</p>
<p style="text-align: center;">Rozmery sa môžu mierne líšiť od uvedených +/- 2cm. <strong>Všetky rozmery sú merané plošne x2 </strong></p>
<h3 style="text-align: center;"></h3>
<table width="615">
<tbody>
<tr>
<td width="302">Meno modela</td>
<td width="302">Súprava Blúzka + Šortky Láska</td>
</tr>
<tr>
<td width="302">Farba</td>
<td width="302">Svetlo sivá</td>
</tr>
<tr>
<td width="302">veľkosti</td>
<td width="302">Univerzálny</td>
</tr>
<tr>
<td width="302">Móda</td>
<td width="302">nadrozmerné</td>
</tr>
<tr>
<td width="302">Materiál</td>
<td width="302">95 % Bavlna 5lastan</td>
</tr>
</tbody>
</table>
<p>&nbsp;</p>
<div class="tabs tabs-bb clear mb-80">
<div class="tab-content">
<div id="tab-description" class="tab-pane fade in woocommerce-Tabs-panel--description active">
<div class="tabs tabs-bb clear mb-80">
<div class="tab-content">
<div id="tab-description" class="tab-pane fade in woocommerce-Tabs-panel--description active">
<p style="text-align: center;"> Model má <strong>165</strong> cm vysoký, nosí veľkosť každý deň <strong>S</strong></p>
</div>
</div>
</div>
</div>
</div>
</div>

<p>Komplet Bluzka + Spodenki Love Jasno Szary Komplet Bluzka + Spodenki Love Jasno Szary wykonany z bardzo dobrej jakości, miękkiego i przyjemnego w dotyku materiału. Dres z taśmą Love zarówno na dole bluzki jak i w pasie na spodenkach. Krótki komplet dresowy to doskonała propozycja dla tych, które uwielbiają na co dzień mieć poczucie komfortu, a</p>
<div class="klb-readmore post-buttons"><a class="button black outline size-sm" href="https://madelinefashion.pl/sk/komplet-bluzka-spodenki-love-jasno-szary/">Čítať ďalej <i class="klbth-icon-right-arrow"></i></a></div>

pracovný list
