{"id":76017,"date":"2023-02-03T14:52:21","date_gmt":"2023-02-03T13:52:21","guid":{"rendered":"https:\/\/madelinefashion.pl\/?post_type=product&#038;p=76017"},"modified":"2026-03-01T12:58:12","modified_gmt":"2026-03-01T11:58:12","slug":"torebka-wizytowa-zlota-z-krysztalkami","status":"publish","type":"product","link":"https:\/\/madelinefashion.pl\/sk\/torebka-wizytowa-zlota-z-krysztalkami\/","title":{"rendered":"Zlat\u00e1 ta\u0161ka na n\u00e1v\u0161tevu s kry\u0161t\u00e1lmi"},"content":{"rendered":"<h3 style=\"text-align: center;\">Zlat\u00e1 ta\u0161ka na n\u00e1v\u0161tevu s kry\u0161t\u00e1lmi<\/h3>\n<p style=\"text-align: center;\">Kabelka je nevyhnutnou s\u00fa\u010das\u0165ou ve\u010dern\u00e9ho outfitu. Tento model sa vyzna\u010duje nielen svojou praktickos\u0165ou, ale aj eleganciou. Elegantn\u00e1 kabelka sa bude hodi\u0165 ka\u017edej \u017eene, ktor\u00e1 sleduje najnov\u0161ie m\u00f3dne trendy.<\/p>\n<p style=\"text-align: center;\">Zlat\u00e1 ta\u0161ti\u010dka zdoben\u00e1 kry\u0161t\u00e1lmi sa zap\u00edna na z\u00e1padku.<\/p>\n<p style=\"text-align: center;\">Stred elegantnej ta\u0161ky je esteticky ukon\u010den\u00fd pod\u0161\u00edvkou.<\/p>\n<p style=\"text-align: center;\">Sada obsahuje dve pripevnen\u00e9 retiazky.<\/p>\n<p style=\"text-align: center;\">\u00a0Elegantn\u00e1 leskl\u00e1 kabelka, ktor\u00e1 bude vyzera\u0165 perfektne v ruke aj na ozdobnej retiazke, ur\u010dite dod\u00e1 \u0161t\u00fdl ka\u017ed\u00e9mu stylingu.<\/p>\n<h3 style=\"text-align: center;\">Charakteristika:<\/h3>\n<p style=\"text-align: center;\">ve\u010der<\/p>\n<p style=\"text-align: center;\">ide\u00e1lne na svadbu \/ ples \/ ples<\/p>\n<h3 style=\"text-align: center;\">Rozmery ta\u0161ky:<\/h3>\n<ul style=\"text-align: center;\">\n<li>v\u00fd\u0161ka - 13 cm<\/li>\n<li>\u0161\u00edrka - 22 cm<\/li>\n<li><\/li>\n<\/ul>","protected":false},"excerpt":{"rendered":"<p>Torebka Wizytowa Z\u0142ota z Kryszta\u0142kami Torebka, to niezb\u0119dny cz\u0119\u015b\u0107 stylizacji wieczorowej. Ten model charakteryzuje si\u0119 nie tylko sw\u0105 praktyczno\u015bci\u0105, ale r\u00f3wnie\u017c elegancj\u0105.\u00a0 Elegancka torebka sprawdzi si\u0119 idealnie\u00a0 dla ka\u017cdej kobiety pod\u0105\u017caj\u0105cej za najnowszymi trendami w modzie. Z\u0142ota\u00a0torebka ozdabiana kryszta\u0142kami zapinana jest na zatrzask. \u015arodek eleganckiej torebki estetycznie wyko\u0144czony\u00a0podszewk\u0105. W komplecie torebka ma dwa doczepiane \u0142a\u0144cuszki.<\/p>\n<div class=\"klb-readmore post-buttons\"><a class=\"button black outline size-sm\" href=\"https:\/\/madelinefashion.pl\/sk\/torebka-wizytowa-zlota-z-krysztalkami\/\">\u010c\u00edta\u0165 \u010falej <i class=\"klbth-icon-right-arrow\"><\/i><\/a><\/div>","protected":false},"featured_media":92184,"template":"","meta":[],"product_brand":[],"product_cat":[113],"product_tag":[504,412],"class_list":{"0":"post-76017","1":"product","2":"type-product","3":"status-publish","4":"has-post-thumbnail","6":"product_cat-dodatki","7":"product_tag-party-time","8":"product_tag-torebki-damskie","10":"first","11":"outofstock","12":"sale","13":"purchasable","14":"product-type-simple"},"_links":{"self":[{"href":"https:\/\/madelinefashion.pl\/sk\/wp-json\/wp\/v2\/product\/76017","targetHints":{"allow":["GET"]}}],"collection":[{"href":"https:\/\/madelinefashion.pl\/sk\/wp-json\/wp\/v2\/product"}],"about":[{"href":"https:\/\/madelinefashion.pl\/sk\/wp-json\/wp\/v2\/types\/product"}],"wp:featuredmedia":[{"embeddable":true,"href":"https:\/\/madelinefashion.pl\/sk\/wp-json\/wp\/v2\/media\/92184"}],"wp:attachment":[{"href":"https:\/\/madelinefashion.pl\/sk\/wp-json\/wp\/v2\/media?parent=76017"}],"wp:term":[{"taxonomy":"product_brand","embeddable":true,"href":"https:\/\/madelinefashion.pl\/sk\/wp-json\/wp\/v2\/product_brand?post=76017"},{"taxonomy":"product_cat","embeddable":true,"href":"https:\/\/madelinefashion.pl\/sk\/wp-json\/wp\/v2\/product_cat?post=76017"},{"taxonomy":"product_tag","embeddable":true,"href":"https:\/\/madelinefashion.pl\/sk\/wp-json\/wp\/v2\/product_tag?post=76017"}],"curies":[{"name":"pracovn\u00fd list","href":"https:\/\/api.w.org\/{rel}","templated":true}]}}

Zlatá taška na návštevu s kryštálmi

<h3 style="text-align: center;">Zlatá taška na návštevu s kryštálmi</h3>
<p style="text-align: center;">Kabelka je nevyhnutnou súčasťou večerného outfitu. Tento model sa vyznačuje nielen svojou praktickosťou, ale aj eleganciou. Elegantná kabelka sa bude hodiť každej žene, ktorá sleduje najnovšie módne trendy.</p>
<p style="text-align: center;">Zlatá taštička zdobená kryštálmi sa zapína na západku.</p>
<p style="text-align: center;">Stred elegantnej tašky je esteticky ukončený podšívkou.</p>
<p style="text-align: center;">Sada obsahuje dve pripevnené retiazky.</p>
<p style="text-align: center;"> Elegantná lesklá kabelka, ktorá bude vyzerať perfektne v ruke aj na ozdobnej retiazke, určite dodá štýl každému stylingu.</p>
<h3 style="text-align: center;">Charakteristika:</h3>
<p style="text-align: center;">večer</p>
<p style="text-align: center;">ideálne na svadbu / ples / ples</p>
<h3 style="text-align: center;">Rozmery tašky:</h3>
<ul style="text-align: center;">
<li>výška - 13 cm</li>
<li>šírka - 22 cm</li>
<li></li>
</ul>

<p>Torebka Wizytowa Złota z Kryształkami Torebka, to niezbędny część stylizacji wieczorowej. Ten model charakteryzuje się nie tylko swą praktycznością, ale również elegancją.  Elegancka torebka sprawdzi się idealnie  dla każdej kobiety podążającej za najnowszymi trendami w modzie. Złota torebka ozdabiana kryształkami zapinana jest na zatrzask. Środek eleganckiej torebki estetycznie wykończony podszewką. W komplecie torebka ma dwa doczepiane łańcuszki.</p>
<div class="klb-readmore post-buttons"><a class="button black outline size-sm" href="https://madelinefashion.pl/sk/torebka-wizytowa-zlota-z-krysztalkami/">Čítať ďalej <i class="klbth-icon-right-arrow"></i></a></div>

pracovný list
