{"id":76020,"date":"2023-02-03T14:54:49","date_gmt":"2023-02-03T13:54:49","guid":{"rendered":"https:\/\/madelinefashion.pl\/?post_type=product&#038;p=76020"},"modified":"2026-03-01T12:58:12","modified_gmt":"2026-03-01T11:58:12","slug":"torebka-wieczorowa-silver-prostokatna-nina","status":"publish","type":"product","link":"https:\/\/madelinefashion.pl\/sk\/torebka-wieczorowa-silver-prostokatna-nina\/","title":{"rendered":"Strieborn\u00e1 ve\u010dern\u00e1 kabelka Nina v tvare obd\u013a\u017enika"},"content":{"rendered":"<h2 style=\"text-align: center;\">Strieborn\u00e1 ve\u010dern\u00e1 kabelka Nina v tvare obd\u013a\u017enika<\/h2>\n<p style=\"text-align: center;\">Kabelka je nevyhnutnou s\u00fa\u010das\u0165ou ve\u010dern\u00e9ho outfitu. Tento model sa vyzna\u010duje nielen svojou praktickos\u0165ou, ale aj eleganciou. Elegantn\u00e1 kabelka sa bude hodi\u0165 ka\u017edej \u017eene, ktor\u00e1 sleduje najnov\u0161ie m\u00f3dne trendy.<\/p>\n<p>&nbsp;<\/p>\n<h2 style=\"text-align: center;\">Charakteristika:<\/h2>\n<p style=\"text-align: center;\">ve\u010der<\/p>\n<p style=\"text-align: center;\">ide\u00e1lne na svadbu \/ ples \/ ples<\/p>\n<h3 style=\"text-align: center;\">Rozmery ta\u0161ky:<\/h3>\n<ul style=\"text-align: center;\">\n<li>v\u00fd\u0161ka - 12 cm<\/li>\n<li>\u0161\u00edrka - 20 cm<\/li>\n<li><\/li>\n<\/ul>","protected":false},"excerpt":{"rendered":"<p>Torebka Wieczorowa Silver Prostok\u0105tna Nina Torebka, to niezb\u0119dny cz\u0119\u015b\u0107 stylizacji wieczorowej. Ten model charakteryzuje si\u0119 nie tylko sw\u0105 praktyczno\u015bci\u0105, ale r\u00f3wnie\u017c elegancj\u0105.\u00a0 Elegancka torebka sprawdzi si\u0119 idealnie\u00a0 dla ka\u017cdej kobiety pod\u0105\u017caj\u0105cej za najnowszymi trendami w modzie. &nbsp; Cechy Charakterystyczne: wieczorowa idealna na wesele\/bal\/ studni\u00f3wk\u0119 Wymiary Torebki: wysoko\u015b\u0107 &#8211; 12 cm szeroko\u015b\u0107 -20 cm<\/p>","protected":false},"featured_media":88610,"template":"","meta":[],"product_brand":[],"product_cat":[113],"product_tag":[504,412],"class_list":{"0":"post-76020","1":"product","2":"type-product","3":"status-publish","4":"has-post-thumbnail","6":"product_cat-dodatki","7":"product_tag-party-time","8":"product_tag-torebki-damskie","10":"first","11":"instock","12":"sale","13":"purchasable","14":"product-type-simple"},"_links":{"self":[{"href":"https:\/\/madelinefashion.pl\/sk\/wp-json\/wp\/v2\/product\/76020","targetHints":{"allow":["GET"]}}],"collection":[{"href":"https:\/\/madelinefashion.pl\/sk\/wp-json\/wp\/v2\/product"}],"about":[{"href":"https:\/\/madelinefashion.pl\/sk\/wp-json\/wp\/v2\/types\/product"}],"wp:featuredmedia":[{"embeddable":true,"href":"https:\/\/madelinefashion.pl\/sk\/wp-json\/wp\/v2\/media\/88610"}],"wp:attachment":[{"href":"https:\/\/madelinefashion.pl\/sk\/wp-json\/wp\/v2\/media?parent=76020"}],"wp:term":[{"taxonomy":"product_brand","embeddable":true,"href":"https:\/\/madelinefashion.pl\/sk\/wp-json\/wp\/v2\/product_brand?post=76020"},{"taxonomy":"product_cat","embeddable":true,"href":"https:\/\/madelinefashion.pl\/sk\/wp-json\/wp\/v2\/product_cat?post=76020"},{"taxonomy":"product_tag","embeddable":true,"href":"https:\/\/madelinefashion.pl\/sk\/wp-json\/wp\/v2\/product_tag?post=76020"}],"curies":[{"name":"pracovn\u00fd list","href":"https:\/\/api.w.org\/{rel}","templated":true}]}}

Strieborná večerná kabelka Nina v tvare obdĺžnika

<h2 style="text-align: center;">Strieborná večerná kabelka Nina v tvare obdĺžnika</h2>
<p style="text-align: center;">Kabelka je nevyhnutnou súčasťou večerného outfitu. Tento model sa vyznačuje nielen svojou praktickosťou, ale aj eleganciou. Elegantná kabelka sa bude hodiť každej žene, ktorá sleduje najnovšie módne trendy.</p>
<p>&nbsp;</p>
<h2 style="text-align: center;">Charakteristika:</h2>
<p style="text-align: center;">večer</p>
<p style="text-align: center;">ideálne na svadbu / ples / ples</p>
<h3 style="text-align: center;">Rozmery tašky:</h3>
<ul style="text-align: center;">
<li>výška - 12 cm</li>
<li>šírka - 20 cm</li>
<li></li>
</ul>

<p>Torebka Wieczorowa Silver Prostokątna Nina Torebka, to niezbędny część stylizacji wieczorowej. Ten model charakteryzuje się nie tylko swą praktycznością, ale również elegancją.  Elegancka torebka sprawdzi się idealnie  dla każdej kobiety podążającej za najnowszymi trendami w modzie. &nbsp; Cechy Charakterystyczne: wieczorowa idealna na wesele/bal/ studniówkę Wymiary Torebki: wysokość &#8211; 12 cm szerokość -20 cm</p>

pracovný list
