{"id":78318,"date":"2023-02-22T15:13:31","date_gmt":"2023-02-22T14:13:31","guid":{"rendered":"https:\/\/madelinefashion.pl\/?post_type=product&#038;p=78318"},"modified":"2026-02-20T14:57:11","modified_gmt":"2026-02-20T13:57:11","slug":"sweterek-kremowy-exquisss-chanel","status":"publish","type":"product","link":"https:\/\/madelinefashion.pl\/sk\/sweterek-kremowy-exquisss-chanel\/","title":{"rendered":"Sveter Chanel Cream Exquiss"},"content":{"rendered":"<h3 style=\"text-align: center;\">Sveter Chanel Cream Exquiss<\/h3>\n<p style=\"text-align: center;\"><span style=\"font-size: 10pt;\"><strong>Kr\u00e1sny, \u013eahk\u00fd, zapletan\u00fd svetr\u00edk, zap\u00ednanie na gomb\u00edky<\/strong> . Toto je ponuka pre \u017eeny, ktor\u00e9 chc\u00fa dokonal\u00fd sveter. Ur\u010dite ju zlad\u00edte so svoj\u00edm \u0161atn\u00edkom. Budete sa v \u0148om c\u00edti\u0165 pohodlne a kr\u00e1sne. Pohodln\u00fd, pr\u00edjemn\u00fd na dotyk, pohodln\u00fd sveter jednoduch\u00e9ho strihu. Model s dlh\u00fdmi ruk\u00e1vmi. Je u\u0161it\u00e1 z pr\u00edjemnej, elastickej l\u00e1tky. Sveter sa zap\u00edna na 4 ozdobn\u00e9 gomb\u00edky. V na\u0161ej predajni je dostupn\u00fd v dvoch farebn\u00fdch variantoch. Odpor\u00fa\u010dame pre d\u00e1my vo ve\u013ekosti SML XL<\/span><\/p>\n<h3 style=\"text-align: center;\">\u00a0 \u00a0 \u00a0Rozmery<\/h3>\n<p style=\"text-align: center;\" align=\"center\">Celkov\u00e1 d\u013a\u017eka - 55 cm<br \/>\n\u0160\u00edrka od podpazu\u0161ia po podpazu\u0161ie - 55-67 cm x2<br \/>\nD\u013a\u017eka ruk\u00e1va od podpazu\u0161ia - 45 cm<br \/>\nD\u013a\u017eka ruk\u00e1va od ramena - 62 cm<br \/>\n\u0160\u00edrka v spodnej \u010dasti - 45 -56 cm x2<\/p>\n<p style=\"text-align: center;\"><span style=\"font-size: 10pt;\">\u00a0Rozmery sa m\u00f4\u017eu mierne l\u00ed\u0161i\u0165 od uveden\u00fdch +\/- 2cm. V\u0161etky uveden\u00e9 rozmery s\u00fa meran\u00e9 plo\u0161ne. rozmer x2<\/span><\/p>\n<table>\n<tbody>\n<tr>\n<td width=\"302\">Meno modela<\/td>\n<td width=\"302\">Sveter Chanel zna\u010dky Exquiss<\/td>\n<\/tr>\n<tr>\n<td width=\"302\">Farba<\/td>\n<td width=\"302\">Kr\u00e9mov\u00e1<\/td>\n<\/tr>\n<tr>\n<td width=\"302\">ve\u013ekosti<\/td>\n<td width=\"302\">Univerz\u00e1lny<\/td>\n<\/tr>\n<tr>\n<td width=\"302\">M\u00f3da<\/td>\n<td width=\"302\">nadrozmern\u00e9<\/td>\n<\/tr>\n<tr>\n<td width=\"302\">izolovan\u00e9<\/td>\n<td width=\"302\">jednopl\u00e1\u0161\u0165ov\u00e9<\/td>\n<\/tr>\n<tr>\n<td width=\"302\">Materi\u00e1l<\/td>\n<td width=\"302\">42 % Akryl 30 % Polyester 28% Polyamid<\/td>\n<\/tr>\n<\/tbody>\n<\/table>\n<p style=\"text-align: center;\">Model m\u00e1\u00a0<strong>169<\/strong>\u00a0cm vysok\u00fd, nos\u00ed ve\u013ekos\u0165 ka\u017ed\u00fd de\u0148\u00a0<strong>S<\/strong><\/p>\n<p style=\"text-align: center;\">\u0160\u00edrka cez prsia 92 cm<\/p>\n<p style=\"text-align: center;\">\u0160\u00edrka v p\u00e1se 62 cm<\/p>\n<p style=\"text-align: center;\">\u0160\u00edrka v bokoch 94 cm<\/p>","protected":false},"excerpt":{"rendered":"<p>Sweterek Kremowy Exquiss&#8217;s Chanel Przepi\u0119kny, lekki , pleciony sweterek, zapinany na guziki . To propozycja dla Pa\u0144 kt\u00f3re idealnego sweterka. Z pewno\u015bci\u0105 dopasujesz do swojej szafy. B\u0119dziesz czu\u0107 si\u0119 w nim wygodnie i\u00a0 pi\u0119knie . Wygodny, przytulny w dotyku, komfortowy sweterek o prostym fasonie. Model z d\u0142ugimi r\u0119kawami. Wykonano go z przyjemnej, elastycznej dzianiny. Sweterek<\/p>\n<div class=\"klb-readmore post-buttons\"><a class=\"button black outline size-sm\" href=\"https:\/\/madelinefashion.pl\/sk\/sweterek-kremowy-exquisss-chanel\/\">\u010c\u00edta\u0165 \u010falej <i class=\"klbth-icon-right-arrow\"><\/i><\/a><\/div>","protected":false},"featured_media":78281,"template":"","meta":[],"product_brand":[],"product_cat":[78,395],"product_tag":[222],"class_list":{"0":"post-78318","1":"product","2":"type-product","3":"status-publish","4":"has-post-thumbnail","6":"product_cat-swetry-damskie","7":"product_cat-nowosci","8":"product_tag-swetry-biale","10":"first","11":"instock","12":"purchasable","13":"product-type-simple"},"_links":{"self":[{"href":"https:\/\/madelinefashion.pl\/sk\/wp-json\/wp\/v2\/product\/78318","targetHints":{"allow":["GET"]}}],"collection":[{"href":"https:\/\/madelinefashion.pl\/sk\/wp-json\/wp\/v2\/product"}],"about":[{"href":"https:\/\/madelinefashion.pl\/sk\/wp-json\/wp\/v2\/types\/product"}],"wp:featuredmedia":[{"embeddable":true,"href":"https:\/\/madelinefashion.pl\/sk\/wp-json\/wp\/v2\/media\/78281"}],"wp:attachment":[{"href":"https:\/\/madelinefashion.pl\/sk\/wp-json\/wp\/v2\/media?parent=78318"}],"wp:term":[{"taxonomy":"product_brand","embeddable":true,"href":"https:\/\/madelinefashion.pl\/sk\/wp-json\/wp\/v2\/product_brand?post=78318"},{"taxonomy":"product_cat","embeddable":true,"href":"https:\/\/madelinefashion.pl\/sk\/wp-json\/wp\/v2\/product_cat?post=78318"},{"taxonomy":"product_tag","embeddable":true,"href":"https:\/\/madelinefashion.pl\/sk\/wp-json\/wp\/v2\/product_tag?post=78318"}],"curies":[{"name":"pracovn\u00fd list","href":"https:\/\/api.w.org\/{rel}","templated":true}]}}

<h3 style="text-align: center;">Sveter Chanel Cream Exquiss</h3>
<p style="text-align: center;"><span style="font-size: 10pt;"><strong>Krásny, ľahký, zapletaný svetrík, zapínanie na gombíky</strong> . Toto je ponuka pre ženy, ktoré chcú dokonalý sveter. Určite ju zladíte so svojím šatníkom. Budete sa v ňom cítiť pohodlne a krásne. Pohodlný, príjemný na dotyk, pohodlný sveter jednoduchého strihu. Model s dlhými rukávmi. Je ušitá z príjemnej, elastickej látky. Sveter sa zapína na 4 ozdobné gombíky. V našej predajni je dostupný v dvoch farebných variantoch. Odporúčame pre dámy vo veľkosti SML XL</span></p>
<h3 style="text-align: center;">     Rozmery</h3>
<p style="text-align: center;" align="center">Celková dĺžka - 55 cm<br />
Šírka od podpazušia po podpazušie - 55-67 cm x2<br />
Dĺžka rukáva od podpazušia - 45 cm<br />
Dĺžka rukáva od ramena - 62 cm<br />
Šírka v spodnej časti - 45 -56 cm x2</p>
<p style="text-align: center;"><span style="font-size: 10pt;"> Rozmery sa môžu mierne líšiť od uvedených +/- 2cm. Všetky uvedené rozmery sú merané plošne. rozmer x2</span></p>
<table>
<tbody>
<tr>
<td width="302">Meno modela</td>
<td width="302">Sveter Chanel značky Exquiss</td>
</tr>
<tr>
<td width="302">Farba</td>
<td width="302">Krémová</td>
</tr>
<tr>
<td width="302">veľkosti</td>
<td width="302">Univerzálny</td>
</tr>
<tr>
<td width="302">Móda</td>
<td width="302">nadrozmerné</td>
</tr>
<tr>
<td width="302">izolované</td>
<td width="302">jednoplášťové</td>
</tr>
<tr>
<td width="302">Materiál</td>
<td width="302">42 % Akryl 30 % Polyester 28% Polyamid</td>
</tr>
</tbody>
</table>
<p style="text-align: center;">Model má <strong>169</strong> cm vysoký, nosí veľkosť každý deň <strong>S</strong></p>
<p style="text-align: center;">Šírka cez prsia 92 cm</p>
<p style="text-align: center;">Šírka v páse 62 cm</p>
<p style="text-align: center;">Šírka v bokoch 94 cm</p>

<p>Sweterek Kremowy Exquiss&#8217;s Chanel Przepiękny, lekki , pleciony sweterek, zapinany na guziki . To propozycja dla Pań które idealnego sweterka. Z pewnością dopasujesz do swojej szafy. Będziesz czuć się w nim wygodnie i  pięknie . Wygodny, przytulny w dotyku, komfortowy sweterek o prostym fasonie. Model z długimi rękawami. Wykonano go z przyjemnej, elastycznej dzianiny. Sweterek</p>
<div class="klb-readmore post-buttons"><a class="button black outline size-sm" href="https://madelinefashion.pl/sk/sweterek-kremowy-exquisss-chanel/">Čítať ďalej <i class="klbth-icon-right-arrow"></i></a></div>

pracovný list
