{"id":78463,"date":"2023-02-23T11:54:21","date_gmt":"2023-02-23T10:54:21","guid":{"rendered":"https:\/\/madelinefashion.pl\/?post_type=product&#038;p=78463"},"modified":"2026-01-20T10:33:37","modified_gmt":"2026-01-20T09:33:37","slug":"biala-koszula-z-zaszewkami-exclusive","status":"publish","type":"product","link":"https:\/\/madelinefashion.pl\/sk\/biala-koszula-z-zaszewkami-exclusive\/","title":{"rendered":"Exkluz\u00edvna biela ko\u0161e\u013ea so z\u00e1hybmi"},"content":{"rendered":"<h3 style=\"text-align: center;\">Exkluz\u00edvna biela ko\u0161e\u013ea so z\u00e1hybmi<\/h3>\n<p>Jedine\u010dn\u00e1 ko\u0161e\u013ea sa bude hodi\u0165 do \u0161atn\u00edka ka\u017edej \u017eeny, ktor\u00e1 h\u013ead\u00e1 elegantn\u00e9 rie\u0161enia. Navy\u0161e sa odli\u0161uje zdoben\u00edm na v\u00fdstrihu. Model sa zap\u00edna na zlat\u00e9 gomb\u00edky, ktor\u00e9 dod\u00e1vaj\u00fa ko\u0161eli \u0161t\u00fdl. V ofici\u00e1lnom vzh\u013eade bude vyzera\u0165 fenomen\u00e1lne! Produkt je dostupn\u00fd v dvoch farebn\u00fdch variantoch.<\/p>\n<h3 style=\"text-align: center;\">\u00a0 \u00a0 \u00a0Rozmery:<\/h3>\n<ul>\n<li style=\"list-style-type: none;\">\n<ul>\n<li style=\"text-align: center;\">celkov\u00e1 predn\u00e1 d\u013a\u017eka: 72 cm<\/li>\n<li style=\"text-align: center;\">\u0161\u00edrka od pazuchy po pazuchu: 59 cm<br \/>\nd\u013a\u017eka ruk\u00e1va od ramena: 60 cm<\/li>\n<li style=\"text-align: center;\">d\u013a\u017eka ruk\u00e1va od pazuchy: 42 cm\n<p>Rozmery sa m\u00f4\u017eu mierne l\u00ed\u0161i\u0165 od uveden\u00fdch +\/- 2cm. V\u0161etky uveden\u00e9 rozmery s\u00fa meran\u00e9 plo\u0161ne.<\/li>\n<\/ul>\n<\/li>\n<\/ul>\n<table style=\"height: 288px;\" width=\"432\">\n<tbody>\n<tr>\n<td>n\u00e1zov<\/td>\n<td>Exkluz\u00edvne tri\u010dko<\/td>\n<\/tr>\n<tr>\n<td>Farba<\/td>\n<td>biely<\/td>\n<\/tr>\n<tr>\n<td>Zbierka<\/td>\n<td>Jar leto jese\u0148 zima<\/td>\n<\/tr>\n<tr>\n<td>Ve\u013ekos\u0165<\/td>\n<td>Univerz\u00e1lny<\/td>\n<\/tr>\n<tr>\n<td>M\u00f3da<\/td>\n<td>nadrozmern\u00e9<\/td>\n<\/tr>\n<tr>\n<td>zap\u00ednanie<\/td>\n<td>tla\u010didl\u00e1<\/td>\n<\/tr>\n<tr>\n<td>Zlo\u017eenie materi\u00e1lov<\/td>\n<td>77% Bavlna 21% Polyester 2% Elastan<\/td>\n<\/tr>\n<\/tbody>\n<\/table>\n<p style=\"text-align: center;\">Model m\u00e1\u00a0<strong>169<\/strong>\u00a0cm vysok\u00fd, nos\u00ed ve\u013ekos\u0165 ka\u017ed\u00fd de\u0148\u00a0<strong>S<\/strong><\/p>\n<p style=\"text-align: center;\">\u0160\u00edrka cez prsia 92 cm<\/p>\n<p style=\"text-align: center;\">\u0160\u00edrka v p\u00e1se 62 cm<\/p>\n<p style=\"text-align: center;\">\u0160\u00edrka v bokoch 94 cm<\/p>\n<p style=\"text-align: center;\"><strong>\u00a0<\/strong><\/p>","protected":false},"excerpt":{"rendered":"<p>Bia\u0142a Koszula z Zaszewkami Exclusive Wyj\u0105tkowa koszula z\u00a0 sprawdzi si\u0119 doskonale w garderobie ka\u017cdej kobiety poszukuj\u0105cej eleganckich rozwi\u0105za\u0144. Dodatkowo wyr\u00f3\u017cnia si\u0119 zdobieniem na dekolcie. Model zapinany jest na z\u0142ote guziki, dodaj\u0105ce szyku koszuli. Zaprezentuje si\u0119 fenomenalnie w oficjalnych lookach! Produkt dost\u0119pny jest w dw\u00f3ch wariantach kolorystycznych. \u00a0 \u00a0 \u00a0Wymiary: d\u0142ugo\u015b\u0107 ca\u0142kowita prz\u00f3d: 72 cm szeroko\u015b\u0107<\/p>\n<div class=\"klb-readmore post-buttons\"><a class=\"button black outline size-sm\" href=\"https:\/\/madelinefashion.pl\/sk\/biala-koszula-z-zaszewkami-exclusive\/\">\u010c\u00edta\u0165 \u010falej <i class=\"klbth-icon-right-arrow\"><\/i><\/a><\/div>","protected":false},"featured_media":78381,"template":"","meta":[],"product_brand":[],"product_cat":[92,395],"product_tag":[414],"class_list":{"0":"post-78463","1":"product","2":"type-product","3":"status-publish","4":"has-post-thumbnail","6":"product_cat-koszule","7":"product_cat-nowosci","8":"product_tag-koszule","10":"first","11":"instock","12":"sale","13":"purchasable","14":"product-type-simple"},"_links":{"self":[{"href":"https:\/\/madelinefashion.pl\/sk\/wp-json\/wp\/v2\/product\/78463","targetHints":{"allow":["GET"]}}],"collection":[{"href":"https:\/\/madelinefashion.pl\/sk\/wp-json\/wp\/v2\/product"}],"about":[{"href":"https:\/\/madelinefashion.pl\/sk\/wp-json\/wp\/v2\/types\/product"}],"wp:featuredmedia":[{"embeddable":true,"href":"https:\/\/madelinefashion.pl\/sk\/wp-json\/wp\/v2\/media\/78381"}],"wp:attachment":[{"href":"https:\/\/madelinefashion.pl\/sk\/wp-json\/wp\/v2\/media?parent=78463"}],"wp:term":[{"taxonomy":"product_brand","embeddable":true,"href":"https:\/\/madelinefashion.pl\/sk\/wp-json\/wp\/v2\/product_brand?post=78463"},{"taxonomy":"product_cat","embeddable":true,"href":"https:\/\/madelinefashion.pl\/sk\/wp-json\/wp\/v2\/product_cat?post=78463"},{"taxonomy":"product_tag","embeddable":true,"href":"https:\/\/madelinefashion.pl\/sk\/wp-json\/wp\/v2\/product_tag?post=78463"}],"curies":[{"name":"pracovn\u00fd list","href":"https:\/\/api.w.org\/{rel}","templated":true}]}}

Exkluzívna biela košeľa so záhybmi

<h3 style="text-align: center;">Exkluzívna biela košeľa so záhybmi</h3>
<p>Jedinečná košeľa sa bude hodiť do šatníka každej ženy, ktorá hľadá elegantné riešenia. Navyše sa odlišuje zdobením na výstrihu. Model sa zapína na zlaté gombíky, ktoré dodávajú košeli štýl. V oficiálnom vzhľade bude vyzerať fenomenálne! Produkt je dostupný v dvoch farebných variantoch.</p>
<h3 style="text-align: center;">     Rozmery:</h3>
<ul>
<li style="list-style-type: none;">
<ul>
<li style="text-align: center;">celková predná dĺžka: 72 cm</li>
<li style="text-align: center;">šírka od pazuchy po pazuchu: 59 cm<br />
dĺžka rukáva od ramena: 60 cm</li>
<li style="text-align: center;">dĺžka rukáva od pazuchy: 42 cm
<p>Rozmery sa môžu mierne líšiť od uvedených +/- 2cm. Všetky uvedené rozmery sú merané plošne.</li>
</ul>
</li>
</ul>
<table style="height: 288px;" width="432">
<tbody>
<tr>
<td>názov</td>
<td>Exkluzívne tričko</td>
</tr>
<tr>
<td>Farba</td>
<td>biely</td>
</tr>
<tr>
<td>Zbierka</td>
<td>Jar leto jeseň zima</td>
</tr>
<tr>
<td>Veľkosť</td>
<td>Univerzálny</td>
</tr>
<tr>
<td>Móda</td>
<td>nadrozmerné</td>
</tr>
<tr>
<td>zapínanie</td>
<td>tlačidlá</td>
</tr>
<tr>
<td>Zloženie materiálov</td>
<td>77% Bavlna 21% Polyester 2% Elastan</td>
</tr>
</tbody>
</table>
<p style="text-align: center;">Model má <strong>169</strong> cm vysoký, nosí veľkosť každý deň <strong>S</strong></p>
<p style="text-align: center;">Šírka cez prsia 92 cm</p>
<p style="text-align: center;">Šírka v páse 62 cm</p>
<p style="text-align: center;">Šírka v bokoch 94 cm</p>
<p style="text-align: center;"><strong> </strong></p>

<p>Biała Koszula z Zaszewkami Exclusive Wyjątkowa koszula z  sprawdzi się doskonale w garderobie każdej kobiety poszukującej eleganckich rozwiązań. Dodatkowo wyróżnia się zdobieniem na dekolcie. Model zapinany jest na złote guziki, dodające szyku koszuli. Zaprezentuje się fenomenalnie w oficjalnych lookach! Produkt dostępny jest w dwóch wariantach kolorystycznych.      Wymiary: długość całkowita przód: 72 cm szerokość</p>
<div class="klb-readmore post-buttons"><a class="button black outline size-sm" href="https://madelinefashion.pl/sk/biala-koszula-z-zaszewkami-exclusive/">Čítať ďalej <i class="klbth-icon-right-arrow"></i></a></div>

pracovný list
