{"id":7869,"date":"2021-04-10T03:12:08","date_gmt":"2021-04-10T01:12:08","guid":{"rendered":"https:\/\/madelinefashion.pl\/?post_type=product&#038;p=7869"},"modified":"2026-04-10T14:43:43","modified_gmt":"2026-04-10T12:43:43","slug":"sukienka-z-lancuszkiem-vivaldi-czarna","status":"publish","type":"product","link":"https:\/\/madelinefashion.pl\/sk\/sukienka-z-lancuszkiem-vivaldi-czarna\/","title":{"rendered":"Vivaldi \u0161aty s retiazkou \u010dierne"},"content":{"rendered":"<h3 style=\"text-align: center;\">Vivaldi \u0161aty s retiazkou \u010dierne<\/h3>\n<p style=\"text-align: center;\"><strong>Elegantn\u00e9 pleten\u00e9 \u0161aty<\/strong> perfektne strihan\u00e9<strong> zd\u00f4raz\u0148uj\u00face \u017eensk\u00e9 tvary<\/strong>. Materi\u00e1l \u0161iat neobmedzuje v pohybe a je ve\u013emi pru\u017en\u00fd. D\u00e1 sa nosi\u0165 \u0161portovo aj elegantne. <strong>Dekolt dokonale zv\u00fdraz\u0148uje \u017eensk\u00e9 tvary. \u0160aty<\/strong> so zlat\u00fdmi retiazkami - super sexi. c\u00edti\u0165<strong> v\u00fdnimo\u010dne. <\/strong>Ve\u013emi m\u00e4kk\u00fd a pru\u017en\u00fd materi\u00e1l. <strong>Ide\u00e1lne \u0161aty na ka\u017edodenn\u00e9 vych\u00e1dzky, cestovanie alebo do pr\u00e1ce. Tepl\u00e9 a priliehav\u00e9 \u0161aty sa hodia do ka\u017ed\u00e9ho po\u010dasia.<\/strong> Elegantn\u00fd model sa bude hodi\u0165 na ka\u017ed\u00fa pr\u00edle\u017eitos\u0165, kde sa chcete c\u00edti\u0165 v\u00fdnimo\u010dne. \u0160aty ve\u013emi jemn\u00fdm sp\u00f4sobom zd\u00f4raz\u0148uj\u00fa siluetu. \u0160aty Vivaldi v univerz\u00e1lnej ve\u013ekosti odpor\u00fa\u010dan\u00e9 od XS do max L<\/p>\n<p>&nbsp;<\/p>\n<h3 style=\"text-align: center;\">\u00a0 \u00a0 \u00a0 \u00a0 \u00a0 \u00a0 \u00a0 \u00a0 \u00a0 Rozmery:<\/h3>\n<ul>\n<li style=\"text-align: center;\">\u00a0 \u00a0 Celkov\u00e1 predn\u00e1 d\u013a\u017eka - 97 cm<\/li>\n<li style=\"text-align: center;\">\u0160\u00edrka od pazuchy po pazuchu - 27-48 cm<\/li>\n<li style=\"text-align: center;\">\u0160\u00edrka p\u00e1sa - 21-48 cm<\/li>\n<li style=\"text-align: center;\">\u0160\u00edrka v spodnej \u010dasti - 26-56 cm<\/li>\n<\/ul>\n<p style=\"text-align: center;\">Rozmery sa m\u00f4\u017eu mierne l\u00ed\u0161i\u0165 od uveden\u00fdch +\/- 2cm. V\u0161etky uveden\u00e9 rozmery s\u00fa meran\u00e9 plo\u0161ne. <strong>rozmer x2<\/strong><\/p>\n<h3 style=\"text-align: center;\">Charakteristika:<\/h3>\n<p style=\"text-align: center;\">- midi \u0161aty<br \/>\n- retiazkov\u00e9 ramenn\u00e9 popruhy<br \/>\n- univerz\u00e1lny<br \/>\n- V\u00fdstrih do V<br \/>\n-m\u00f3dne<br \/>\n-\u017dena<br \/>\n- osaden\u00e1<br \/>\n- pohodln\u00e9<\/p>\n<p>&nbsp;<\/p>\n<table>\n<tbody>\n<tr>\n<td width=\"302\"><span style=\"font-size: 10pt;\">Meno modela<\/span><\/td>\n<td width=\"302\">Retiazkov\u00e9 \u0161aty Vivaldi<\/td>\n<\/tr>\n<tr>\n<td width=\"302\"><span style=\"font-size: 10pt;\">Farba<\/span><\/td>\n<td width=\"302\"><span style=\"font-size: 13.3333px;\">\u010dierna<\/span><\/td>\n<\/tr>\n<tr>\n<td width=\"302\"><span style=\"font-size: 10pt;\">M\u00f3da<\/span><\/td>\n<td width=\"302\"><span style=\"font-size: 10pt;\">Zhoda<\/span><\/td>\n<\/tr>\n<tr>\n<td width=\"302\"><span style=\"font-size: 10pt;\">Materi\u00e1l<\/span><\/td>\n<td width=\"302\"><span style=\"font-size: 10pt;\">98 % Bavlna 2 % Elastan\u00a0<\/span><\/td>\n<\/tr>\n<tr>\n<td width=\"302\"><span style=\"font-size: 10pt;\">D\u013a\u017eka<\/span><\/td>\n<td width=\"302\"><span style=\"font-size: 10pt;\">Pred kolenom<\/span><\/td>\n<\/tr>\n<\/tbody>\n<\/table>\n<p>&nbsp;<\/p>\n<p style=\"text-align: center;\"><span style=\"font-size: 10pt;\">\u00a0<\/span><\/p>\n<div class=\"tabs tabs-bb clear mb-80\">\n<div class=\"tab-content\">\n<div id=\"tab-description\" class=\"tab-pane fade in woocommerce-Tabs-panel--description active\">\n<p style=\"text-align: center;\">\u00a0Model m\u00e1\u00a0<strong>165<\/strong>\u00a0cm vysok\u00fd, nos\u00ed ve\u013ekos\u0165 ka\u017ed\u00fd de\u0148\u00a0<strong>S<\/strong><\/p>\n<\/div>\n<\/div>\n<\/div>","protected":false},"excerpt":{"rendered":"<p>Sukienka z \u0141a\u0144cuszkiem Vivaldi Czarna Elegancka sukienka dzianinowa o kroju idealnie podkre\u015blaj\u0105cym kobiece kszta\u0142ty. Materia\u0142 sukienki nie kr\u0119puj\u0119 ruch\u00f3w i jest bardzo elastyczny. Mo\u017cna j\u0105 nosi\u0107 w sportowym, jak i w eleganckim wydaniu. Dekolt idealnie podkre\u015bla kobiece kszta\u0142ty. Sukienka na rami\u0105czkach ze z\u0142otego \u0142a\u0144cuszka &#8211; mega sexowna. Poczuj si\u0119 wyj\u0105tkowo. Bardzo mi\u0119kki i rozci\u0105gliwy materia\u0142.<\/p>\n<div class=\"klb-readmore post-buttons\"><a class=\"button black outline size-sm\" href=\"https:\/\/madelinefashion.pl\/sk\/sukienka-z-lancuszkiem-vivaldi-czarna\/\">\u010c\u00edta\u0165 \u010falej <i class=\"klbth-icon-right-arrow\"><\/i><\/a><\/div>","protected":false},"featured_media":7860,"template":"","meta":[],"product_brand":[],"product_cat":[125],"product_tag":[213],"class_list":{"0":"post-7869","1":"product","2":"type-product","3":"status-publish","4":"has-post-thumbnail","6":"product_cat-sukienki","7":"product_tag-sukienka-czarna","9":"first","10":"instock","11":"purchasable","12":"product-type-simple"},"_links":{"self":[{"href":"https:\/\/madelinefashion.pl\/sk\/wp-json\/wp\/v2\/product\/7869","targetHints":{"allow":["GET"]}}],"collection":[{"href":"https:\/\/madelinefashion.pl\/sk\/wp-json\/wp\/v2\/product"}],"about":[{"href":"https:\/\/madelinefashion.pl\/sk\/wp-json\/wp\/v2\/types\/product"}],"wp:featuredmedia":[{"embeddable":true,"href":"https:\/\/madelinefashion.pl\/sk\/wp-json\/wp\/v2\/media\/7860"}],"wp:attachment":[{"href":"https:\/\/madelinefashion.pl\/sk\/wp-json\/wp\/v2\/media?parent=7869"}],"wp:term":[{"taxonomy":"product_brand","embeddable":true,"href":"https:\/\/madelinefashion.pl\/sk\/wp-json\/wp\/v2\/product_brand?post=7869"},{"taxonomy":"product_cat","embeddable":true,"href":"https:\/\/madelinefashion.pl\/sk\/wp-json\/wp\/v2\/product_cat?post=7869"},{"taxonomy":"product_tag","embeddable":true,"href":"https:\/\/madelinefashion.pl\/sk\/wp-json\/wp\/v2\/product_tag?post=7869"}],"curies":[{"name":"pracovn\u00fd list","href":"https:\/\/api.w.org\/{rel}","templated":true}]}}

Vivaldi šaty s retiazkou čierne

<h3 style="text-align: center;">Vivaldi šaty s retiazkou čierne</h3>
<p style="text-align: center;"><strong>Elegantné pletené šaty</strong> perfektne strihané<strong> zdôrazňujúce ženské tvary</strong>. Materiál šiat neobmedzuje v pohybe a je veľmi pružný. Dá sa nosiť športovo aj elegantne. <strong>Dekolt dokonale zvýrazňuje ženské tvary. Šaty</strong> so zlatými retiazkami - super sexi. cítiť<strong> výnimočne. </strong>Veľmi mäkký a pružný materiál. <strong>Ideálne šaty na každodenné vychádzky, cestovanie alebo do práce. Teplé a priliehavé šaty sa hodia do každého počasia.</strong> Elegantný model sa bude hodiť na každú príležitosť, kde sa chcete cítiť výnimočne. Šaty veľmi jemným spôsobom zdôrazňujú siluetu. Šaty Vivaldi v univerzálnej veľkosti odporúčané od XS do max L</p>
<p>&nbsp;</p>
<h3 style="text-align: center;">                  Rozmery:</h3>
<ul>
<li style="text-align: center;">    Celková predná dĺžka - 97 cm</li>
<li style="text-align: center;">Šírka od pazuchy po pazuchu - 27-48 cm</li>
<li style="text-align: center;">Šírka pása - 21-48 cm</li>
<li style="text-align: center;">Šírka v spodnej časti - 26-56 cm</li>
</ul>
<p style="text-align: center;">Rozmery sa môžu mierne líšiť od uvedených +/- 2cm. Všetky uvedené rozmery sú merané plošne. <strong>rozmer x2</strong></p>
<h3 style="text-align: center;">Charakteristika:</h3>
<p style="text-align: center;">- midi šaty<br />
- retiazkové ramenné popruhy<br />
- univerzálny<br />
- Výstrih do V<br />
-módne<br />
-Žena<br />
- osadená<br />
- pohodlné</p>
<p>&nbsp;</p>
<table>
<tbody>
<tr>
<td width="302"><span style="font-size: 10pt;">Meno modela</span></td>
<td width="302">Retiazkové šaty Vivaldi</td>
</tr>
<tr>
<td width="302"><span style="font-size: 10pt;">Farba</span></td>
<td width="302"><span style="font-size: 13.3333px;">čierna</span></td>
</tr>
<tr>
<td width="302"><span style="font-size: 10pt;">Móda</span></td>
<td width="302"><span style="font-size: 10pt;">Zhoda</span></td>
</tr>
<tr>
<td width="302"><span style="font-size: 10pt;">Materiál</span></td>
<td width="302"><span style="font-size: 10pt;">98 % Bavlna 2 % Elastan </span></td>
</tr>
<tr>
<td width="302"><span style="font-size: 10pt;">Dĺžka</span></td>
<td width="302"><span style="font-size: 10pt;">Pred kolenom</span></td>
</tr>
</tbody>
</table>
<p>&nbsp;</p>
<p style="text-align: center;"><span style="font-size: 10pt;"> </span></p>
<div class="tabs tabs-bb clear mb-80">
<div class="tab-content">
<div id="tab-description" class="tab-pane fade in woocommerce-Tabs-panel--description active">
<p style="text-align: center;"> Model má <strong>165</strong> cm vysoký, nosí veľkosť každý deň <strong>S</strong></p>
</div>
</div>
</div>

<p>Sukienka z Łańcuszkiem Vivaldi Czarna Elegancka sukienka dzianinowa o kroju idealnie podkreślającym kobiece kształty. Materiał sukienki nie krępuję ruchów i jest bardzo elastyczny. Można ją nosić w sportowym, jak i w eleganckim wydaniu. Dekolt idealnie podkreśla kobiece kształty. Sukienka na ramiączkach ze złotego łańcuszka &#8211; mega sexowna. Poczuj się wyjątkowo. Bardzo miękki i rozciągliwy materiał.</p>
<div class="klb-readmore post-buttons"><a class="button black outline size-sm" href="https://madelinefashion.pl/sk/sukienka-z-lancuszkiem-vivaldi-czarna/">Čítať ďalej <i class="klbth-icon-right-arrow"></i></a></div>

pracovný list
