{"id":79123,"date":"2023-02-28T10:07:11","date_gmt":"2023-02-28T09:07:11","guid":{"rendered":"https:\/\/madelinefashion.pl\/?post_type=product&#038;p=79123"},"modified":"2025-09-09T10:19:16","modified_gmt":"2025-09-09T08:19:16","slug":"jeansowa-sukienka-z-falbanka-ciemny-jeans","status":"publish","type":"product","link":"https:\/\/madelinefashion.pl\/sk\/jeansowa-sukienka-z-falbanka-ciemny-jeans\/","title":{"rendered":"D\u017e\u00ednsov\u00e9 \u0161aty s vol\u00e1nov\u00fdmi tmav\u00fdmi d\u017e\u00ednsami"},"content":{"rendered":"<h3 style=\"text-align: center;\">D\u017e\u00ednsov\u00e9 \u0161aty s vol\u00e1nov\u00fdmi tmav\u00fdmi d\u017e\u00ednsami<\/h3>\n<p style=\"text-align: center;\"><strong>Kr\u00e1sne, riflov\u00e9 \u0161aty so zap\u00ednan\u00edm na gomb\u00edky<\/strong>. Vol\u00e1n v spodnej \u010dasti dod\u00e1va \u0161at\u00e1m jedine\u010dn\u00e9 \u010daro. Materi\u00e1l je pr\u00edjemn\u00fd na dotyk, mierne vystu\u017een\u00fd, v\u010faka \u010domu s\u00fa \u0161aty mimoriadne pohodln\u00e9 a dobre sa nosia. Elastick\u00fd p\u00e1s v p\u00e1se dokonale zv\u00fdrazn\u00ed l\u00edniu p\u00e1su. D\u017e\u00ednsov\u00e9 \u0161aty maj\u00fa golier a dve vreck\u00e1 na hrudi. <strong>\u0160aty bud\u00fa fungova\u0165 v mnoh\u00fdch \u0161t\u00fdloch<\/strong> \u2013 bude perfektn\u00fd na ka\u017edodenn\u00e9 pou\u017eitie, do pr\u00e1ce alebo na stretnutia s priate\u013emi. Ruk\u00e1v sa d\u00e1 v \u0161at\u00e1ch aj vyhrn\u00fa\u0165.<\/p>\n<h3 style=\"text-align: center;\">Rozmery:<\/h3>\n<p style=\"text-align: center;\"><strong>S\/36<\/strong><\/p>\n<p style=\"text-align: center;\">\u00a0\u00a0\u00a0\u00a0\u00a0\u00a0\u00a0 celkov\u00e1 d\u013a\u017eka: 86 cm<\/p>\n<p style=\"text-align: center;\">\u0161\u00edrka ramien: 45 cm<\/p>\n<p style=\"text-align: center;\">\u00a0\u00a0\u00a0\u00a0\u00a0\u00a0\u00a0 \u0161\u00edrka od pazuchy po pazuchu: 42-44 cm<\/p>\n<p style=\"text-align: center;\">\u00a0\u00a0\u00a0\u00a0\u00a0\u00a0\u00a0 d\u013a\u017eka ruk\u00e1va od podpazu\u0161ia max: 50 cm<\/p>\n<p style=\"text-align: center;\">\u00a0\u00a0\u00a0\u00a0\u00a0\u00a0\u00a0 d\u013a\u017eka ruk\u00e1va od ramena max: 63 cm<\/p>\n<p style=\"text-align: center;\">\u00a0\u00a0\u00a0\u00a0\u00a0\u00a0\u00a0 \u0161\u00edrka p\u00e1sa: 30-44 cm<\/p>\n<p style=\"text-align: center;\"><strong>M\/38<\/strong><\/p>\n<p style=\"text-align: center;\">celkov\u00e1 d\u013a\u017eka: 87 cm<\/p>\n<p style=\"text-align: center;\">\u0161\u00edrka ramien: 46 cm<\/p>\n<p style=\"text-align: center;\">\u0161\u00edrka od pazuchy po pazuchu: 44-46 cm<\/p>\n<p style=\"text-align: center;\">d\u013a\u017eka ruk\u00e1va od podpazu\u0161ia max: 50 cm<\/p>\n<p style=\"text-align: center;\">d\u013a\u017eka ruk\u00e1va od ramena max: 63 cm<\/p>\n<p style=\"text-align: center;\">\u0161\u00edrka v p\u00e1se: 32-46 cm<\/p>\n<p>&nbsp;<\/p>\n<p style=\"text-align: center;\"><strong>L\/40<\/strong><br \/>\ncelkov\u00e1 d\u013a\u017eka: 88 cm<\/p>\n<p style=\"text-align: center;\">\u0161\u00edrka ramien: 47 cm<\/p>\n<p style=\"text-align: center;\">\u0161\u00edrka od pazuchy po pazuchu: 46-48 cm<\/p>\n<p style=\"text-align: center;\">d\u013a\u017eka ruk\u00e1va od podpazu\u0161ia max: 51 cm<\/p>\n<p style=\"text-align: center;\">d\u013a\u017eka ruk\u00e1va od ramena max: 64 cm<\/p>\n<p style=\"text-align: center;\">\u0161\u00edrka p\u00e1sa: 34-48 cm<\/p>\n<p style=\"text-align: center;\"><strong>XL\/42<\/strong><\/p>\n<p style=\"text-align: center;\">\u00a0\u00a0\u00a0\u00a0\u00a0\u00a0\u00a0 celkov\u00e1 d\u013a\u017eka: 89 cm<\/p>\n<p style=\"text-align: center;\">\u0161\u00edrka ramien: 48 cm<\/p>\n<p style=\"text-align: center;\">\u00a0\u00a0\u00a0\u00a0\u00a0\u00a0\u00a0 \u0161\u00edrka od pazuchy po pazuchu: 48-50 cm<\/p>\n<p style=\"text-align: center;\">\u00a0\u00a0\u00a0\u00a0\u00a0\u00a0\u00a0 d\u013a\u017eka ruk\u00e1va od podpazu\u0161ia max: 51 cm<\/p>\n<p style=\"text-align: center;\">\u00a0\u00a0\u00a0\u00a0\u00a0\u00a0\u00a0 d\u013a\u017eka ruk\u00e1va od ramena max: 64 cm<\/p>\n<p style=\"text-align: center;\">\u00a0\u00a0\u00a0\u00a0\u00a0\u00a0\u00a0 \u0161\u00edrka p\u00e1sa: 36-50 cm<\/p>\n<p style=\"text-align: center;\"><strong>XXL\/44<\/strong><\/p>\n<p style=\"text-align: center;\">\u00a0\u00a0\u00a0\u00a0\u00a0\u00a0\u00a0 celkov\u00e1 d\u013a\u017eka: 90 cm<\/p>\n<p style=\"text-align: center;\">\u0161\u00edrka ramien: 49 cm<\/p>\n<p style=\"text-align: center;\">\u00a0\u00a0\u00a0\u00a0\u00a0\u00a0\u00a0 \u0161\u00edrka od pazuchy po pazuchu: 50-54 cm<\/p>\n<p style=\"text-align: center;\">\u00a0\u00a0\u00a0\u00a0\u00a0\u00a0\u00a0 d\u013a\u017eka ruk\u00e1va od pazuchy max: 52 cm<\/p>\n<p style=\"text-align: center;\">\u00a0\u00a0\u00a0\u00a0\u00a0\u00a0\u00a0 d\u013a\u017eka ruk\u00e1va od ramena max: 65 cm<\/p>\n<p style=\"text-align: center;\">\u00a0\u00a0\u00a0\u00a0\u00a0\u00a0\u00a0 \u0161\u00edrka p\u00e1sa: 38-52 cm<\/p>\n<p>&nbsp;<\/p>\n<p style=\"text-align: center;\">Rozmery sa m\u00f4\u017eu mierne l\u00ed\u0161i\u0165 od uveden\u00fdch +\/- 2cm. V\u0161etky uveden\u00e9 rozmery s\u00fa meran\u00e9 plo\u0161ne.<\/p>\n<h3 style=\"text-align: center;\">Vlastnosti produktu:<\/h3>\n<ul>\n<li style=\"text-align: center;\">jednoduch\u00fd \u0161t\u00fdl<\/li>\n<li style=\"text-align: center;\">rozopnut\u00e9 gomb\u00edky po celej d\u013a\u017eke \u0161iat<\/li>\n<li style=\"text-align: center;\">nastavite\u013en\u00e9 dlh\u00e9 ruk\u00e1vy<\/li>\n<li style=\"text-align: center;\">ozdobn\u00fd vol\u00e1n v spodnej \u010dasti \u0161iat<\/li>\n<li style=\"text-align: center;\">v p\u00e1se guma<\/li>\n<li style=\"text-align: center;\">vpredu mal\u00e9 vreck\u00e1<\/li>\n<li style=\"text-align: center;\">nestre\u010dov\u00fd materi\u00e1l<\/li>\n<li style=\"text-align: center;\">ve\u013ekosti od S po XXL<\/li>\n<\/ul>\n<p style=\"text-align: center;\"><span style=\"font-size: 10pt;\">\u00a0<\/span><\/p>\n<table width=\"627\">\n<tbody>\n<tr>\n<td width=\"302\">Meno modela<\/td>\n<td width=\"302\">D\u017e\u00ednsov\u00e9 \u0161aty s vol\u00e1nom<\/td>\n<\/tr>\n<tr>\n<td width=\"302\">Farba<\/td>\n<td width=\"302\">Tmav\u00fd denim<\/td>\n<\/tr>\n<tr>\n<td width=\"302\">M\u00f3da<\/td>\n<td width=\"302\">nadrozmern\u00e9<\/td>\n<\/tr>\n<tr>\n<td width=\"302\">Materi\u00e1l<\/td>\n<td width=\"302\">95 % Polyester 5% Elastan<\/td>\n<\/tr>\n<tr>\n<td width=\"302\">D\u013a\u017eka<\/td>\n<td width=\"302\">Na koleno<\/td>\n<\/tr>\n<\/tbody>\n<\/table>\n<p>&nbsp;<\/p>\n<p style=\"text-align: center;\">Model m\u00e1\u00a0<strong>169<\/strong>\u00a0cm vysok\u00fd, nos\u00ed ve\u013ekos\u0165 ka\u017ed\u00fd de\u0148\u00a0<strong>S<\/strong><\/p>\n<p style=\"text-align: center;\">\u0160\u00edrka cez prsia 92 cm<\/p>\n<p style=\"text-align: center;\">\u0160\u00edrka v p\u00e1se 62 cm<\/p>\n<p style=\"text-align: center;\">\u0160\u00edrka v bokoch 94 cm<\/p>","protected":false},"excerpt":{"rendered":"<p>Jeansowa Sukienka z Falbank\u0105 Ciemny Jeans Pi\u0119kna, jeansowa sukienka zapinana na guziki. Falbanka na dole dodaje sukience niepowtarzalnego uroku. Materia\u0142 jest przyjemny w dotyku, lekko usztywniany przez co sukienka jest niezwykle wygodna i dobrze si\u0119 nosi. Gumeczka w pasie \u015bwietnie podkre\u015bli wci\u0119cie w talii. Sukienka Jeansowa posiada ko\u0142nierzyk oraz dwie kieszonki na piersiach. Sukienka sprawdzi<\/p>\n<div class=\"klb-readmore post-buttons\"><a class=\"button black outline size-sm\" href=\"https:\/\/madelinefashion.pl\/sk\/jeansowa-sukienka-z-falbanka-ciemny-jeans\/\">\u010c\u00edta\u0165 \u010falej <i class=\"klbth-icon-right-arrow\"><\/i><\/a><\/div>","protected":false},"featured_media":78924,"template":"","meta":[],"product_brand":[],"product_cat":[125,395],"product_tag":[],"class_list":{"0":"post-79123","1":"product","2":"type-product","3":"status-publish","4":"has-post-thumbnail","6":"product_cat-sukienki","7":"product_cat-nowosci","8":"pa_rozmiar-s","9":"pa_rozmiar-m","10":"pa_rozmiar-l","11":"pa_rozmiar-xl","12":"pa_rozmiar-xxl","14":"first","15":"instock","16":"product-type-variable"},"_links":{"self":[{"href":"https:\/\/madelinefashion.pl\/sk\/wp-json\/wp\/v2\/product\/79123","targetHints":{"allow":["GET"]}}],"collection":[{"href":"https:\/\/madelinefashion.pl\/sk\/wp-json\/wp\/v2\/product"}],"about":[{"href":"https:\/\/madelinefashion.pl\/sk\/wp-json\/wp\/v2\/types\/product"}],"wp:featuredmedia":[{"embeddable":true,"href":"https:\/\/madelinefashion.pl\/sk\/wp-json\/wp\/v2\/media\/78924"}],"wp:attachment":[{"href":"https:\/\/madelinefashion.pl\/sk\/wp-json\/wp\/v2\/media?parent=79123"}],"wp:term":[{"taxonomy":"product_brand","embeddable":true,"href":"https:\/\/madelinefashion.pl\/sk\/wp-json\/wp\/v2\/product_brand?post=79123"},{"taxonomy":"product_cat","embeddable":true,"href":"https:\/\/madelinefashion.pl\/sk\/wp-json\/wp\/v2\/product_cat?post=79123"},{"taxonomy":"product_tag","embeddable":true,"href":"https:\/\/madelinefashion.pl\/sk\/wp-json\/wp\/v2\/product_tag?post=79123"}],"curies":[{"name":"pracovn\u00fd list","href":"https:\/\/api.w.org\/{rel}","templated":true}]}}

Džínsové šaty s volánovými tmavými džínsami

<h3 style="text-align: center;">Džínsové šaty s volánovými tmavými džínsami</h3>
<p style="text-align: center;"><strong>Krásne, riflové šaty so zapínaním na gombíky</strong>. Volán v spodnej časti dodáva šatám jedinečné čaro. Materiál je príjemný na dotyk, mierne vystužený, vďaka čomu sú šaty mimoriadne pohodlné a dobre sa nosia. Elastický pás v páse dokonale zvýrazní líniu pásu. Džínsové šaty majú golier a dve vrecká na hrudi. <strong>Šaty budú fungovať v mnohých štýloch</strong> – bude perfektný na každodenné použitie, do práce alebo na stretnutia s priateľmi. Rukáv sa dá v šatách aj vyhrnúť.</p>
<h3 style="text-align: center;">Rozmery:</h3>
<p style="text-align: center;"><strong>S/36</strong></p>
<p style="text-align: center;">        celková dĺžka: 86 cm</p>
<p style="text-align: center;">šírka ramien: 45 cm</p>
<p style="text-align: center;">        šírka od pazuchy po pazuchu: 42-44 cm</p>
<p style="text-align: center;">        dĺžka rukáva od podpazušia max: 50 cm</p>
<p style="text-align: center;">        dĺžka rukáva od ramena max: 63 cm</p>
<p style="text-align: center;">        šírka pása: 30-44 cm</p>
<p style="text-align: center;"><strong>M/38</strong></p>
<p style="text-align: center;">celková dĺžka: 87 cm</p>
<p style="text-align: center;">šírka ramien: 46 cm</p>
<p style="text-align: center;">šírka od pazuchy po pazuchu: 44-46 cm</p>
<p style="text-align: center;">dĺžka rukáva od podpazušia max: 50 cm</p>
<p style="text-align: center;">dĺžka rukáva od ramena max: 63 cm</p>
<p style="text-align: center;">šírka v páse: 32-46 cm</p>
<p>&nbsp;</p>
<p style="text-align: center;"><strong>L/40</strong><br />
celková dĺžka: 88 cm</p>
<p style="text-align: center;">šírka ramien: 47 cm</p>
<p style="text-align: center;">šírka od pazuchy po pazuchu: 46-48 cm</p>
<p style="text-align: center;">dĺžka rukáva od podpazušia max: 51 cm</p>
<p style="text-align: center;">dĺžka rukáva od ramena max: 64 cm</p>
<p style="text-align: center;">šírka pása: 34-48 cm</p>
<p style="text-align: center;"><strong>XL/42</strong></p>
<p style="text-align: center;">        celková dĺžka: 89 cm</p>
<p style="text-align: center;">šírka ramien: 48 cm</p>
<p style="text-align: center;">        šírka od pazuchy po pazuchu: 48-50 cm</p>
<p style="text-align: center;">        dĺžka rukáva od podpazušia max: 51 cm</p>
<p style="text-align: center;">        dĺžka rukáva od ramena max: 64 cm</p>
<p style="text-align: center;">        šírka pása: 36-50 cm</p>
<p style="text-align: center;"><strong>XXL/44</strong></p>
<p style="text-align: center;">        celková dĺžka: 90 cm</p>
<p style="text-align: center;">šírka ramien: 49 cm</p>
<p style="text-align: center;">        šírka od pazuchy po pazuchu: 50-54 cm</p>
<p style="text-align: center;">        dĺžka rukáva od pazuchy max: 52 cm</p>
<p style="text-align: center;">        dĺžka rukáva od ramena max: 65 cm</p>
<p style="text-align: center;">        šírka pása: 38-52 cm</p>
<p>&nbsp;</p>
<p style="text-align: center;">Rozmery sa môžu mierne líšiť od uvedených +/- 2cm. Všetky uvedené rozmery sú merané plošne.</p>
<h3 style="text-align: center;">Vlastnosti produktu:</h3>
<ul>
<li style="text-align: center;">jednoduchý štýl</li>
<li style="text-align: center;">rozopnuté gombíky po celej dĺžke šiat</li>
<li style="text-align: center;">nastaviteľné dlhé rukávy</li>
<li style="text-align: center;">ozdobný volán v spodnej časti šiat</li>
<li style="text-align: center;">v páse guma</li>
<li style="text-align: center;">vpredu malé vrecká</li>
<li style="text-align: center;">nestrečový materiál</li>
<li style="text-align: center;">veľkosti od S po XXL</li>
</ul>
<p style="text-align: center;"><span style="font-size: 10pt;"> </span></p>
<table width="627">
<tbody>
<tr>
<td width="302">Meno modela</td>
<td width="302">Džínsové šaty s volánom</td>
</tr>
<tr>
<td width="302">Farba</td>
<td width="302">Tmavý denim</td>
</tr>
<tr>
<td width="302">Móda</td>
<td width="302">nadrozmerné</td>
</tr>
<tr>
<td width="302">Materiál</td>
<td width="302">95 % Polyester 5% Elastan</td>
</tr>
<tr>
<td width="302">Dĺžka</td>
<td width="302">Na koleno</td>
</tr>
</tbody>
</table>
<p>&nbsp;</p>
<p style="text-align: center;">Model má <strong>169</strong> cm vysoký, nosí veľkosť každý deň <strong>S</strong></p>
<p style="text-align: center;">Šírka cez prsia 92 cm</p>
<p style="text-align: center;">Šírka v páse 62 cm</p>
<p style="text-align: center;">Šírka v bokoch 94 cm</p>

<p>Jeansowa Sukienka z Falbanką Ciemny Jeans Piękna, jeansowa sukienka zapinana na guziki. Falbanka na dole dodaje sukience niepowtarzalnego uroku. Materiał jest przyjemny w dotyku, lekko usztywniany przez co sukienka jest niezwykle wygodna i dobrze się nosi. Gumeczka w pasie świetnie podkreśli wcięcie w talii. Sukienka Jeansowa posiada kołnierzyk oraz dwie kieszonki na piersiach. Sukienka sprawdzi</p>
<div class="klb-readmore post-buttons"><a class="button black outline size-sm" href="https://madelinefashion.pl/sk/jeansowa-sukienka-z-falbanka-ciemny-jeans/">Čítať ďalej <i class="klbth-icon-right-arrow"></i></a></div>

pracovný list
