{"id":792,"date":"2019-02-13T19:42:36","date_gmt":"2019-02-13T19:42:36","guid":{"rendered":"http:\/\/serwer2078743.home.pl\/?post_type=product&#038;p=792"},"modified":"2026-03-26T12:40:52","modified_gmt":"2026-03-26T11:40:52","slug":"sukienka-falbana-slim-jasno-szara","status":"publish","type":"product","link":"https:\/\/madelinefashion.pl\/sk\/sukienka-falbana-slim-jasno-szara\/","title":{"rendered":"\u0160aty s vol\u00e1nom sivej farby"},"content":{"rendered":"<h3 style=\"text-align: center;\">\u0160aty s vol\u00e1nom sivej farby<\/h3>\n<p style=\"text-align: center;\">Ak potrebuje\u0161 <strong>ve\u013ekolep\u00e9 \u0161aty<\/strong> Pri ka\u017edej pr\u00edle\u017eitosti v\u00e1s tento model zaujme. Ceruzkov\u00e9 \u0161aty s vol\u00e1nom na prsiach. <strong>Super \u00fa\u010dinn\u00fd<\/strong> \u0161aty z elastick\u00e9ho materi\u00e1lu sa dokonale prisp\u00f4sobia postave dostupn\u00e9 vo viacer\u00fdch <strong>farebn\u00e9 varianty<\/strong>. Univerz\u00e1lna ve\u013ekos\u0165, odpor\u00fa\u010dan\u00e1 od XS po L<\/p>\n<h3 style=\"text-align: center;\">rozmer:<\/h3>\n<p style=\"text-align: center;\"><strong>A<\/strong>- \u0160\u00cdRKA OD AARM 38-42cm<\/p>\n<p style=\"text-align: center;\"><strong>b<\/strong>- \u0160\u00cdRKA V PASE 36-42 cm<\/p>\n<p style=\"text-align: center;\"><strong>c<\/strong>- \u0160\u00cdRKA V BOK\u00c1CH 51 cm<\/p>\n<p style=\"text-align: center;\"><strong>d<\/strong>-CELKOV\u00c1 D\u0139\u017dKA 92 cm<\/p>\n<p style=\"text-align: center;\">Rozmery sa m\u00f4\u017eu mierne l\u00ed\u0161i\u0165 od uveden\u00fdch +\/- 2cm.\u00a0<strong>V\u0161etky rozmery s\u00fa meran\u00e9 plo\u0161ne x2\u00a0<\/strong><\/p>\n<div class=\"tabs tabs-bb clear mb-80\">\n<div class=\"tab-content\">\n<div id=\"tab-description\" class=\"tab-pane fade in woocommerce-Tabs-panel--description active\">\n<p style=\"text-align: center;\">\u00a0Model m\u00e1\u00a0<strong>165<\/strong>\u00a0cm vysok\u00fd, nos\u00ed ve\u013ekos\u0165 ka\u017ed\u00fd de\u0148\u00a0<strong>S<\/strong><\/p>\n<\/div>\n<\/div>\n<\/div>\n<section class=\"related products mb-80\"><\/section>\n<section class=\"page-product-box\">\n<div class=\"rte\"><\/div>\n<\/section>","protected":false},"excerpt":{"rendered":"<p>Sukienka Dopasowana z Falbank\u0105 Szara Je\u017celi potrzebujesz efektownej sukienki na ka\u017cd\u0105 okazj\u0119 to ten model zrobi na Tobie wra\u017cenie. Sukienka o\u0142\u00f3wkowa z falbank\u0105 w biu\u015bcie. Mega efektowana sukienka wykonana z elastycznego materia\u0142u idealnie dopasowuje si\u0119 do sylwetki dost\u0119pna w kilku wariantach kolorystycznych. Rozmiar uniwersalny zalecany od XS do L Wymiar: A-SZEROKO\u015a\u0106 OD PACHY DO PACHY<\/p>\n<div class=\"klb-readmore post-buttons\"><a class=\"button black outline size-sm\" href=\"https:\/\/madelinefashion.pl\/sk\/sukienka-falbana-slim-jasno-szara\/\">\u010c\u00edta\u0165 \u010falej <i class=\"klbth-icon-right-arrow\"><\/i><\/a><\/div>","protected":false},"featured_media":11775,"template":"","meta":[],"product_brand":[],"product_cat":[125,380],"product_tag":[],"class_list":{"0":"post-792","1":"product","2":"type-product","3":"status-publish","4":"has-post-thumbnail","6":"product_cat-sukienki","7":"product_cat-wyprzedaz","9":"first","10":"instock","11":"sale","12":"purchasable","13":"product-type-simple"},"_links":{"self":[{"href":"https:\/\/madelinefashion.pl\/sk\/wp-json\/wp\/v2\/product\/792","targetHints":{"allow":["GET"]}}],"collection":[{"href":"https:\/\/madelinefashion.pl\/sk\/wp-json\/wp\/v2\/product"}],"about":[{"href":"https:\/\/madelinefashion.pl\/sk\/wp-json\/wp\/v2\/types\/product"}],"wp:featuredmedia":[{"embeddable":true,"href":"https:\/\/madelinefashion.pl\/sk\/wp-json\/wp\/v2\/media\/11775"}],"wp:attachment":[{"href":"https:\/\/madelinefashion.pl\/sk\/wp-json\/wp\/v2\/media?parent=792"}],"wp:term":[{"taxonomy":"product_brand","embeddable":true,"href":"https:\/\/madelinefashion.pl\/sk\/wp-json\/wp\/v2\/product_brand?post=792"},{"taxonomy":"product_cat","embeddable":true,"href":"https:\/\/madelinefashion.pl\/sk\/wp-json\/wp\/v2\/product_cat?post=792"},{"taxonomy":"product_tag","embeddable":true,"href":"https:\/\/madelinefashion.pl\/sk\/wp-json\/wp\/v2\/product_tag?post=792"}],"curies":[{"name":"pracovn\u00fd list","href":"https:\/\/api.w.org\/{rel}","templated":true}]}}

Šaty s volánom sivej farby

<h3 style="text-align: center;">Šaty s volánom sivej farby</h3>
<p style="text-align: center;">Ak potrebuješ <strong>veľkolepé šaty</strong> Pri každej príležitosti vás tento model zaujme. Ceruzkové šaty s volánom na prsiach. <strong>Super účinný</strong> šaty z elastického materiálu sa dokonale prispôsobia postave dostupné vo viacerých <strong>farebné varianty</strong>. Univerzálna veľkosť, odporúčaná od XS po L</p>
<h3 style="text-align: center;">rozmer:</h3>
<p style="text-align: center;"><strong>A</strong>- ŠÍRKA OD AARM 38-42cm</p>
<p style="text-align: center;"><strong>b</strong>- ŠÍRKA V PASE 36-42 cm</p>
<p style="text-align: center;"><strong>c</strong>- ŠÍRKA V BOKÁCH 51 cm</p>
<p style="text-align: center;"><strong>d</strong>-CELKOVÁ DĹŽKA 92 cm</p>
<p style="text-align: center;">Rozmery sa môžu mierne líšiť od uvedených +/- 2cm. <strong>Všetky rozmery sú merané plošne x2 </strong></p>
<div class="tabs tabs-bb clear mb-80">
<div class="tab-content">
<div id="tab-description" class="tab-pane fade in woocommerce-Tabs-panel--description active">
<p style="text-align: center;"> Model má <strong>165</strong> cm vysoký, nosí veľkosť každý deň <strong>S</strong></p>
</div>
</div>
</div>
<section class="related products mb-80"></section>
<section class="page-product-box">
<div class="rte"></div>
</section>

<p>Sukienka Dopasowana z Falbanką Szara Jeżeli potrzebujesz efektownej sukienki na każdą okazję to ten model zrobi na Tobie wrażenie. Sukienka ołówkowa z falbanką w biuście. Mega efektowana sukienka wykonana z elastycznego materiału idealnie dopasowuje się do sylwetki dostępna w kilku wariantach kolorystycznych. Rozmiar uniwersalny zalecany od XS do L Wymiar: A-SZEROKOŚĆ OD PACHY DO PACHY</p>
<div class="klb-readmore post-buttons"><a class="button black outline size-sm" href="https://madelinefashion.pl/sk/sukienka-falbana-slim-jasno-szara/">Čítať ďalej <i class="klbth-icon-right-arrow"></i></a></div>

pracovný list
