{"id":81382,"date":"2023-03-21T15:56:42","date_gmt":"2023-03-21T14:56:42","guid":{"rendered":"https:\/\/madelinefashion.pl\/?post_type=product&#038;p=81382"},"modified":"2026-01-15T12:43:06","modified_gmt":"2026-01-15T11:43:06","slug":"plaszcz-pikowany-wiazany-diamond-pudrowy-roz","status":"publish","type":"product","link":"https:\/\/madelinefashion.pl\/sk\/plaszcz-pikowany-wiazany-diamond-pudrowy-roz\/","title":{"rendered":"Zviazan\u00fd pre\u0161\u00edvan\u00fd kab\u00e1t Diamond Powder Pink"},"content":{"rendered":"<h3 style=\"text-align: center;\">Zviazan\u00fd pre\u0161\u00edvan\u00fd kab\u00e1t Diamond Powder Pink<\/h3>\n<p style=\"text-align: center;\">Pre\u0161\u00edvan\u00fd kab\u00e1t so zav\u00e4zovan\u00edm je na\u0161\u00edm n\u00e1vrhom na jarn\u00e9 a letn\u00e9 dni. Svetlo <strong>pre\u0161\u00edvan\u00e1<\/strong>mierne zateplen\u00e9 <strong>bunda<\/strong>, <strong>zap\u00ednanie na gomb\u00edky<\/strong> s golierom, vreckami a dlh\u00fdmi ruk\u00e1vmi. D\u00e1 sa pou\u017ei\u0165 v akomko\u013evek <strong>styling<\/strong>, oboje ku klasick\u00fdm d\u017e\u00ednsom, biele <a href=\"https:\/\/madelinefashion.pl\/sk\/bluzka-fashion-biala-gladka\/\">tri\u010dko<\/a> na ka\u017edodenn\u00e9 vych\u00e1dzky. Je to ist\u00e9 <strong>musie\u0165 ma\u0165<\/strong> v ka\u017edom \u0161atn\u00edku! Sako sa zap\u00edna na dva gomb\u00edky. Jar<strong>\u00a0bunda<\/strong>ktor\u00fd dod\u00e1 ka\u017ed\u00e9mu \u0161t\u00fdlu charakter a umo\u017en\u00ed v\u00e1m vy\u010dnieva\u0165 z davu. Odpor\u00fa\u010dame to s na\u0161imi <a href=\"https:\/\/madelinefashion.pl\/sk\/casual-clothes\/t-shirty\/\">topy<\/a> a nohavice <a href=\"https:\/\/madelinefashion.pl\/sk\/spodnie-jeans-boyfriend-star\/\">boyfriend d\u017e\u00ednsy<\/a>. Dostupn\u00e9 v dvoch <strong>farebn\u00e9 varianty<\/strong>.<strong> Skvele budem vyzera\u0165 v kombin\u00e1cii s \u010di\u017emami alebo \u0161portovou obuvou. Dostupn\u00e9 vo viacer\u00fdch farb\u00e1ch.<\/strong>\u00a0 Vyst\u00fapte z davu s na\u0161ou bundou. V z\u00e1vislosti od sez\u00f3ny a aktu\u00e1lnych m\u00f3dnych trendov v ponuke <a href=\"https:\/\/madelinefashion.pl\/sk\/\"><strong>Madelinefashion<\/strong><\/a> n\u00e1jdete aj tepl\u00e9 <a href=\"https:\/\/madelinefashion.pl\/sk\/kurtki-i-plaszcze\/\">vrchn\u00e9 oble\u010denie<\/a> d\u00e1mske, \u0161t\u00fdlov\u00e9 <a href=\"https:\/\/madelinefashion.pl\/sk\/?s=ramoneska&amp;post_type=product\">Ramones<\/a>, elegantn\u00fd <a href=\"https:\/\/madelinefashion.pl\/sk\/kurtki-i-plaszcze\/plaszcze\/\">kab\u00e1ty <\/a>. Zozn\u00e1mte sa s ponukou a n\u00e1jdite si ide\u00e1lny model pre v\u00e1s. Jedna ve\u013ekos\u0165 pre v\u0161etk\u00fdch. Odpor\u00fa\u010da sa pre\u00a0<strong>SML\u00a0<\/strong><\/p>\n<p style=\"text-align: center;\">\u2013<\/p>\n<h3 style=\"text-align: center;\">Rozmery:<\/h3>\n<p style=\"text-align: center;\"><strong><br \/>\n<\/strong>\u0160\u00edrka od pazuchy po pazuchu: 53 cm<br \/>\n\u0160\u00edrka p\u00e1sa: 49 cm (nastavite\u013en\u00e9 opaskom)<br \/>\nD\u013a\u017eka ruk\u00e1va od ramena: 56 cm<br \/>\nD\u013a\u017eka ruk\u00e1va od podpazu\u0161ia: 44 cm<br \/>\nCelkov\u00e1 d\u013a\u017eka: 96 cm<\/p>\n<p style=\"text-align: center;\">Rozmery sa m\u00f4\u017eu mierne l\u00ed\u0161i\u0165 od uveden\u00fdch +\/- 2cm. <strong>V\u0161etky uveden\u00e9 rozmery s\u00fa meran\u00e9 plo\u0161ne - rozmer x2\u00a0<\/strong><\/p>\n<p style=\"text-align: center;\"><strong><span style=\"font-size: 10pt;\">\u00a0<\/span><\/strong><\/p>\n<table class=\"table\" width=\"618\">\n<tbody>\n<tr>\n<td width=\"302\">Meno modela<\/td>\n<td width=\"302\">Diamantov\u00fd pre\u0161\u00edvan\u00fd kab\u00e1t<\/td>\n<\/tr>\n<tr>\n<td width=\"302\">Farba<\/td>\n<td width=\"302\">P\u00fadrov\u00e1 ru\u017eov\u00e1<\/td>\n<\/tr>\n<tr>\n<td width=\"302\">ve\u013ekosti<\/td>\n<td width=\"302\">Univerz\u00e1lny SML<\/td>\n<\/tr>\n<tr>\n<td width=\"302\">M\u00f3da<\/td>\n<td width=\"302\">Na mieru<\/td>\n<\/tr>\n<tr>\n<td width=\"302\">Hood<\/td>\n<td width=\"302\">Bez kapucne<\/td>\n<\/tr>\n<tr>\n<td width=\"302\">Zlo\u017eenie<\/td>\n<td width=\"302\">Polyester 100%<\/td>\n<\/tr>\n<\/tbody>\n<\/table>\n<p style=\"text-align: center;\">Model m\u00e1\u00a0<strong>169<\/strong>\u00a0cm vysok\u00fd, nos\u00ed ve\u013ekos\u0165 ka\u017ed\u00fd de\u0148\u00a0<strong>S<\/strong><\/p>\n<p style=\"text-align: center;\">\u0160\u00edrka cez prsia 92 cm<\/p>\n<p style=\"text-align: center;\">\u0160\u00edrka v p\u00e1se 62 cm<\/p>\n<p style=\"text-align: center;\">\u0160\u00edrka v bokoch 94 cm<\/p>","protected":false},"excerpt":{"rendered":"<p>P\u0142aszcz Pikowany Wi\u0105zany Diamond Pudrowy R\u00f3\u017c P\u0142aszcz Pikowany wi\u0105zany to nasza propozycja na wiosenne i letnie dni. Lekka pikowana, delikatnie ocieplana kurtka, zapinana na guziki z ko\u0142nierzykiem, kieszeniami oraz d\u0142ugimi r\u0119kawami. Mo\u017cna j\u0105 wykorzysta\u0107 w ka\u017cdej stylizacji, zar\u00f3wno do klasycznych jeans\u00f3w, bia\u0142ego t-shirtu na codzienne wyj\u015bcia.\u00a0Jest to zdecydowany must have w ka\u017cdej garderobie! Kurtka zapinana<\/p>\n<div class=\"klb-readmore post-buttons\"><a class=\"button black outline size-sm\" href=\"https:\/\/madelinefashion.pl\/sk\/plaszcz-pikowany-wiazany-diamond-pudrowy-roz\/\">\u010c\u00edta\u0165 \u010falej <i class=\"klbth-icon-right-arrow\"><\/i><\/a><\/div>","protected":false},"featured_media":81376,"template":"","meta":[],"product_brand":[],"product_cat":[117,118,120,395,279],"product_tag":[],"class_list":{"0":"post-81382","1":"product","2":"type-product","3":"status-publish","4":"has-post-thumbnail","6":"product_cat-kurtki","7":"product_cat-plaszcze","8":"product_cat-plaszcze-dlugie","9":"product_cat-nowosci","10":"product_cat-plaszcze-wiosenne","11":"pa_rozmiar-s","12":"pa_rozmiar-m","13":"pa_rozmiar-l","15":"first","16":"instock","17":"sale","18":"purchasable","19":"product-type-simple"},"_links":{"self":[{"href":"https:\/\/madelinefashion.pl\/sk\/wp-json\/wp\/v2\/product\/81382","targetHints":{"allow":["GET"]}}],"collection":[{"href":"https:\/\/madelinefashion.pl\/sk\/wp-json\/wp\/v2\/product"}],"about":[{"href":"https:\/\/madelinefashion.pl\/sk\/wp-json\/wp\/v2\/types\/product"}],"wp:featuredmedia":[{"embeddable":true,"href":"https:\/\/madelinefashion.pl\/sk\/wp-json\/wp\/v2\/media\/81376"}],"wp:attachment":[{"href":"https:\/\/madelinefashion.pl\/sk\/wp-json\/wp\/v2\/media?parent=81382"}],"wp:term":[{"taxonomy":"product_brand","embeddable":true,"href":"https:\/\/madelinefashion.pl\/sk\/wp-json\/wp\/v2\/product_brand?post=81382"},{"taxonomy":"product_cat","embeddable":true,"href":"https:\/\/madelinefashion.pl\/sk\/wp-json\/wp\/v2\/product_cat?post=81382"},{"taxonomy":"product_tag","embeddable":true,"href":"https:\/\/madelinefashion.pl\/sk\/wp-json\/wp\/v2\/product_tag?post=81382"}],"curies":[{"name":"pracovn\u00fd list","href":"https:\/\/api.w.org\/{rel}","templated":true}]}}

Zviazaný prešívaný kabát Diamond Powder Pink

<h3 style="text-align: center;">Zviazaný prešívaný kabát Diamond Powder Pink</h3>
<p style="text-align: center;">Prešívaný kabát so zaväzovaním je naším návrhom na jarné a letné dni. Svetlo <strong>prešívaná</strong>mierne zateplené <strong>bunda</strong>, <strong>zapínanie na gombíky</strong> s golierom, vreckami a dlhými rukávmi. Dá sa použiť v akomkoľvek <strong>styling</strong>, oboje ku klasickým džínsom, biele <a href="https://madelinefashion.pl/sk/bluzka-fashion-biala-gladka/">tričko</a> na každodenné vychádzky. Je to isté <strong>musieť mať</strong> v každom šatníku! Sako sa zapína na dva gombíky. Jar<strong> bunda</strong>ktorý dodá každému štýlu charakter a umožní vám vyčnievať z davu. Odporúčame to s našimi <a href="https://madelinefashion.pl/sk/casual-clothes/t-shirty/">topy</a> a nohavice <a href="https://madelinefashion.pl/sk/spodnie-jeans-boyfriend-star/">boyfriend džínsy</a>. Dostupné v dvoch <strong>farebné varianty</strong>.<strong> Skvele budem vyzerať v kombinácii s čižmami alebo športovou obuvou. Dostupné vo viacerých farbách.</strong>  Vystúpte z davu s našou bundou. V závislosti od sezóny a aktuálnych módnych trendov v ponuke <a href="https://madelinefashion.pl/sk/"><strong>Madelinefashion</strong></a> nájdete aj teplé <a href="https://madelinefashion.pl/sk/kurtki-i-plaszcze/">vrchné oblečenie</a> dámske, štýlové <a href="https://madelinefashion.pl/sk/?s=ramoneska&amp;post_type=product">Ramones</a>, elegantný <a href="https://madelinefashion.pl/sk/kurtki-i-plaszcze/plaszcze/">kabáty </a>. Zoznámte sa s ponukou a nájdite si ideálny model pre vás. Jedna veľkosť pre všetkých. Odporúča sa pre <strong>SML </strong></p>
<p style="text-align: center;">–</p>
<h3 style="text-align: center;">Rozmery:</h3>
<p style="text-align: center;"><strong><br />
</strong>Šírka od pazuchy po pazuchu: 53 cm<br />
Šírka pása: 49 cm (nastaviteľné opaskom)<br />
Dĺžka rukáva od ramena: 56 cm<br />
Dĺžka rukáva od podpazušia: 44 cm<br />
Celková dĺžka: 96 cm</p>
<p style="text-align: center;">Rozmery sa môžu mierne líšiť od uvedených +/- 2cm. <strong>Všetky uvedené rozmery sú merané plošne - rozmer x2 </strong></p>
<p style="text-align: center;"><strong><span style="font-size: 10pt;"> </span></strong></p>
<table class="table" width="618">
<tbody>
<tr>
<td width="302">Meno modela</td>
<td width="302">Diamantový prešívaný kabát</td>
</tr>
<tr>
<td width="302">Farba</td>
<td width="302">Púdrová ružová</td>
</tr>
<tr>
<td width="302">veľkosti</td>
<td width="302">Univerzálny SML</td>
</tr>
<tr>
<td width="302">Móda</td>
<td width="302">Na mieru</td>
</tr>
<tr>
<td width="302">Hood</td>
<td width="302">Bez kapucne</td>
</tr>
<tr>
<td width="302">Zloženie</td>
<td width="302">Polyester 100%</td>
</tr>
</tbody>
</table>
<p style="text-align: center;">Model má <strong>169</strong> cm vysoký, nosí veľkosť každý deň <strong>S</strong></p>
<p style="text-align: center;">Šírka cez prsia 92 cm</p>
<p style="text-align: center;">Šírka v páse 62 cm</p>
<p style="text-align: center;">Šírka v bokoch 94 cm</p>

<p>Płaszcz Pikowany Wiązany Diamond Pudrowy Róż Płaszcz Pikowany wiązany to nasza propozycja na wiosenne i letnie dni. Lekka pikowana, delikatnie ocieplana kurtka, zapinana na guziki z kołnierzykiem, kieszeniami oraz długimi rękawami. Można ją wykorzystać w każdej stylizacji, zarówno do klasycznych jeansów, białego t-shirtu na codzienne wyjścia. Jest to zdecydowany must have w każdej garderobie! Kurtka zapinana</p>
<div class="klb-readmore post-buttons"><a class="button black outline size-sm" href="https://madelinefashion.pl/sk/plaszcz-pikowany-wiazany-diamond-pudrowy-roz/">Čítať ďalej <i class="klbth-icon-right-arrow"></i></a></div>

pracovný list
