{"id":81404,"date":"2023-03-21T16:31:31","date_gmt":"2023-03-21T15:31:31","guid":{"rendered":"https:\/\/madelinefashion.pl\/?post_type=product&#038;p=81404"},"modified":"2026-01-15T12:43:06","modified_gmt":"2026-01-15T11:43:06","slug":"kurtka-pikowana-wiosenna-professional-bezowa","status":"publish","type":"product","link":"https:\/\/madelinefashion.pl\/sk\/kurtka-pikowana-wiosenna-professional-bezowa\/","title":{"rendered":"Pre\u0161\u00edvan\u00e1 jarn\u00e1 bunda Professional Beige"},"content":{"rendered":"<h3 style=\"text-align: center;\">Pre\u0161\u00edvan\u00e1 jarn\u00e1 bunda Professional Beige<\/h3>\n<p style=\"text-align: center;\">Pre\u0161\u00edvan\u00e1 bunda <strong>bomber bunda<\/strong> so zap\u00ednan\u00edm na zips je n\u00e1vrh, ktor\u00fd bude ur\u010dite fantastick\u00fd na chladnej\u0161ie dni v jarnom a jesennom obdob\u00ed. Model m\u00e1 dve vreck\u00e1 a kapuc\u0148u. M\u00f3dne a moderne bude tento model nepochybne p\u00f4sobi\u0165 v kombin\u00e1cii s d\u017e\u00ednsami a tepl\u00e1kmi. Dostupn\u00e9 vo viacer\u00fdch farb\u00e1ch. <strong>Ve\u013ekos\u0165<\/strong> <strong>Univerz\u00e1lny<\/strong> odpor\u00fa\u010dan\u00e9 od S po XL<\/p>\n<h3 style=\"text-align: center;\">Rozmery:<\/h3>\n<ul>\n<li style=\"text-align: center;\"><\/li>\n<li style=\"text-align: center;\">\u0160\u00edrka od pazuchy po pazuchu: 48 cm<\/li>\n<li style=\"text-align: center;\">Celkov\u00e1 d\u013a\u017eka: 56 cm<\/li>\n<li style=\"text-align: center;\">D\u013a\u017eka ruk\u00e1va od podpazu\u0161ia: 47 cm<\/li>\n<li style=\"text-align: center;\">D\u013a\u017eka ruk\u00e1va od ramena: 61 cm<\/li>\n<\/ul>\n<p>&nbsp;<\/p>\n<p style=\"text-align: center;\">\u00a0Model m\u00e1\u00a0<strong>169<\/strong>\u00a0cm vysok\u00fd, nos\u00ed ve\u013ekos\u0165 ka\u017ed\u00fd de\u0148\u00a0<strong>S<\/strong><\/p>\n<p style=\"text-align: center;\">\u0160\u00edrka cez prsia 92 cm<\/p>\n<p style=\"text-align: center;\">\u0160\u00edrka v p\u00e1se 62 cm<\/p>\n<p style=\"text-align: center;\">\u0160\u00edrka v bokoch 94 cm<\/p>","protected":false},"excerpt":{"rendered":"<p>Kurtka Pikowana Wiosenna Professional Be\u017cowa Pikowana kurtka bomberka z zapi\u0119ciem na suwak to propozycja, kt\u00f3ra zdecydowanie fantastycznie sprawdzi si\u0119 na ch\u0142odniejsze dni w sezonie wiosenno-jesiennym. Model posiada dwie kieszenie oraz kaptur. Ten model bez w\u0105tpienia zaprezentuje si\u0119 modnie i nowocze\u015bnie w zestawieniu z jeansami, jak i spodniami dresowymi. Dost\u0119pna w kilku wersjach kolorystycznych. Rozmiar Uniwersalny<\/p>\n<div class=\"klb-readmore post-buttons\"><a class=\"button black outline size-sm\" href=\"https:\/\/madelinefashion.pl\/sk\/kurtka-pikowana-wiosenna-professional-bezowa\/\">\u010c\u00edta\u0165 \u010falej <i class=\"klbth-icon-right-arrow\"><\/i><\/a><\/div>","protected":false},"featured_media":81385,"template":"","meta":[],"product_brand":[],"product_cat":[117,395],"product_tag":[],"class_list":{"0":"post-81404","1":"product","2":"type-product","3":"status-publish","4":"has-post-thumbnail","6":"product_cat-kurtki","7":"product_cat-nowosci","8":"pa_rozmiar-m","9":"pa_rozmiar-l","11":"first","12":"instock","13":"sale","14":"purchasable","15":"product-type-simple"},"_links":{"self":[{"href":"https:\/\/madelinefashion.pl\/sk\/wp-json\/wp\/v2\/product\/81404","targetHints":{"allow":["GET"]}}],"collection":[{"href":"https:\/\/madelinefashion.pl\/sk\/wp-json\/wp\/v2\/product"}],"about":[{"href":"https:\/\/madelinefashion.pl\/sk\/wp-json\/wp\/v2\/types\/product"}],"wp:featuredmedia":[{"embeddable":true,"href":"https:\/\/madelinefashion.pl\/sk\/wp-json\/wp\/v2\/media\/81385"}],"wp:attachment":[{"href":"https:\/\/madelinefashion.pl\/sk\/wp-json\/wp\/v2\/media?parent=81404"}],"wp:term":[{"taxonomy":"product_brand","embeddable":true,"href":"https:\/\/madelinefashion.pl\/sk\/wp-json\/wp\/v2\/product_brand?post=81404"},{"taxonomy":"product_cat","embeddable":true,"href":"https:\/\/madelinefashion.pl\/sk\/wp-json\/wp\/v2\/product_cat?post=81404"},{"taxonomy":"product_tag","embeddable":true,"href":"https:\/\/madelinefashion.pl\/sk\/wp-json\/wp\/v2\/product_tag?post=81404"}],"curies":[{"name":"pracovn\u00fd list","href":"https:\/\/api.w.org\/{rel}","templated":true}]}}

Prešívaná jarná bunda Professional Beige

<h3 style="text-align: center;">Prešívaná jarná bunda Professional Beige</h3>
<p style="text-align: center;">Prešívaná bunda <strong>bomber bunda</strong> so zapínaním na zips je návrh, ktorý bude určite fantastický na chladnejšie dni v jarnom a jesennom období. Model má dve vrecká a kapucňu. Módne a moderne bude tento model nepochybne pôsobiť v kombinácii s džínsami a teplákmi. Dostupné vo viacerých farbách. <strong>Veľkosť</strong> <strong>Univerzálny</strong> odporúčané od S po XL</p>
<h3 style="text-align: center;">Rozmery:</h3>
<ul>
<li style="text-align: center;"></li>
<li style="text-align: center;">Šírka od pazuchy po pazuchu: 48 cm</li>
<li style="text-align: center;">Celková dĺžka: 56 cm</li>
<li style="text-align: center;">Dĺžka rukáva od podpazušia: 47 cm</li>
<li style="text-align: center;">Dĺžka rukáva od ramena: 61 cm</li>
</ul>
<p>&nbsp;</p>
<p style="text-align: center;"> Model má <strong>169</strong> cm vysoký, nosí veľkosť každý deň <strong>S</strong></p>
<p style="text-align: center;">Šírka cez prsia 92 cm</p>
<p style="text-align: center;">Šírka v páse 62 cm</p>
<p style="text-align: center;">Šírka v bokoch 94 cm</p>

<p>Kurtka Pikowana Wiosenna Professional Beżowa Pikowana kurtka bomberka z zapięciem na suwak to propozycja, która zdecydowanie fantastycznie sprawdzi się na chłodniejsze dni w sezonie wiosenno-jesiennym. Model posiada dwie kieszenie oraz kaptur. Ten model bez wątpienia zaprezentuje się modnie i nowocześnie w zestawieniu z jeansami, jak i spodniami dresowymi. Dostępna w kilku wersjach kolorystycznych. Rozmiar Uniwersalny</p>
<div class="klb-readmore post-buttons"><a class="button black outline size-sm" href="https://madelinefashion.pl/sk/kurtka-pikowana-wiosenna-professional-bezowa/">Čítať ďalej <i class="klbth-icon-right-arrow"></i></a></div>

pracovný list
