{"id":81656,"date":"2023-03-23T12:06:29","date_gmt":"2023-03-23T11:06:29","guid":{"rendered":"https:\/\/madelinefashion.pl\/?post_type=product&#038;p=81656"},"modified":"2026-01-15T12:43:05","modified_gmt":"2026-01-15T11:43:05","slug":"plaszcz-maxi-fuksja-z-flauszu","status":"publish","type":"product","link":"https:\/\/madelinefashion.pl\/sk\/plaszcz-maxi-fuksja-z-flauszu\/","title":{"rendered":"Maxi fuchsiov\u00fd fleecov\u00fd kab\u00e1t"},"content":{"rendered":"<h3 style=\"text-align: center;\">Maxi fuchsiov\u00fd fleecov\u00fd kab\u00e1t<\/h3>\n<p style=\"text-align: center;\"><strong>\u00a0Ob\u00e1lkov\u00fd Maxi kab\u00e1t na viazanie<\/strong>\u00a0toto\u00a0<strong>mus\u00edte ma\u0165<\/strong> v \u0161atn\u00edku ka\u017edej \u017eeny! Je dokonal\u00fdm doplnkom mnoh\u00fdch \u0161t\u00fdlov. Je to spojenie elegancie, modernosti a funk\u010dnosti - fuchsiov\u00fd kab\u00e1t bude fungova\u0165 v akomko\u013evek stylingu. <strong>Ob\u00e1lka kab\u00e1t\u00a0<\/strong>\u00a0je univerz\u00e1lny produkt \u2013 \u013eahko ho vyu\u017eijete na r\u00f4zne \u00fa\u010dely\u00a0\u00a0<strong>styling:<\/strong>\u00a0 elegantn\u00e9 a \u0161portov\u00e9,\u00a0<strong>bude perfektn\u00e1 v ka\u017edom ro\u010dnom obdob\u00ed<\/strong>, nie len\u00a0<strong>jar, jese\u0148<\/strong>\u00a0ak\u00a0<strong>zima<\/strong>. Vyroben\u00e9 z fleecu, v\u010faka \u010domu perfektne sed\u00ed. Perfektn\u00fd kab\u00e1t na ka\u017ed\u00fa pr\u00edle\u017eitos\u0165<\/p>\n<h3 style=\"text-align: center;\">Perfektn\u00fd kab\u00e1t na ka\u017ed\u00fa pr\u00edle\u017eitos\u0165<\/h3>\n<p style=\"text-align: center;\">Fuchsiov\u00e1 je moment\u00e1lne ve\u013emi m\u00f3dna farba a v tejto farbe si m\u00f4\u017eeme dovoli\u0165 naozaj v\u0161etky mo\u017en\u00e9 k\u00fasky \u0161atn\u00edka. Kab\u00e1t je dostupn\u00fd aj v in\u00fdch farebn\u00fdch variantoch - odpor\u00fa\u010dame V\u00e1m zozn\u00e1mi\u0165 sa s na\u0161imi \u010fal\u0161\u00edmi produktmi. Ve\u013ekos\u0165 <strong>univerz\u00e1lny <\/strong>\u00a0odpor\u00fa\u010dame pre d\u00e1my, ktor\u00e9 nosia ve\u013e\u00a0<strong>S, M, L, XL<\/strong> \u010do je obrovsk\u00e1 v\u00fdhoda tohto modelu. V ponuke <strong>m\u00e1me<\/strong> <strong>tie\u017e<\/strong> v\u00e4\u010d\u0161\u00ed <strong>PLUSOV\u00c1 VELKOS\u0164<\/strong> odpor\u00fa\u010dan\u00e9 pre d\u00e1my vo ve\u013e <strong>44,46,48,50<\/strong> . Na na\u0161ej str\u00e1nke n\u00e1jdete fleecov\u00fd kab\u00e1t:\u00a0<b><a href=\"https:\/\/madelinefashion.pl\/sk\/kurtki-i-plaszcze\/plaszcze\/plaszcze-krotkie\/\">kr\u00e1tky kab\u00e1t<\/a>,\u00a0<a href=\"https:\/\/madelinefashion.pl\/sk\/kurtki-i-plaszcze\/plaszcze\/plaszcze-dlugie\/\">dlh\u00fd kab\u00e1t<\/a>\u00a0maxi kab\u00e1t a kab\u00e1t\u00a0<a href=\"https:\/\/madelinefashion.pl\/sk\/plaszcz-plus-size\/\">Plusov\u00e1 velkos\u0165<\/a>. Zvo\u013ete si d\u013a\u017eku cca<\/b>vhodn\u00e9<b>\u00a0pre m\u0148a.\u00a0<\/b>Kab\u00e1t je dostupn\u00fd aj v in\u00fdch\u00a0<strong>farebn\u00e9 varianty<\/strong>\u00a0\u2013 odpor\u00fa\u010dame v\u00e1m zozn\u00e1mi\u0165 sa s na\u0161imi \u010fal\u0161\u00edmi produktmi. Ak sa neviete rozhodn\u00fa\u0165, ktor\u00e1 farba, ve\u013ekos\u0165 je pre v\u00e1s najlep\u0161ia, kontaktujte n\u00e1s prostredn\u00edctvom\u00a0<a href=\"https:\/\/www.facebook.com\/madelinefashionbutik\" target=\"_blank\" rel=\"noopener\">Facebook<\/a>\u00a0alebo telef\u00f3n.<\/p>\n<h3 style=\"text-align: center;\">Rozmery maxi kab\u00e1tu:<\/h3>\n<ul style=\"text-align: center;\">\n<li>celkov\u00e1 d\u013a\u017eka chrbta: 122 cm<\/li>\n<li>\u0161\u00edrka od pazuchy po pazuchu: 52 cm<\/li>\n<li>d\u013a\u017eka ruk\u00e1va od ramena: 62 cm<\/li>\n<li>d\u013a\u017eka ruk\u00e1va od podpazu\u0161ia: 47 cm<\/li>\n<li>odpor\u00fa\u010dan\u00fd maxim\u00e1lny obvod poprsia: 125-130 cm<\/li>\n<li>\u0161\u00edrka v bicepsoch: 36 cm<\/li>\n<\/ul>\n<p style=\"text-align: center;\">Rozmery sa m\u00f4\u017eu mierne l\u00ed\u0161i\u0165 od uveden\u00fdch +\/- 2cm. V\u0161etky uveden\u00e9 rozmery s\u00fa meran\u00e9 plo\u0161ne.<\/p>\n<h3 style=\"text-align: center;\">Vlastnosti produktu:<\/h3>\n<ul>\n<li style=\"text-align: center;\">zviazan\u00fd<\/li>\n<li style=\"text-align: center;\">ob\u00e1lka<\/li>\n<li style=\"text-align: center;\">popruh v cene<\/li>\n<li style=\"text-align: center;\">vreck\u00e1<\/li>\n<li style=\"text-align: center;\">dostupn\u00e9 v mnoh\u00fdch farebn\u00fdch variantoch<\/li>\n<\/ul>\n<p style=\"text-align: center;\"><strong>\u00a0<\/strong><\/p>\n<table width=\"618\">\n<tbody>\n<tr>\n<td width=\"302\">Meno modela<\/td>\n<td width=\"302\">Maxi fleecov\u00fd kab\u00e1t<\/td>\n<\/tr>\n<tr>\n<td width=\"302\">Farba<\/td>\n<td width=\"302\">Fuchsiov\u00e1<\/td>\n<\/tr>\n<tr>\n<td width=\"302\">Zbierka<\/td>\n<td width=\"302\">jar\/jese\u0148\/zima<\/td>\n<\/tr>\n<tr>\n<td width=\"302\">ve\u013ekosti<\/td>\n<td width=\"302\">Univerz\u00e1lny SML XL<\/td>\n<\/tr>\n<tr>\n<td width=\"302\">M\u00f3da<\/td>\n<td width=\"302\">nadrozmern\u00e9<\/td>\n<\/tr>\n<tr>\n<td width=\"302\">Hood<\/td>\n<td width=\"302\">Bez kapucne<\/td>\n<\/tr>\n<tr>\n<td width=\"302\">izolovan\u00e9<\/td>\n<td width=\"302\">jednopl\u00e1\u0161\u0165ov\u00e9<\/td>\n<\/tr>\n<tr>\n<td width=\"302\">Materi\u00e1l<\/td>\n<td width=\"302\">Petersham<\/td>\n<\/tr>\n<\/tbody>\n<\/table>\n<p>&nbsp;<\/p>\n<div class=\"tabs tabs-bb clear mb-80\">\n<div class=\"tab-content\">\n<div id=\"tab-description\" class=\"tab-pane fade in woocommerce-Tabs-panel--description active\">\n<p style=\"text-align: center;\">Model m\u00e1\u00a0<strong>169<\/strong>\u00a0cm vysok\u00fd, nos\u00ed ve\u013ekos\u0165 ka\u017ed\u00fd de\u0148\u00a0<strong>S<\/strong><\/p>\n<p style=\"text-align: center;\">\u0160\u00edrka cez prsia 92 cm<\/p>\n<p style=\"text-align: center;\">\u0160\u00edrka v p\u00e1se 62 cm<\/p>\n<p style=\"text-align: center;\">\u0160\u00edrka v bokoch 94 cm<\/p>\n<\/div>\n<\/div>\n<\/div>\n<section class=\"up-sells upsells products mb-80\"><\/section>","protected":false},"excerpt":{"rendered":"<p>Maxi kab\u00e1t z fuchsiov\u00e9ho fl\u00edsu je nevyhnutnos\u0165ou v \u0161atn\u00edku ka\u017edej \u017eeny! Je perfektn\u00fdm doplnkom k mnoh\u00fdm \u0161t\u00fdlom. Je kombin\u00e1ciou elegancie, modernosti a funk\u010dnosti \u2013 tento fuchsiov\u00fd kab\u00e1t sa bude hodi\u0165 ku ka\u017ed\u00e9mu outfitu. Zavinovac\u00ed kab\u00e1t je v\u0161estrann\u00fd k\u00fasok \u2013 m\u00f4\u017eete ho \u013eahko nosi\u0165 s r\u00f4znymi \u0161t\u00fdlmi: elegantn\u00fdmi aj \u0161portov\u00fdmi a je ide\u00e1lny na...<\/p>\n<div class=\"klb-readmore post-buttons\"><a class=\"button black outline size-sm\" href=\"https:\/\/madelinefashion.pl\/sk\/plaszcz-maxi-fuksja-z-flauszu\/\">\u010c\u00edta\u0165 \u010falej <i class=\"klbth-icon-right-arrow\"><\/i><\/a><\/div>","protected":false},"featured_media":81628,"template":"","meta":[],"product_brand":[],"product_cat":[120,395,279],"product_tag":[510,285],"class_list":{"0":"post-81656","1":"product","2":"type-product","3":"status-publish","4":"has-post-thumbnail","6":"product_cat-plaszcze-dlugie","7":"product_cat-nowosci","8":"product_cat-plaszcze-wiosenne","9":"product_tag-plaszcze-flauszowe","10":"product_tag-plaszcze-maxi","12":"first","13":"instock","14":"sale","15":"purchasable","16":"product-type-simple"},"_links":{"self":[{"href":"https:\/\/madelinefashion.pl\/sk\/wp-json\/wp\/v2\/product\/81656","targetHints":{"allow":["GET"]}}],"collection":[{"href":"https:\/\/madelinefashion.pl\/sk\/wp-json\/wp\/v2\/product"}],"about":[{"href":"https:\/\/madelinefashion.pl\/sk\/wp-json\/wp\/v2\/types\/product"}],"wp:featuredmedia":[{"embeddable":true,"href":"https:\/\/madelinefashion.pl\/sk\/wp-json\/wp\/v2\/media\/81628"}],"wp:attachment":[{"href":"https:\/\/madelinefashion.pl\/sk\/wp-json\/wp\/v2\/media?parent=81656"}],"wp:term":[{"taxonomy":"product_brand","embeddable":true,"href":"https:\/\/madelinefashion.pl\/sk\/wp-json\/wp\/v2\/product_brand?post=81656"},{"taxonomy":"product_cat","embeddable":true,"href":"https:\/\/madelinefashion.pl\/sk\/wp-json\/wp\/v2\/product_cat?post=81656"},{"taxonomy":"product_tag","embeddable":true,"href":"https:\/\/madelinefashion.pl\/sk\/wp-json\/wp\/v2\/product_tag?post=81656"}],"curies":[{"name":"pracovn\u00fd list","href":"https:\/\/api.w.org\/{rel}","templated":true}]}}

Maxi fuchsiový fleecový kabát

<h3 style="text-align: center;">Maxi fuchsiový fleecový kabát</h3>
<p style="text-align: center;"><strong> Obálkový Maxi kabát na viazanie</strong> toto <strong>musíte mať</strong> v šatníku každej ženy! Je dokonalým doplnkom mnohých štýlov. Je to spojenie elegancie, modernosti a funkčnosti - fuchsiový kabát bude fungovať v akomkoľvek stylingu. <strong>Obálka kabát </strong> je univerzálny produkt – ľahko ho využijete na rôzne účely  <strong>styling:</strong>  elegantné a športové, <strong>bude perfektná v každom ročnom období</strong>, nie len <strong>jar, jeseň</strong> ak <strong>zima</strong>. Vyrobené z fleecu, vďaka čomu perfektne sedí. Perfektný kabát na každú príležitosť</p>
<h3 style="text-align: center;">Perfektný kabát na každú príležitosť</h3>
<p style="text-align: center;">Fuchsiová je momentálne veľmi módna farba a v tejto farbe si môžeme dovoliť naozaj všetky možné kúsky šatníka. Kabát je dostupný aj v iných farebných variantoch - odporúčame Vám zoznámiť sa s našimi ďalšími produktmi. Veľkosť <strong>univerzálny </strong> odporúčame pre dámy, ktoré nosia veľ <strong>S, M, L, XL</strong> čo je obrovská výhoda tohto modelu. V ponuke <strong>máme</strong> <strong>tiež</strong> väčší <strong>PLUSOVÁ VELKOSŤ</strong> odporúčané pre dámy vo veľ <strong>44,46,48,50</strong> . Na našej stránke nájdete fleecový kabát: <b><a href="https://madelinefashion.pl/sk/kurtki-i-plaszcze/plaszcze/plaszcze-krotkie/">krátky kabát</a>, <a href="https://madelinefashion.pl/sk/kurtki-i-plaszcze/plaszcze/plaszcze-dlugie/">dlhý kabát</a> maxi kabát a kabát <a href="https://madelinefashion.pl/sk/plaszcz-plus-size/">Plusová velkosť</a>. Zvoľte si dĺžku cca</b>vhodné<b> pre mňa. </b>Kabát je dostupný aj v iných <strong>farebné varianty</strong> – odporúčame vám zoznámiť sa s našimi ďalšími produktmi. Ak sa neviete rozhodnúť, ktorá farba, veľkosť je pre vás najlepšia, kontaktujte nás prostredníctvom <a href="https://www.facebook.com/madelinefashionbutik" target="_blank" rel="noopener">Facebook</a> alebo telefón.</p>
<h3 style="text-align: center;">Rozmery maxi kabátu:</h3>
<ul style="text-align: center;">
<li>celková dĺžka chrbta: 122 cm</li>
<li>šírka od pazuchy po pazuchu: 52 cm</li>
<li>dĺžka rukáva od ramena: 62 cm</li>
<li>dĺžka rukáva od podpazušia: 47 cm</li>
<li>odporúčaný maximálny obvod poprsia: 125-130 cm</li>
<li>šírka v bicepsoch: 36 cm</li>
</ul>
<p style="text-align: center;">Rozmery sa môžu mierne líšiť od uvedených +/- 2cm. Všetky uvedené rozmery sú merané plošne.</p>
<h3 style="text-align: center;">Vlastnosti produktu:</h3>
<ul>
<li style="text-align: center;">zviazaný</li>
<li style="text-align: center;">obálka</li>
<li style="text-align: center;">popruh v cene</li>
<li style="text-align: center;">vrecká</li>
<li style="text-align: center;">dostupné v mnohých farebných variantoch</li>
</ul>
<p style="text-align: center;"><strong> </strong></p>
<table width="618">
<tbody>
<tr>
<td width="302">Meno modela</td>
<td width="302">Maxi fleecový kabát</td>
</tr>
<tr>
<td width="302">Farba</td>
<td width="302">Fuchsiová</td>
</tr>
<tr>
<td width="302">Zbierka</td>
<td width="302">jar/jeseň/zima</td>
</tr>
<tr>
<td width="302">veľkosti</td>
<td width="302">Univerzálny SML XL</td>
</tr>
<tr>
<td width="302">Móda</td>
<td width="302">nadrozmerné</td>
</tr>
<tr>
<td width="302">Hood</td>
<td width="302">Bez kapucne</td>
</tr>
<tr>
<td width="302">izolované</td>
<td width="302">jednoplášťové</td>
</tr>
<tr>
<td width="302">Materiál</td>
<td width="302">Petersham</td>
</tr>
</tbody>
</table>
<p>&nbsp;</p>
<div class="tabs tabs-bb clear mb-80">
<div class="tab-content">
<div id="tab-description" class="tab-pane fade in woocommerce-Tabs-panel--description active">
<p style="text-align: center;">Model má <strong>169</strong> cm vysoký, nosí veľkosť každý deň <strong>S</strong></p>
<p style="text-align: center;">Šírka cez prsia 92 cm</p>
<p style="text-align: center;">Šírka v páse 62 cm</p>
<p style="text-align: center;">Šírka v bokoch 94 cm</p>
</div>
</div>
</div>
<section class="up-sells upsells products mb-80"></section>

<p>Maxi kabát z fuchsiového flísu je nevyhnutnosťou v šatníku každej ženy! Je perfektným doplnkom k mnohým štýlom. Je kombináciou elegancie, modernosti a funkčnosti – tento fuchsiový kabát sa bude hodiť ku každému outfitu. Zavinovací kabát je všestranný kúsok – môžete ho ľahko nosiť s rôznymi štýlmi: elegantnými aj športovými a je ideálny na...</p>
<div class="klb-readmore post-buttons"><a class="button black outline size-sm" href="https://madelinefashion.pl/sk/plaszcz-maxi-fuksja-z-flauszu/">Čítať ďalej <i class="klbth-icon-right-arrow"></i></a></div>

pracovný list
