{"id":8200,"date":"2021-04-15T21:01:03","date_gmt":"2021-04-15T19:01:03","guid":{"rendered":"https:\/\/madelinefashion.pl\/?post_type=product&#038;p=8200"},"modified":"2026-02-20T14:59:02","modified_gmt":"2026-02-20T13:59:02","slug":"kardigan-azurowy-bessa-jasno-szary","status":"publish","type":"product","link":"https:\/\/madelinefashion.pl\/sk\/kardigan-azurowy-bessa-jasno-szary\/","title":{"rendered":"Svetlosiv\u00fd prelamovan\u00fd kardigan Bessa"},"content":{"rendered":"<h3 style=\"text-align: center;\">Svetlosiv\u00fd prelamovan\u00fd kardigan Bessa<\/h3>\n<p style=\"text-align: center;\"><strong>Prelamovan\u00fd kardigan Bessa <\/strong>je to ide\u00e1lny model na jarn\u00e9 a letn\u00e9 dni. Kardigan je u\u0161it\u00fd z vrko\u010dovej v\u00e4zby, ve\u013emi pr\u00edjemn\u00fd na dotyk. V\u010faka m\u00f3dnemu vo\u013enej\u0161iemu strihu sa v nej budete c\u00edti\u0165 ve\u013emi pohodlne. Dlh\u00fd ruk\u00e1v a spodn\u00e1 \u010das\u0165 svetra s\u00fa ukon\u010den\u00e9 \u013eahk\u00fdm lemom. Rob\u00ed to peler\u00edna s unik\u00e1tnou v\u00e4zbou <strong>budete vy\u010dnieva\u0165 z davu<\/strong> a pritiahne\u0161 poh\u013eady v\u0161etk\u00fdch. Peler\u00edna bude perfektn\u00e1 v kombin\u00e1cii so suk\u0148ou, \u0161atami alebo klasick\u00fdmi d\u017e\u00ednsami. Tak\u00fdto sveter by mala ma\u0165 v \u0161atn\u00edku ka\u017ed\u00e1 z n\u00e1s. Klasick\u00fd strih, jedine\u010dn\u00fd v le\u017e\u00e9rnom \u0161t\u00fdle. \u00da\u017easn\u00e1 kvalita za najlep\u0161iu cenu! Eur\u00f3psky v\u00fdrobok, ve\u013emi kvalitn\u00fd materi\u00e1l. Dokonale sa prisp\u00f4sob\u00ed postave.<strong>\u00a0<\/strong>Ide\u00e1lne do \u0161koly, pr\u00e1ce, na rande alebo na stretnutie s priate\u013emi! Odpor\u00fa\u010dame pre d\u00e1my vo ve\u013ekosti SML XL, ak nos\u00edte v\u00e4\u010d\u0161iu ve\u013ekos\u0165, pozrite si tabu\u013eku ni\u017e\u0161ie.<\/p>\n<h3 style=\"text-align: center;\">Perfektn\u00fd kardigan na ka\u017ed\u00fa pr\u00edle\u017eitos\u0165<\/h3>\n<ul style=\"text-align: center;\">\n<li><strong>M\u00f3dny \u0161t\u00fdl\u00a0<\/strong><\/li>\n<li>Kr\u00e1sna prelamovan\u00e1 v\u00e4zba<\/li>\n<li>\u0160t\u00fdlov\u00fd<\/li>\n<li>Zhoda<\/li>\n<li>Ve\u013emi tepl\u00e9 a pr\u00edjemn\u00e9 na dotyk<\/li>\n<\/ul>\n<h3 style=\"text-align: center;\">Rozmery<\/h3>\n<ul style=\"text-align: center;\">\n<li>D\u013a\u017eka: 85 cm<\/li>\n<li>\u0160\u00edrka pod pazuchami: 2 x 50-60 cm<\/li>\n<li>\u0160\u00edrka v p\u00e1se: 2 x 53-62 cm<\/li>\n<li>D\u013a\u017eka ruk\u00e1va od podpazu\u0161ia: 45 cm<\/li>\n<\/ul>\n<p style=\"text-align: center;\">Rozmery sa m\u00f4\u017eu mierne l\u00ed\u0161i\u0165 od uveden\u00fdch +\/- 2cm. V\u0161etky uveden\u00e9 rozmery s\u00fa meran\u00e9 plo\u0161ne. <strong>rozmer x2<\/strong><\/p>\n<p style=\"text-align: center;\"><strong>\u00a0<\/strong><\/p>\n<p>&nbsp;<\/p>\n<table>\n<tbody>\n<tr>\n<td width=\"302\">Meno modela<\/td>\n<td width=\"302\">Prelamovan\u00fd kardigan Bessa<\/td>\n<\/tr>\n<tr>\n<td width=\"302\">Farba<\/td>\n<td width=\"302\">Svetlo siv\u00e1<\/td>\n<\/tr>\n<tr>\n<td width=\"302\">ve\u013ekosti<\/td>\n<td width=\"302\">Univerz\u00e1lny<\/td>\n<\/tr>\n<tr>\n<td width=\"302\">M\u00f3da<\/td>\n<td width=\"302\">nadrozmern\u00e9<\/td>\n<\/tr>\n<tr>\n<td width=\"302\">Hood<\/td>\n<td width=\"302\">Nie<\/td>\n<\/tr>\n<tr>\n<td width=\"302\">izolovan\u00e9<\/td>\n<td width=\"302\">jednopl\u00e1\u0161\u0165ov\u00e9<\/td>\n<\/tr>\n<tr>\n<td width=\"302\">Materi\u00e1l<\/td>\n<td width=\"302\">Akryl 85% Nylon 15%<\/td>\n<\/tr>\n<\/tbody>\n<\/table>\n<p>&nbsp;<\/p>\n<div class=\"tabs tabs-bb clear mb-80\">\n<div class=\"tab-content\">\n<div id=\"tab-description\" class=\"tab-pane fade in woocommerce-Tabs-panel--description active\">\n<p style=\"text-align: center;\">Model m\u00e1\u00a0<strong>165<\/strong>\u00a0cm vysok\u00fd, nos\u00ed ho ka\u017ed\u00fd de\u0148\u00a0<strong>ve\u013ekos\u0165 S<\/strong><\/p>\n<p>&nbsp;<\/p>\n<\/div>\n<\/div>\n<\/div>\n<section class=\"related products mb-80\"><\/section>","protected":false},"excerpt":{"rendered":"<p>Kardigan A\u017curowy Bessa Jasno Szary Kardigan A\u017curowy Bessa to model idealny na wiosenne i letnie dni. Kardigan wykonany jest ze splotu w warkocz, bardzo mi\u0142ego w dotyku. Modny, lu\u017aniejszy fason sprawia, \u017ce b\u0119dziesz si\u0119 w nim czu\u0142a bardzo komfortowo. D\u0142ugi r\u0119kaw, oraz d\u00f3\u0142 swetra zako\u0144czony jest lekkim \u015bci\u0105gaczem. Narzutka o unikalnym splocie sprawi, \u017ce wyr\u00f3\u017cnisz<\/p>\n<div class=\"klb-readmore post-buttons\"><a class=\"button black outline size-sm\" href=\"https:\/\/madelinefashion.pl\/sk\/kardigan-azurowy-bessa-jasno-szary\/\">\u010c\u00edta\u0165 \u010falej <i class=\"klbth-icon-right-arrow\"><\/i><\/a><\/div>","protected":false},"featured_media":8168,"template":"","meta":[],"product_brand":[],"product_cat":[91],"product_tag":[],"class_list":{"0":"post-8200","1":"product","2":"type-product","3":"status-publish","4":"has-post-thumbnail","6":"product_cat-kardigany-damskie","8":"first","9":"instock","10":"purchasable","11":"product-type-simple"},"_links":{"self":[{"href":"https:\/\/madelinefashion.pl\/sk\/wp-json\/wp\/v2\/product\/8200","targetHints":{"allow":["GET"]}}],"collection":[{"href":"https:\/\/madelinefashion.pl\/sk\/wp-json\/wp\/v2\/product"}],"about":[{"href":"https:\/\/madelinefashion.pl\/sk\/wp-json\/wp\/v2\/types\/product"}],"wp:featuredmedia":[{"embeddable":true,"href":"https:\/\/madelinefashion.pl\/sk\/wp-json\/wp\/v2\/media\/8168"}],"wp:attachment":[{"href":"https:\/\/madelinefashion.pl\/sk\/wp-json\/wp\/v2\/media?parent=8200"}],"wp:term":[{"taxonomy":"product_brand","embeddable":true,"href":"https:\/\/madelinefashion.pl\/sk\/wp-json\/wp\/v2\/product_brand?post=8200"},{"taxonomy":"product_cat","embeddable":true,"href":"https:\/\/madelinefashion.pl\/sk\/wp-json\/wp\/v2\/product_cat?post=8200"},{"taxonomy":"product_tag","embeddable":true,"href":"https:\/\/madelinefashion.pl\/sk\/wp-json\/wp\/v2\/product_tag?post=8200"}],"curies":[{"name":"pracovn\u00fd list","href":"https:\/\/api.w.org\/{rel}","templated":true}]}}

Svetlosivý prelamovaný kardigan Bessa

<h3 style="text-align: center;">Svetlosivý prelamovaný kardigan Bessa</h3>
<p style="text-align: center;"><strong>Prelamovaný kardigan Bessa </strong>je to ideálny model na jarné a letné dni. Kardigan je ušitý z vrkočovej väzby, veľmi príjemný na dotyk. Vďaka módnemu voľnejšiemu strihu sa v nej budete cítiť veľmi pohodlne. Dlhý rukáv a spodná časť svetra sú ukončené ľahkým lemom. Robí to pelerína s unikátnou väzbou <strong>budete vyčnievať z davu</strong> a pritiahneš pohľady všetkých. Pelerína bude perfektná v kombinácii so sukňou, šatami alebo klasickými džínsami. Takýto sveter by mala mať v šatníku každá z nás. Klasický strih, jedinečný v ležérnom štýle. Úžasná kvalita za najlepšiu cenu! Európsky výrobok, veľmi kvalitný materiál. Dokonale sa prispôsobí postave.<strong> </strong>Ideálne do školy, práce, na rande alebo na stretnutie s priateľmi! Odporúčame pre dámy vo veľkosti SML XL, ak nosíte väčšiu veľkosť, pozrite si tabuľku nižšie.</p>
<h3 style="text-align: center;">Perfektný kardigan na každú príležitosť</h3>
<ul style="text-align: center;">
<li><strong>Módny štýl </strong></li>
<li>Krásna prelamovaná väzba</li>
<li>Štýlový</li>
<li>Zhoda</li>
<li>Veľmi teplé a príjemné na dotyk</li>
</ul>
<h3 style="text-align: center;">Rozmery</h3>
<ul style="text-align: center;">
<li>Dĺžka: 85 cm</li>
<li>Šírka pod pazuchami: 2 x 50-60 cm</li>
<li>Šírka v páse: 2 x 53-62 cm</li>
<li>Dĺžka rukáva od podpazušia: 45 cm</li>
</ul>
<p style="text-align: center;">Rozmery sa môžu mierne líšiť od uvedených +/- 2cm. Všetky uvedené rozmery sú merané plošne. <strong>rozmer x2</strong></p>
<p style="text-align: center;"><strong> </strong></p>
<p>&nbsp;</p>
<table>
<tbody>
<tr>
<td width="302">Meno modela</td>
<td width="302">Prelamovaný kardigan Bessa</td>
</tr>
<tr>
<td width="302">Farba</td>
<td width="302">Svetlo sivá</td>
</tr>
<tr>
<td width="302">veľkosti</td>
<td width="302">Univerzálny</td>
</tr>
<tr>
<td width="302">Móda</td>
<td width="302">nadrozmerné</td>
</tr>
<tr>
<td width="302">Hood</td>
<td width="302">Nie</td>
</tr>
<tr>
<td width="302">izolované</td>
<td width="302">jednoplášťové</td>
</tr>
<tr>
<td width="302">Materiál</td>
<td width="302">Akryl 85% Nylon 15%</td>
</tr>
</tbody>
</table>
<p>&nbsp;</p>
<div class="tabs tabs-bb clear mb-80">
<div class="tab-content">
<div id="tab-description" class="tab-pane fade in woocommerce-Tabs-panel--description active">
<p style="text-align: center;">Model má <strong>165</strong> cm vysoký, nosí ho každý deň <strong>veľkosť S</strong></p>
<p>&nbsp;</p>
</div>
</div>
</div>
<section class="related products mb-80"></section>

<p>Kardigan Ażurowy Bessa Jasno Szary Kardigan Ażurowy Bessa to model idealny na wiosenne i letnie dni. Kardigan wykonany jest ze splotu w warkocz, bardzo miłego w dotyku. Modny, luźniejszy fason sprawia, że będziesz się w nim czuła bardzo komfortowo. Długi rękaw, oraz dół swetra zakończony jest lekkim ściągaczem. Narzutka o unikalnym splocie sprawi, że wyróżnisz</p>
<div class="klb-readmore post-buttons"><a class="button black outline size-sm" href="https://madelinefashion.pl/sk/kardigan-azurowy-bessa-jasno-szary/">Čítať ďalej <i class="klbth-icon-right-arrow"></i></a></div>

pracovný list
