{"id":82420,"date":"2023-03-27T17:49:30","date_gmt":"2023-03-27T15:49:30","guid":{"rendered":"https:\/\/madelinefashion.pl\/?post_type=product&#038;p=82420"},"modified":"2026-04-10T15:07:01","modified_gmt":"2026-04-10T13:07:01","slug":"sukienka-midi-koronkowa-z-tiulem-etna-czarna","status":"publish","type":"product","link":"https:\/\/madelinefashion.pl\/sk\/sukienka-midi-koronkowa-z-tiulem-etna-czarna\/","title":{"rendered":"\u010cipkovan\u00e9 midi \u0161aty s \u010diernym tylom Etna"},"content":{"rendered":"<h3 style=\"text-align: center;\">\u010cipkovan\u00e9 midi \u0161aty s \u010diernym tylom Etna<\/h3>\n<p style=\"text-align: center;\">P\u00f4sobiv\u00e9 midi \u0161aty\u00a0 <strong>tylu<\/strong> s prieh\u013eadn\u00fdm vrchom. \u010cipkovan\u00e9 \u0161aty maj\u00fa v p\u00e1se gumu. Skvel\u00fd vzdu\u0161n\u00fd roz\u0161\u00edren\u00fd <strong>tylov\u00e9 \u0161aty<\/strong>\u00a0\u2013 dostupn\u00e9 v na\u0161ej predajni vo viacer\u00fdch\u00a0<strong>farebn\u00e9 verzie<\/strong>. Tylov\u00e1 aplik\u00e1cia zaru\u010d\u00ed jedine\u010dn\u00fd vzh\u013ead. Spodn\u00e1 \u010das\u0165 \u0161iat\u00a0<b>tylu\u00a0<\/b>pozost\u00e1va z roz\u0161\u00edrenej tylovej tkaniny a pod\u0161\u00edvky, ktor\u00e1 sa efekt\u00edvne prezentuje v pohybe. Model s uzavret\u00fdm chrbtom. Ide\u00e1lna ponuka pre \u017eeny, ktor\u00e9 to ocenia\u00a0<strong>\u0161ik a elegancia.\u00a0<\/strong>\u0160aty\u00a0<strong>\u010dipka s tylom<\/strong> je ide\u00e1lnym n\u00e1vrhom na r\u00f4zne \u0161peci\u00e1lne udalosti - sv\u00e4t\u00e9 prij\u00edmanie, krstiny, svadby alebo narodeniny.<br \/>\nVyrovnajte sa\u00a0<a href=\"https:\/\/madelinefashion.pl\/sk\/buty\/\">\u0161tekle<\/a>\u00a0dostupn\u00e9 aj na na\u0161ej webovej str\u00e1nke a vytv\u00e1raj\u00fa elegantn\u00fd vzh\u013ead. Mus\u00edte ju ma\u0165 vo svojom \u0161atn\u00edku! Univerz\u00e1lna ve\u013ekos\u0165, odpor\u00fa\u010dan\u00e1 pre \u017eeny nosiace XS SML, ak nos\u00edte v\u00e4\u010d\u0161iu ve\u013ekos\u0165, pozrite si rozmery<\/p>\n<h3 style=\"text-align: center;\">Rozmery \u0161iat<\/h3>\n<ul style=\"text-align: center;\">\n<li>celkov\u00e1 d\u013a\u017eka 119 cm<\/li>\n<li>celkov\u00e1 d\u013a\u017eka po pod\u0161\u00edvku: 109 cm<\/li>\n<li>\u0161\u00edrka od pazuchy po pazuchu: 35-49 cm<\/li>\n<li>\u0161\u00edrka p\u00e1sa: 35-46 cm<\/li>\n<li><\/li>\n<\/ul>\n<p style=\"text-align: center;\">Rozmery sa m\u00f4\u017eu mierne l\u00ed\u0161i\u0165 od uveden\u00fdch +\/- 2cm. V\u0161etky uveden\u00e9 rozmery s\u00fa meran\u00e9 plo\u0161ne.\u00a0<strong>rozmer x2<\/strong><\/p>\n<p style=\"text-align: center;\"><strong>\u00a0<\/strong><\/p>\n<table width=\"548\">\n<tbody>\n<tr>\n<td width=\"302\">Meno modela<\/td>\n<td width=\"302\">\u010cipkovan\u00e9 midi \u0161aty s Etna tylom<\/td>\n<\/tr>\n<tr>\n<td width=\"302\">Farba<\/td>\n<td width=\"302\">\u010dierna<\/td>\n<\/tr>\n<tr>\n<td width=\"302\">Zbierka<\/td>\n<td width=\"302\">Jar leto<\/td>\n<\/tr>\n<tr>\n<td width=\"302\">ve\u013ekosti<\/td>\n<td width=\"302\">Univerz\u00e1lny<\/td>\n<\/tr>\n<tr>\n<td width=\"302\">M\u00f3da<\/td>\n<td width=\"302\">Vzplanul<\/td>\n<\/tr>\n<tr>\n<td width=\"302\">Dekor\u00e1cia<\/td>\n<td width=\"302\">tylov\u00e1 \u010dipka<\/td>\n<\/tr>\n<tr>\n<td width=\"302\">Materi\u00e1l<\/td>\n<td width=\"302\">95 % Polyester 5% Elastan<\/td>\n<\/tr>\n<\/tbody>\n<\/table>\n<section class=\"page-product-box\">\n<div class=\"rte\">\n<p style=\"text-align: center;\">Model m\u00e1\u00a0<strong>169<\/strong>\u00a0cm vysok\u00fd, nos\u00ed ve\u013ekos\u0165 ka\u017ed\u00fd de\u0148\u00a0<strong>S<\/strong><\/p>\n<p style=\"text-align: center;\">\u0160\u00edrka cez prsia 92 cm<\/p>\n<p style=\"text-align: center;\">\u0160\u00edrka v p\u00e1se 62 cm<\/p>\n<p style=\"text-align: center;\">\u0160\u00edrka v bokoch 94 cm<\/p>\n<\/div>\n<\/section>","protected":false},"excerpt":{"rendered":"<p>Sukienka Midi Koronkowa z Tiulem Etna Czarna Efektowna\u00a0 sukienka midi\u00a0 tiulowa z transparentn\u0105 g\u00f3r\u0105. Sukienka koronkowa posiada gumk\u0119 w tali. Wspania\u0142a zwiewna rozkloszowana sukienka tiulowa\u00a0\u2013 dost\u0119pna w Naszym sklepie w kilku\u00a0wersjach kolorystycznych.\u00a0 Aplikacja tiulu zagwarantuje niepowtarzalny look. Dolna cz\u0119\u015b\u0107 sukienki\u00a0tiulowej\u00a0sk\u0142ada si\u0119 z rozkloszowanej tiulowej tkaniny i podszewki , efektownie prezentuj\u0105c si\u0119 w ruchu. Model z<\/p>\n<div class=\"klb-readmore post-buttons\"><a class=\"button black outline size-sm\" href=\"https:\/\/madelinefashion.pl\/sk\/sukienka-midi-koronkowa-z-tiulem-etna-czarna\/\">\u010c\u00edta\u0165 \u010falej <i class=\"klbth-icon-right-arrow\"><\/i><\/a><\/div>","protected":false},"featured_media":82408,"template":"","meta":[],"product_brand":[],"product_cat":[124,561],"product_tag":[213,262],"class_list":{"0":"post-82420","1":"product","2":"type-product","3":"status-publish","4":"has-post-thumbnail","6":"product_cat-sukienki-okolicznosciowe","7":"product_cat-sukienki-tiulowe","8":"product_tag-sukienka-czarna","9":"product_tag-sukienki-krotkie","11":"first","12":"instock","13":"sale","14":"purchasable","15":"product-type-simple"},"_links":{"self":[{"href":"https:\/\/madelinefashion.pl\/sk\/wp-json\/wp\/v2\/product\/82420","targetHints":{"allow":["GET"]}}],"collection":[{"href":"https:\/\/madelinefashion.pl\/sk\/wp-json\/wp\/v2\/product"}],"about":[{"href":"https:\/\/madelinefashion.pl\/sk\/wp-json\/wp\/v2\/types\/product"}],"wp:featuredmedia":[{"embeddable":true,"href":"https:\/\/madelinefashion.pl\/sk\/wp-json\/wp\/v2\/media\/82408"}],"wp:attachment":[{"href":"https:\/\/madelinefashion.pl\/sk\/wp-json\/wp\/v2\/media?parent=82420"}],"wp:term":[{"taxonomy":"product_brand","embeddable":true,"href":"https:\/\/madelinefashion.pl\/sk\/wp-json\/wp\/v2\/product_brand?post=82420"},{"taxonomy":"product_cat","embeddable":true,"href":"https:\/\/madelinefashion.pl\/sk\/wp-json\/wp\/v2\/product_cat?post=82420"},{"taxonomy":"product_tag","embeddable":true,"href":"https:\/\/madelinefashion.pl\/sk\/wp-json\/wp\/v2\/product_tag?post=82420"}],"curies":[{"name":"pracovn\u00fd list","href":"https:\/\/api.w.org\/{rel}","templated":true}]}}

Čipkované midi šaty s čiernym tylom Etna

<h3 style="text-align: center;">Čipkované midi šaty s čiernym tylom Etna</h3>
<p style="text-align: center;">Pôsobivé midi šaty  <strong>tylu</strong> s priehľadným vrchom. Čipkované šaty majú v páse gumu. Skvelý vzdušný rozšírený <strong>tylové šaty</strong> – dostupné v našej predajni vo viacerých <strong>farebné verzie</strong>. Tylová aplikácia zaručí jedinečný vzhľad. Spodná časť šiat <b>tylu </b>pozostáva z rozšírenej tylovej tkaniny a podšívky, ktorá sa efektívne prezentuje v pohybe. Model s uzavretým chrbtom. Ideálna ponuka pre ženy, ktoré to ocenia <strong>šik a elegancia. </strong>Šaty <strong>čipka s tylom</strong> je ideálnym návrhom na rôzne špeciálne udalosti - sväté prijímanie, krstiny, svadby alebo narodeniny.<br />
Vyrovnajte sa <a href="https://madelinefashion.pl/sk/buty/">štekle</a> dostupné aj na našej webovej stránke a vytvárajú elegantný vzhľad. Musíte ju mať vo svojom šatníku! Univerzálna veľkosť, odporúčaná pre ženy nosiace XS SML, ak nosíte väčšiu veľkosť, pozrite si rozmery</p>
<h3 style="text-align: center;">Rozmery šiat</h3>
<ul style="text-align: center;">
<li>celková dĺžka 119 cm</li>
<li>celková dĺžka po podšívku: 109 cm</li>
<li>šírka od pazuchy po pazuchu: 35-49 cm</li>
<li>šírka pása: 35-46 cm</li>
<li></li>
</ul>
<p style="text-align: center;">Rozmery sa môžu mierne líšiť od uvedených +/- 2cm. Všetky uvedené rozmery sú merané plošne. <strong>rozmer x2</strong></p>
<p style="text-align: center;"><strong> </strong></p>
<table width="548">
<tbody>
<tr>
<td width="302">Meno modela</td>
<td width="302">Čipkované midi šaty s Etna tylom</td>
</tr>
<tr>
<td width="302">Farba</td>
<td width="302">čierna</td>
</tr>
<tr>
<td width="302">Zbierka</td>
<td width="302">Jar leto</td>
</tr>
<tr>
<td width="302">veľkosti</td>
<td width="302">Univerzálny</td>
</tr>
<tr>
<td width="302">Móda</td>
<td width="302">Vzplanul</td>
</tr>
<tr>
<td width="302">Dekorácia</td>
<td width="302">tylová čipka</td>
</tr>
<tr>
<td width="302">Materiál</td>
<td width="302">95 % Polyester 5% Elastan</td>
</tr>
</tbody>
</table>
<section class="page-product-box">
<div class="rte">
<p style="text-align: center;">Model má <strong>169</strong> cm vysoký, nosí veľkosť každý deň <strong>S</strong></p>
<p style="text-align: center;">Šírka cez prsia 92 cm</p>
<p style="text-align: center;">Šírka v páse 62 cm</p>
<p style="text-align: center;">Šírka v bokoch 94 cm</p>
</div>
</section>

<p>Sukienka Midi Koronkowa z Tiulem Etna Czarna Efektowna  sukienka midi  tiulowa z transparentną górą. Sukienka koronkowa posiada gumkę w tali. Wspaniała zwiewna rozkloszowana sukienka tiulowa – dostępna w Naszym sklepie w kilku wersjach kolorystycznych.  Aplikacja tiulu zagwarantuje niepowtarzalny look. Dolna część sukienki tiulowej składa się z rozkloszowanej tiulowej tkaniny i podszewki , efektownie prezentując się w ruchu. Model z</p>
<div class="klb-readmore post-buttons"><a class="button black outline size-sm" href="https://madelinefashion.pl/sk/sukienka-midi-koronkowa-z-tiulem-etna-czarna/">Čítať ďalej <i class="klbth-icon-right-arrow"></i></a></div>

pracovný list
