{"id":8337,"date":"2021-04-16T22:22:02","date_gmt":"2021-04-16T20:22:02","guid":{"rendered":"https:\/\/madelinefashion.pl\/?post_type=product&#038;p=8337"},"modified":"2026-03-26T12:40:40","modified_gmt":"2026-03-26T11:40:40","slug":"sukienka-ze-sciagaczem-mini-claris-czarna","status":"publish","type":"product","link":"https:\/\/madelinefashion.pl\/sk\/sukienka-ze-sciagaczem-mini-claris-czarna\/","title":{"rendered":"Claris Mini rebrovan\u00e9 \u0161aty \u010dierne"},"content":{"rendered":"<h3 style=\"text-align: center;\">Claris Mini rebrovan\u00e9 \u0161aty \u010dierne<\/h3>\n<p style=\"text-align: center;\">Mini \u0161aty Claris so s\u0165ahovacou \u0161n\u00farkou v \u010diernej farbe s\u00fa vyroben\u00e9 z m\u00e4kk\u00e9ho materi\u00e1lu na dotyk. Ich zmyseln\u00fd a decentn\u00fd strih bude perfektn\u00fdm doplnkom \u0161atn\u00edka ka\u017edej \u017eeny, ktor\u00e1 m\u00e1 rada <strong>vy\u010dnieva\u0165 z davu. \u0160aty s kr\u00e1tkym ruk\u00e1vom\u00a0<\/strong>so s\u0165ahovacou \u0161n\u00farkou v p\u00e1se, v\u010faka \u010domu dokonale zv\u00fdrazn\u00ed \u017eensk\u00e9 tvary - perfektne sadne na postavu. \u0160aty s kr\u00e1tkym ruk\u00e1vom zakon\u010den\u00e9 ozdobou <strong>vol\u00e1nik a v\u00fdstrih<\/strong> <strong>ob\u00e1lka<\/strong>ktor\u00fd v<strong>odha\u013euje poprsie<\/strong> \u2013 celku dod\u00e1va \u013eahkos\u0165 a diev\u010densk\u00fd vzh\u013ead. \u0160aty je mo\u017en\u00e9 nosi\u0165 aj ako \u0161panielske \u0161aty s mierne odhalen\u00fdmi ruk\u00e1vmi.<br \/>\n<strong>Mini \u0161aty<\/strong> s trochu vo\u013enej\u0161\u00edm spodkom a <strong>\u0161irok\u00fd elastick\u00fd p\u00e1s<\/strong> pod\u010diarkuje <strong>\u017eensk\u00e9 tvary<\/strong>. Ide\u00e1lne ako na ka\u017ed\u00fd de\u0148, tak aj na udalosti. Dokonale sa prisp\u00f4sob\u00ed postave. Ide\u00e1lne do \u0161koly, pr\u00e1ce, na rande alebo na stretnutie s priate\u013emi! <strong>Ide\u00e1lne pre ka\u017ed\u00fa pr\u00edle\u017eitos\u0165 a \u010das! Neuverite\u013ene \u017eensk\u00e9, elegantn\u00e9 \u0161aty v univerz\u00e1lnej ve\u013ekosti odpor\u00fa\u010dan\u00e9 od XS po L.<\/strong> Dostupn\u00e9 vo viacer\u00fdch farb\u00e1ch. Odpor\u00fa\u010dame kombinova\u0165 s na\u0161imi \u010diernymi <a href=\"https:\/\/madelinefashion.pl\/sk\/product-tag\/ramoneski\/\">Ramones <\/a>Bude dobre fungova\u0165 na dovolenk\u00e1ch, rande, neform\u00e1lnych stretnutiach s priate\u013emi, ako aj na svadb\u00e1ch, rodinn\u00fdch okolnostiach<\/p>\n<h3 style=\"text-align: center;\">Rozmery:<\/h3>\n<ul style=\"text-align: center;\">\n<li style=\"text-align: center;\"><span style=\"font-size: 10pt;\">\u00a0\u00a0\u00a0\u00a0\u00a0\u00a0\u00a0 celkov\u00e1 predn\u00e1 d\u013a\u017eka: 89 cm<\/span><\/li>\n<li style=\"text-align: center;\"><span style=\"font-size: 10pt;\">\u00a0\u00a0\u00a0\u00a0\u00a0\u00a0\u00a0 \u0161\u00edrka od pazuchy po pazuchu: 39-46 cm<\/span><\/li>\n<li style=\"text-align: center;\"><span style=\"font-size: 10pt;\">\u00a0\u00a0\u00a0\u00a0\u00a0\u00a0\u00a0 d\u013a\u017eka ruk\u00e1va od ramena: 41 cm<\/span><\/li>\n<li style=\"text-align: center;\"><span style=\"font-size: 10pt;\">d\u013a\u017eka ruk\u00e1va od podpazu\u0161ia: 30 cm<br \/>\n<\/span><\/li>\n<li style=\"text-align: center;\"><span style=\"font-size: 10pt;\">\u00a0\u00a0\u00a0\u00a0\u00a0\u00a0\u00a0 \u0161\u00edrka p\u00e1sa: 29-49 cm<\/span><\/li>\n<\/ul>\n<p>&nbsp;<\/p>\n<p style=\"text-align: center;\"><span style=\"font-size: 10pt;\">Rozmery sa m\u00f4\u017eu mierne l\u00ed\u0161i\u0165 od uveden\u00fdch +\/- 2cm. V\u0161etko dan\u00e9 <strong>rozmery s\u00fa meran\u00e9 plo\u0161ne. rozmer x2<\/strong><\/span><\/p>\n<p>&nbsp;<\/p>\n<h3 style=\"text-align: center;\">Charakteristika:<\/h3>\n<p style=\"text-align: center;\"><span style=\"font-size: 10pt;\">\u2013 s\u0165ahovacia \u0161n\u00farka v p\u00e1se;<br \/>\n- kr\u00e1tky ruk\u00e1v;<br \/>\n- roz\u0161\u00edren\u00e9 \u0161aty;<br \/>\n\u2013 mini d\u013a\u017eka;<br \/>\n- hlbok\u00e9 \u0161tiepenie;<br \/>\n\u2013 vol\u00e1niky pri v\u00fdstrihu<br \/>\n<\/span><\/p>\n<table width=\"621\">\n<tbody>\n<tr>\n<td width=\"302\">Meno modela<\/td>\n<td width=\"302\">Mini rebrovan\u00e9 \u0161aty Claris<\/td>\n<\/tr>\n<tr>\n<td width=\"302\">Farba<\/td>\n<td width=\"302\">\u010dierna<\/td>\n<\/tr>\n<tr>\n<td width=\"302\">M\u00f3da<\/td>\n<td width=\"302\">nadrozmern\u00e9<\/td>\n<\/tr>\n<tr>\n<td width=\"302\">Materi\u00e1l<\/td>\n<td width=\"302\">95 % Polyester 5% Elastan<\/td>\n<\/tr>\n<tr>\n<td width=\"302\">D\u013a\u017eka<\/td>\n<td width=\"302\">Pred kolenom<\/td>\n<\/tr>\n<\/tbody>\n<\/table>\n<p>&nbsp;<\/p>\n<p style=\"text-align: center;\">\u00a0Model m\u00e1 <strong>165<\/strong> cm vysok\u00fd, nos\u00ed ve\u013ekos\u0165 ka\u017ed\u00fd de\u0148\u00a0<strong>S<\/strong><span style=\"font-size: 10pt;\">\u00a0<\/span><\/p>","protected":false},"excerpt":{"rendered":"<p>Sukienka ze \u015aci\u0105gaczem Mini Claris Czarna Sukienka ze \u015aci\u0105gaczem Mini Claris w kolorze czarnym wykonana z przyjemnego w dotyku materia\u0142u. Zmys\u0142owy i subtelny kr\u00f3j sprawdzi si\u0119 w szafie ka\u017cdej kobiety, kt\u00f3ra lubi wyr\u00f3\u017cni\u0107 si\u0119 z t\u0142umu. Sukienka na kr\u00f3tki r\u0119kaw\u00a0ze \u015bci\u0105gaczem w pasie dzi\u0119ki czemu perfekcyjnie podkre\u015bla kobiece kszta\u0142ty &#8211; idealnie dopasowuje sie do sylwetki.<\/p>\n<div class=\"klb-readmore post-buttons\"><a class=\"button black outline size-sm\" href=\"https:\/\/madelinefashion.pl\/sk\/sukienka-ze-sciagaczem-mini-claris-czarna\/\">\u010c\u00edta\u0165 \u010falej <i class=\"klbth-icon-right-arrow\"><\/i><\/a><\/div>","protected":false},"featured_media":8356,"template":"","meta":[],"product_brand":[],"product_cat":[125,380],"product_tag":[213],"class_list":{"0":"post-8337","1":"product","2":"type-product","3":"status-publish","4":"has-post-thumbnail","6":"product_cat-sukienki","7":"product_cat-wyprzedaz","8":"product_tag-sukienka-czarna","10":"first","11":"instock","12":"sale","13":"purchasable","14":"product-type-simple"},"_links":{"self":[{"href":"https:\/\/madelinefashion.pl\/sk\/wp-json\/wp\/v2\/product\/8337","targetHints":{"allow":["GET"]}}],"collection":[{"href":"https:\/\/madelinefashion.pl\/sk\/wp-json\/wp\/v2\/product"}],"about":[{"href":"https:\/\/madelinefashion.pl\/sk\/wp-json\/wp\/v2\/types\/product"}],"wp:featuredmedia":[{"embeddable":true,"href":"https:\/\/madelinefashion.pl\/sk\/wp-json\/wp\/v2\/media\/8356"}],"wp:attachment":[{"href":"https:\/\/madelinefashion.pl\/sk\/wp-json\/wp\/v2\/media?parent=8337"}],"wp:term":[{"taxonomy":"product_brand","embeddable":true,"href":"https:\/\/madelinefashion.pl\/sk\/wp-json\/wp\/v2\/product_brand?post=8337"},{"taxonomy":"product_cat","embeddable":true,"href":"https:\/\/madelinefashion.pl\/sk\/wp-json\/wp\/v2\/product_cat?post=8337"},{"taxonomy":"product_tag","embeddable":true,"href":"https:\/\/madelinefashion.pl\/sk\/wp-json\/wp\/v2\/product_tag?post=8337"}],"curies":[{"name":"pracovn\u00fd list","href":"https:\/\/api.w.org\/{rel}","templated":true}]}}

Claris Mini rebrované šaty čierne

<h3 style="text-align: center;">Claris Mini rebrované šaty čierne</h3>
<p style="text-align: center;">Mini šaty Claris so sťahovacou šnúrkou v čiernej farbe sú vyrobené z mäkkého materiálu na dotyk. Ich zmyselný a decentný strih bude perfektným doplnkom šatníka každej ženy, ktorá má rada <strong>vyčnievať z davu. Šaty s krátkym rukávom </strong>so sťahovacou šnúrkou v páse, vďaka čomu dokonale zvýrazní ženské tvary - perfektne sadne na postavu. Šaty s krátkym rukávom zakončené ozdobou <strong>volánik a výstrih</strong> <strong>obálka</strong>ktorý v<strong>odhaľuje poprsie</strong> – celku dodáva ľahkosť a dievčenský vzhľad. Šaty je možné nosiť aj ako španielske šaty s mierne odhalenými rukávmi.<br />
<strong>Mini šaty</strong> s trochu voľnejším spodkom a <strong>široký elastický pás</strong> podčiarkuje <strong>ženské tvary</strong>. Ideálne ako na každý deň, tak aj na udalosti. Dokonale sa prispôsobí postave. Ideálne do školy, práce, na rande alebo na stretnutie s priateľmi! <strong>Ideálne pre každú príležitosť a čas! Neuveriteľne ženské, elegantné šaty v univerzálnej veľkosti odporúčané od XS po L.</strong> Dostupné vo viacerých farbách. Odporúčame kombinovať s našimi čiernymi <a href="https://madelinefashion.pl/sk/product-tag/ramoneski/">Ramones </a>Bude dobre fungovať na dovolenkách, rande, neformálnych stretnutiach s priateľmi, ako aj na svadbách, rodinných okolnostiach</p>
<h3 style="text-align: center;">Rozmery:</h3>
<ul style="text-align: center;">
<li style="text-align: center;"><span style="font-size: 10pt;">        celková predná dĺžka: 89 cm</span></li>
<li style="text-align: center;"><span style="font-size: 10pt;">        šírka od pazuchy po pazuchu: 39-46 cm</span></li>
<li style="text-align: center;"><span style="font-size: 10pt;">        dĺžka rukáva od ramena: 41 cm</span></li>
<li style="text-align: center;"><span style="font-size: 10pt;">dĺžka rukáva od podpazušia: 30 cm<br />
</span></li>
<li style="text-align: center;"><span style="font-size: 10pt;">        šírka pása: 29-49 cm</span></li>
</ul>
<p>&nbsp;</p>
<p style="text-align: center;"><span style="font-size: 10pt;">Rozmery sa môžu mierne líšiť od uvedených +/- 2cm. Všetko dané <strong>rozmery sú merané plošne. rozmer x2</strong></span></p>
<p>&nbsp;</p>
<h3 style="text-align: center;">Charakteristika:</h3>
<p style="text-align: center;"><span style="font-size: 10pt;">– sťahovacia šnúrka v páse;<br />
- krátky rukáv;<br />
- rozšírené šaty;<br />
– mini dĺžka;<br />
- hlboké štiepenie;<br />
– volániky pri výstrihu<br />
</span></p>
<table width="621">
<tbody>
<tr>
<td width="302">Meno modela</td>
<td width="302">Mini rebrované šaty Claris</td>
</tr>
<tr>
<td width="302">Farba</td>
<td width="302">čierna</td>
</tr>
<tr>
<td width="302">Móda</td>
<td width="302">nadrozmerné</td>
</tr>
<tr>
<td width="302">Materiál</td>
<td width="302">95 % Polyester 5% Elastan</td>
</tr>
<tr>
<td width="302">Dĺžka</td>
<td width="302">Pred kolenom</td>
</tr>
</tbody>
</table>
<p>&nbsp;</p>
<p style="text-align: center;"> Model má <strong>165</strong> cm vysoký, nosí veľkosť každý deň <strong>S</strong><span style="font-size: 10pt;"> </span></p>

<p>Sukienka ze Ściągaczem Mini Claris Czarna Sukienka ze Ściągaczem Mini Claris w kolorze czarnym wykonana z przyjemnego w dotyku materiału. Zmysłowy i subtelny krój sprawdzi się w szafie każdej kobiety, która lubi wyróżnić się z tłumu. Sukienka na krótki rękaw ze ściągaczem w pasie dzięki czemu perfekcyjnie podkreśla kobiece kształty &#8211; idealnie dopasowuje sie do sylwetki.</p>
<div class="klb-readmore post-buttons"><a class="button black outline size-sm" href="https://madelinefashion.pl/sk/sukienka-ze-sciagaczem-mini-claris-czarna/">Čítať ďalej <i class="klbth-icon-right-arrow"></i></a></div>

pracovný list
