{"id":83567,"date":"2023-04-05T15:43:55","date_gmt":"2023-04-05T13:43:55","guid":{"rendered":"https:\/\/madelinefashion.pl\/?post_type=product&#038;p=83567"},"modified":"2023-04-05T15:45:56","modified_gmt":"2023-04-05T13:45:56","slug":"kombinezon-elegancki-z-rozcietym-rekawkiem-polly-pudrowy-roz","status":"publish","type":"product","link":"https:\/\/madelinefashion.pl\/sk\/kombinezon-elegancki-z-rozcietym-rekawkiem-polly-pudrowy-roz\/","title":{"rendered":"Elegantn\u00fd overal s delen\u00fdmi ruk\u00e1vmi Polly Powder Pink"},"content":{"rendered":"<h3 style=\"text-align: center;\">Elegantn\u00fd overal s delen\u00fdmi ruk\u00e1vmi Polly Powder Pink<\/h3>\n<p style=\"text-align: center;\"><span style=\"vertical-align: inherit;\"><span style=\"vertical-align: inherit;\"><strong>Elegantn\u00fd overal s delen\u00fdmi ruk\u00e1vmi Polly Powder Pink<\/strong> je hitom v na\u0161om obchode. S<\/span><span style=\"vertical-align: inherit;\">pr\u00e1va, ktor\u00e9 okolo v\u00e1s nikto \u013eahostajne neprejde.<strong> Oblek m\u00e1 dlh\u00e9 nohy a<\/strong>\u00a0dlh\u00fd ruk\u00e1v s <strong>reza\u0165<\/strong>. V\u010faka tomu je oblek jedine\u010dn\u00fd. Na p\u00e1se m\u00e1 dve zlat\u00e9 ozdoby <strong>tla\u010didl\u00e1<\/strong>. Kombin\u00e9za sa zap\u00edna na boku <strong>zap\u00ednanie na zips<\/strong>. Vyroben\u00e9 z materi\u00e1lu pr\u00edjemn\u00e9ho na dotyk. c<\/span><\/span>odpor vytv\u00e1ra v\u00fdnimo\u010dn\u00e9 <strong>styling<\/strong>, jednoducho stvoren\u00e1 na tepl\u00e9 jarn\u00e9 a letn\u00e9 dni. <strong>Budete pote\u0161en\u00ed.<\/strong> Pohodln\u00e9 nosenie v sofistikovanom \u0161t\u00fdle mus\u00ed by\u0165 vo va\u0161om \u0161atn\u00edku. <strong>\u0160t\u00fdlov\u00fd a z\u00e1rove\u0148 ve\u013emi \u017eensk\u00fd overal Jedna ve\u013ekos\u0165 padne v\u0161etk\u00fdm.<\/strong> Odpor\u00fa\u010da sa pre \u017eeny, ktor\u00e9 nosia ve\u013e <strong>XS SML XL.<\/strong><\/p>\n<p>&nbsp;<\/p>\n<h3 style=\"text-align: center;\"><span style=\"vertical-align: inherit;\">Rozmery obleku:<\/span><\/h3>\n<p align=\"center\">Celkov\u00e1 d\u013a\u017eka - 138 cm<br \/>\n\u0160\u00edrka v p\u00e1se - 32 - 38 cm<br \/>\n\u0160\u00edrka od pazuchy po pazuchu: 44-58 cm<br \/>\nD\u013a\u017eka ruk\u00e1va od ramena - 62 cm<br \/>\nD\u013a\u017eka nohav\u00edc - 95 cm<\/p>\n<p style=\"text-align: center;\"><span style=\"vertical-align: inherit;\"><span style=\"vertical-align: inherit;\">Rozmery sa m\u00f4\u017eu l\u00ed\u0161i\u0165 od uveden\u00fdch +\/- 2cm. <\/span><span style=\"vertical-align: inherit;\">V\u0161etky uveden\u00e9 rozmery s\u00fa meran\u00e9 plo\u0161ne.<\/span><\/span><\/p>\n<h3 style=\"text-align: center;\"><span style=\"vertical-align: inherit;\"><span style=\"vertical-align: inherit;\">Vlastnosti produktu:<br \/>\n<\/span><\/span><\/h3>\n<p style=\"text-align: center;\">-elegantn\u00fd<br \/>\n- pr\u00edjemn\u00fd materi\u00e1l<br \/>\n- m\u00f3dny \u0161t\u00fdl<br \/>\n- guma v p\u00e1se<br \/>\n- origin\u00e1l<br \/>\n-\u017eensk\u00fd<br \/>\n- s prestrihom na ruk\u00e1ve<\/p>\n<p style=\"text-align: center;\"><strong>\u00a0<\/strong><\/p>\n<table width=\"432\">\n<tbody>\n<tr>\n<td width=\"302\">Meno modela<\/td>\n<td width=\"302\">Elegantn\u00fd overal s polly s rozparkovan\u00fdm ruk\u00e1vom<\/td>\n<\/tr>\n<tr>\n<td width=\"302\">Farba<\/td>\n<td width=\"302\">P\u00fadrov\u00e1 ru\u017eov\u00e1<\/td>\n<\/tr>\n<tr>\n<td width=\"302\">Zbierka<\/td>\n<td width=\"302\">Jar Leto Jese\u0148<\/td>\n<\/tr>\n<tr>\n<td width=\"302\">ve\u013ekosti<\/td>\n<td width=\"302\">Univerz\u00e1lny<\/td>\n<\/tr>\n<tr>\n<td width=\"302\">\u0160tiepenie<\/td>\n<td width=\"302\">Ob\u00e1lka<\/td>\n<\/tr>\n<tr>\n<td width=\"302\">D\u013a\u017eka<\/td>\n<td width=\"302\">maxi<\/td>\n<\/tr>\n<tr>\n<td width=\"302\">Materi\u00e1l<\/td>\n<td width=\"302\">95% Polyester 5% Elastan<\/td>\n<\/tr>\n<\/tbody>\n<\/table>\n<div class=\"tabs tabs-bb clear mb-80\">\n<div class=\"tab-content\">\n<div id=\"tab-description\" class=\"tab-pane fade in woocommerce-Tabs-panel--description active\">\n<p style=\"text-align: center;\">Model m\u00e1\u00a0<strong>169<\/strong>\u00a0cm vysok\u00fd, nos\u00ed ve\u013ekos\u0165 ka\u017ed\u00fd de\u0148\u00a0<strong>S<\/strong><\/p>\n<p style=\"text-align: center;\">\u0160\u00edrka cez prsia 92 cm<\/p>\n<p style=\"text-align: center;\">\u0160\u00edrka v p\u00e1se 62 cm<\/p>\n<p style=\"text-align: center;\">\u0160\u00edrka v bokoch 94 cm<\/p>\n<\/div>\n<\/div>\n<\/div>\n<section class=\"related products mb-80\"><\/section>\n<section class=\"page-product-box\">\n<div class=\"rte\">\n<p style=\"text-align: center;\">\n<\/div>\n<\/section>","protected":false},"excerpt":{"rendered":"<p>Elegantn\u00fd overal Polly p\u00fadrovo ru\u017eovej farby s r\u00e1zporkov\u00fdmi ruk\u00e1vmi je v na\u0161om obchode hitom. Nech v\u00e1s nikto neprejde \u013eahostajne. Overal m\u00e1 dlh\u00e9 nohavice a dlh\u00fd ruk\u00e1v s rozparkom, \u010do mu dod\u00e1va jedine\u010dn\u00fd vzh\u013ead. V p\u00e1se sa zap\u00edna na dva ozdobn\u00e9 zlat\u00e9 gomb\u00edky. Overal je zakon\u010den\u00fd bo\u010dn\u00fdm \u0161vom.<\/p>\n<div class=\"klb-readmore post-buttons\"><a class=\"button black outline size-sm\" href=\"https:\/\/madelinefashion.pl\/sk\/kombinezon-elegancki-z-rozcietym-rekawkiem-polly-pudrowy-roz\/\">\u010c\u00edta\u0165 \u010falej <i class=\"klbth-icon-right-arrow\"><\/i><\/a><\/div>","protected":false},"featured_media":83550,"template":"","meta":[],"product_brand":[],"product_cat":[80,395],"product_tag":[297],"class_list":{"0":"post-83567","1":"product","2":"type-product","3":"status-publish","4":"has-post-thumbnail","6":"product_cat-sukienki-i-kombinezony","7":"product_cat-nowosci","8":"product_tag-kombinezony","10":"first","11":"instock","12":"purchasable","13":"product-type-simple"},"_links":{"self":[{"href":"https:\/\/madelinefashion.pl\/sk\/wp-json\/wp\/v2\/product\/83567","targetHints":{"allow":["GET"]}}],"collection":[{"href":"https:\/\/madelinefashion.pl\/sk\/wp-json\/wp\/v2\/product"}],"about":[{"href":"https:\/\/madelinefashion.pl\/sk\/wp-json\/wp\/v2\/types\/product"}],"wp:featuredmedia":[{"embeddable":true,"href":"https:\/\/madelinefashion.pl\/sk\/wp-json\/wp\/v2\/media\/83550"}],"wp:attachment":[{"href":"https:\/\/madelinefashion.pl\/sk\/wp-json\/wp\/v2\/media?parent=83567"}],"wp:term":[{"taxonomy":"product_brand","embeddable":true,"href":"https:\/\/madelinefashion.pl\/sk\/wp-json\/wp\/v2\/product_brand?post=83567"},{"taxonomy":"product_cat","embeddable":true,"href":"https:\/\/madelinefashion.pl\/sk\/wp-json\/wp\/v2\/product_cat?post=83567"},{"taxonomy":"product_tag","embeddable":true,"href":"https:\/\/madelinefashion.pl\/sk\/wp-json\/wp\/v2\/product_tag?post=83567"}],"curies":[{"name":"pracovn\u00fd list","href":"https:\/\/api.w.org\/{rel}","templated":true}]}}

Elegantný overal s delenými rukávmi Polly Powder Pink

<h3 style="text-align: center;">Elegantný overal s delenými rukávmi Polly Powder Pink</h3>
<p style="text-align: center;"><span style="vertical-align: inherit;"><span style="vertical-align: inherit;"><strong>Elegantný overal s delenými rukávmi Polly Powder Pink</strong> je hitom v našom obchode. S</span><span style="vertical-align: inherit;">práva, ktoré okolo vás nikto ľahostajne neprejde.<strong> Oblek má dlhé nohy a</strong> dlhý rukáv s <strong>rezať</strong>. Vďaka tomu je oblek jedinečný. Na páse má dve zlaté ozdoby <strong>tlačidlá</strong>. Kombinéza sa zapína na boku <strong>zapínanie na zips</strong>. Vyrobené z materiálu príjemného na dotyk. c</span></span>odpor vytvára výnimočné <strong>styling</strong>, jednoducho stvorená na teplé jarné a letné dni. <strong>Budete potešení.</strong> Pohodlné nosenie v sofistikovanom štýle musí byť vo vašom šatníku. <strong>Štýlový a zároveň veľmi ženský overal Jedna veľkosť padne všetkým.</strong> Odporúča sa pre ženy, ktoré nosia veľ <strong>XS SML XL.</strong></p>
<p>&nbsp;</p>
<h3 style="text-align: center;"><span style="vertical-align: inherit;">Rozmery obleku:</span></h3>
<p align="center">Celková dĺžka - 138 cm<br />
Šírka v páse - 32 - 38 cm<br />
Šírka od pazuchy po pazuchu: 44-58 cm<br />
Dĺžka rukáva od ramena - 62 cm<br />
Dĺžka nohavíc - 95 cm</p>
<p style="text-align: center;"><span style="vertical-align: inherit;"><span style="vertical-align: inherit;">Rozmery sa môžu líšiť od uvedených +/- 2cm. </span><span style="vertical-align: inherit;">Všetky uvedené rozmery sú merané plošne.</span></span></p>
<h3 style="text-align: center;"><span style="vertical-align: inherit;"><span style="vertical-align: inherit;">Vlastnosti produktu:<br />
</span></span></h3>
<p style="text-align: center;">-elegantný<br />
- príjemný materiál<br />
- módny štýl<br />
- guma v páse<br />
- originál<br />
-ženský<br />
- s prestrihom na rukáve</p>
<p style="text-align: center;"><strong> </strong></p>
<table width="432">
<tbody>
<tr>
<td width="302">Meno modela</td>
<td width="302">Elegantný overal s polly s rozparkovaným rukávom</td>
</tr>
<tr>
<td width="302">Farba</td>
<td width="302">Púdrová ružová</td>
</tr>
<tr>
<td width="302">Zbierka</td>
<td width="302">Jar Leto Jeseň</td>
</tr>
<tr>
<td width="302">veľkosti</td>
<td width="302">Univerzálny</td>
</tr>
<tr>
<td width="302">Štiepenie</td>
<td width="302">Obálka</td>
</tr>
<tr>
<td width="302">Dĺžka</td>
<td width="302">maxi</td>
</tr>
<tr>
<td width="302">Materiál</td>
<td width="302">95% Polyester 5% Elastan</td>
</tr>
</tbody>
</table>
<div class="tabs tabs-bb clear mb-80">
<div class="tab-content">
<div id="tab-description" class="tab-pane fade in woocommerce-Tabs-panel--description active">
<p style="text-align: center;">Model má <strong>169</strong> cm vysoký, nosí veľkosť každý deň <strong>S</strong></p>
<p style="text-align: center;">Šírka cez prsia 92 cm</p>
<p style="text-align: center;">Šírka v páse 62 cm</p>
<p style="text-align: center;">Šírka v bokoch 94 cm</p>
</div>
</div>
</div>
<section class="related products mb-80"></section>
<section class="page-product-box">
<div class="rte">
<p style="text-align: center;">
</div>
</section>

<p>Elegantný overal Polly púdrovo ružovej farby s rázporkovými rukávmi je v našom obchode hitom. Nech vás nikto neprejde ľahostajne. Overal má dlhé nohavice a dlhý rukáv s rozparkom, čo mu dodáva jedinečný vzhľad. V páse sa zapína na dva ozdobné zlaté gombíky. Overal je zakončený bočným švom.</p>
<div class="klb-readmore post-buttons"><a class="button black outline size-sm" href="https://madelinefashion.pl/sk/kombinezon-elegancki-z-rozcietym-rekawkiem-polly-pudrowy-roz/">Čítať ďalej <i class="klbth-icon-right-arrow"></i></a></div>

pracovný list
