{"id":83641,"date":"2023-04-06T11:17:38","date_gmt":"2023-04-06T09:17:38","guid":{"rendered":"https:\/\/madelinefashion.pl\/?post_type=product&#038;p=83641"},"modified":"2026-04-22T23:21:26","modified_gmt":"2026-04-22T21:21:26","slug":"sukienka-dagna-maxi-butelkowa-zielen","status":"publish","type":"product","link":"https:\/\/madelinefashion.pl\/sk\/sukienka-dagna-maxi-butelkowa-zielen\/","title":{"rendered":"Dagna Maxi F\u013ea\u0161a na \u0161aty Zelen\u00e1"},"content":{"rendered":"<h3 style=\"text-align: center;\">Dagna Maxi F\u013ea\u0161a na \u0161aty Zelen\u00e1<\/h3>\n<p style=\"text-align: center;\">Kr\u00e1sne dlh\u00e9 <strong>ve\u010dern\u00e1 r\u00f3ba<\/strong>\u00a0zo vzdu\u0161n\u00e9ho materi\u00e1lu s \u010dipkovan\u00fdm topom zdoben\u00fdm n\u00e1dhernou v\u00fd\u0161ivkou a ozdobami v podobe trblietav\u00fdch kry\u0161t\u00e1lov. Kr\u00e1sne odha\u013euje \u017eensk\u00e9 tvary - spodn\u00e1 \u010das\u0165 \u0161iat je cel\u00e1 zo spl\u00fdvav\u00e9ho materi\u00e1lu. \u0160aty maj\u00fa v\u00fdstrih do V. V p\u00e1se s\u00fa z\u00fa\u017een\u00e9\u00a0<strong>dokonale zv\u00fdraz\u0148uje p\u00e1s<\/strong>.\u0160aty maj\u00fa vpredu v\u0161it\u00e9 ko\u0161\u00ed\u010dky, v\u010faka \u010domu nie je potrebn\u00e9 nosi\u0165 podprsenku. Tieto dlh\u00e9 \u0161aty plus size, vyroben\u00e9 a u\u0161it\u00e9 v Po\u013esku, s\u00fa perfektnou vo\u013ebou na svadobn\u00fa hostinu, svadbu alebo in\u00fa \u0161peci\u00e1lnu pr\u00edle\u017eitos\u0165. \u0160aty vo ve\u013ekosti 100% si splnia svoju \u00falohu perfektne \u2013 up\u00fataj\u00fa pozornos\u0165 host\u00ed a dodaj\u00fa im n\u00e1dych elegancie. <strong>v\u00fdnimo\u010dn\u00e9 sebavedomie<\/strong>.<br \/>\nDostupn\u00e9 vo ve\u013ekostiach 40, 42, 44, 46, 48, 50. Dostupn\u00e9 v na\u0161om e-shope, tak nev\u00e1hajte a vyberte si t\u00fa, ktor\u00e1 je pre v\u00e1s ako stvoren\u00e1. Ak sa neviete rozhodn\u00fa\u0165 ak\u00fa farbu, <strong>ve\u013ekos\u0165<\/strong>\u00a0je pre v\u00e1s to najlep\u0161ie\u00a0<strong>kontaktuj n\u00e1s<\/strong>\u00a0cez\u00a0<a href=\"https:\/\/www.facebook.com\/madelinefashionbutik\" target=\"_blank\" rel=\"noopener\">Facebook<\/a>\u00a0alebo\u00a0<a href=\"https:\/\/madelinefashion.pl\/sk\/kontakt\/\">telef\u00f3n<\/a>. Ak ve\u013ekos\u0165 nie je na str\u00e1nke, kontaktujte n\u00e1s.<\/p>\n<h3 style=\"text-align: center;\">ROZMERY \u0161iat:<\/h3>\n<p style=\"text-align: center;\"><span style=\"font-size: 10pt;\">\u00a0<\/span><\/p>\n<table width=\"556\">\n<tbody>\n<tr>\n<td><strong>VE\u013dKOS\u0164<\/strong><\/td>\n<td><strong>poprsia<\/strong><\/td>\n<td><strong>P\u00e1s<\/strong><\/td>\n<td><strong>Boky<\/strong><\/td>\n<\/tr>\n<tr>\n<td><strong>40<\/strong><\/td>\n<td>100-102<\/td>\n<td>88<\/td>\n<td>\u00a0ak\u00fdko\u013evek<\/td>\n<\/tr>\n<tr>\n<td><strong>42<\/strong><\/td>\n<td>104-106<\/td>\n<td>92<\/td>\n<td>\u00a0ak\u00fdko\u013evek<\/td>\n<\/tr>\n<tr>\n<td><strong>44<\/strong><\/td>\n<td>108-110<\/td>\n<td>96<\/td>\n<td>\u00a0ak\u00fdko\u013evek<\/td>\n<\/tr>\n<tr>\n<td><strong>46<\/strong><\/td>\n<td>110-114<\/td>\n<td>100<\/td>\n<td>\u00a0ak\u00fdko\u013evek<\/td>\n<\/tr>\n<tr>\n<td><strong>48<\/strong><\/td>\n<td>114-118<\/td>\n<td>106<\/td>\n<td>\u00a0ak\u00fdko\u013evek<\/td>\n<\/tr>\n<tr>\n<td><strong>50<\/strong><\/td>\n<td>118-120<\/td>\n<td>110<\/td>\n<td>\u00a0ak\u00fdko\u013evek<\/td>\n<\/tr>\n<\/tbody>\n<\/table>\n<p style=\"text-align: center;\"><span style=\"font-size: 10pt;\">celkov\u00e1 d\u013a\u017eka cca 157 cm\u00a0\u00a0<\/span><\/p>\n<p style=\"text-align: center;\"><span style=\"font-size: 10pt;\">\u0160aty s\u00fa dostupn\u00e9 aj v in\u00fdch farb\u00e1ch - odpor\u00fa\u010dame v\u00e1m zozn\u00e1mi\u0165 sa s na\u0161imi \u010fal\u0161\u00edmi produktmi.\u00a0<\/span><\/p>\n<p style=\"text-align: center;\"><span style=\"font-size: 10pt;\">Rozmery sa m\u00f4\u017eu mierne l\u00ed\u0161i\u0165 od uveden\u00fdch +\/- 2cm.\u00a0<\/span><\/p>\n<p style=\"text-align: center;\"><span style=\"font-size: 10pt;\"><strong>\u00a0<\/strong>\u00a0<\/span><\/p>\n<table width=\"616\">\n<tbody>\n<tr>\n<td width=\"302\">Meno modela<\/td>\n<td width=\"302\">\u0160aty Dagna Maxi<\/td>\n<\/tr>\n<tr>\n<td width=\"302\">Farba<\/td>\n<td width=\"302\">F\u013ea\u0161a zelen\u00e1<\/td>\n<\/tr>\n<tr>\n<td width=\"302\">Marka<\/td>\n<td width=\"302\">Madeline Fashion<\/td>\n<\/tr>\n<tr>\n<td width=\"302\">ve\u013ekosti<\/td>\n<td width=\"302\">\u00a040 42 44 46 48 50<\/td>\n<\/tr>\n<tr>\n<td width=\"302\">M\u00f3da<\/td>\n<td width=\"302\">Zhoda<\/td>\n<\/tr>\n<tr>\n<td width=\"302\">Materi\u00e1l<\/td>\n<td width=\"302\">Visk\u00f3za, polyester, bavlna<\/td>\n<\/tr>\n<tr>\n<td width=\"302\">D\u013a\u017eka<\/td>\n<td width=\"302\">Na zem<\/td>\n<\/tr>\n<\/tbody>\n<\/table>\n<p style=\"text-align: center;\"><span style=\"font-size: 10pt;\">\u00a0<\/span><\/p>\n<p>&nbsp;<\/p>\n<p style=\"text-align: center;\"><span style=\"font-size: 10pt;\">Aby ste si vybrali\u00a0<strong>perfektn\u00e9 \u0161aty<\/strong>\u00a0kontaktujte n\u00e1s telefonicky alebo prostredn\u00edctvom na\u0161ej webovej str\u00e1nky <a href=\"https:\/\/www.facebook.com\/madelinefashionbutik\" target=\"_blank\" rel=\"noopener\">Facebook<\/a> .<\/span><br \/>\n<span style=\"font-size: 10pt;\">N\u00e1\u0161 t\u00edm v\u00e1m pom\u00f4\u017ee\u00a0<strong>Vyberte si ten spr\u00e1vny<\/strong>\u00a0.\u00a0<strong>Na \u017eelanie kupuj\u00faceho vyrob\u00edme ak\u00e9ko\u013evek \u0161aty\u00a0<\/strong><strong>opatrne mera\u0165.\u00a0<\/strong><\/span><\/p>\n<div class=\"additional-details\">\n<p style=\"text-align: center;\"><span style=\"font-size: 10pt;\">\u00a0<\/span><\/p>\n<\/div>","protected":false},"excerpt":{"rendered":"<p>Maxi \u0161aty Dagna vo f\u013ea\u0161kovo zelenej farbe. Kr\u00e1sne dlh\u00e9 ve\u010dern\u00e9 \u0161aty zo vzdu\u0161n\u00e9ho materi\u00e1lu s \u010dipkovan\u00fdm \u017eiv\u00f4tikom zdoben\u00fdm n\u00e1dhernou v\u00fd\u0161ivkou a trblietav\u00fdmi kry\u0161t\u00e1lmi. Kr\u00e1sne zv\u00fdraz\u0148uj\u00fa \u017eensk\u00e9 krivky, pri\u010dom suk\u0148a je vyroben\u00e1 cel\u00e1 zo spl\u00fdvav\u00e9ho materi\u00e1lu. \u0160aty maj\u00fa v\u00fdstrih do V a v p\u00e1se s\u00fa z\u00fa\u017een\u00e9, aby kr\u00e1sne zv\u00fdraznili p\u00e1s. \u0160aty maj\u00fa vpredu v\u0161it\u00e9 ko\u0161\u00ed\u010dky.,<\/p>\n<div class=\"klb-readmore post-buttons\"><a class=\"button black outline size-sm\" href=\"https:\/\/madelinefashion.pl\/sk\/sukienka-dagna-maxi-butelkowa-zielen\/\">\u010c\u00edta\u0165 \u010falej <i class=\"klbth-icon-right-arrow\"><\/i><\/a><\/div>","protected":false},"featured_media":83635,"template":"","meta":[],"product_brand":[],"product_cat":[124,395,564,568],"product_tag":[257,385,163,535],"class_list":{"0":"post-83641","1":"product","2":"type-product","3":"status-publish","4":"has-post-thumbnail","6":"product_cat-sukienki-okolicznosciowe","7":"product_cat-nowosci","8":"product_cat-sukienki-plus-size","9":"product_cat-sukienki-rozkloszowane-szyfonowe","10":"product_tag-madelinefashion","11":"product_tag-plus-size","12":"product_tag-sukienki-dlugie","13":"product_tag-zielone-sukienki","15":"first","16":"instock","17":"purchasable","18":"product-type-variable"},"_links":{"self":[{"href":"https:\/\/madelinefashion.pl\/sk\/wp-json\/wp\/v2\/product\/83641","targetHints":{"allow":["GET"]}}],"collection":[{"href":"https:\/\/madelinefashion.pl\/sk\/wp-json\/wp\/v2\/product"}],"about":[{"href":"https:\/\/madelinefashion.pl\/sk\/wp-json\/wp\/v2\/types\/product"}],"wp:featuredmedia":[{"embeddable":true,"href":"https:\/\/madelinefashion.pl\/sk\/wp-json\/wp\/v2\/media\/83635"}],"wp:attachment":[{"href":"https:\/\/madelinefashion.pl\/sk\/wp-json\/wp\/v2\/media?parent=83641"}],"wp:term":[{"taxonomy":"product_brand","embeddable":true,"href":"https:\/\/madelinefashion.pl\/sk\/wp-json\/wp\/v2\/product_brand?post=83641"},{"taxonomy":"product_cat","embeddable":true,"href":"https:\/\/madelinefashion.pl\/sk\/wp-json\/wp\/v2\/product_cat?post=83641"},{"taxonomy":"product_tag","embeddable":true,"href":"https:\/\/madelinefashion.pl\/sk\/wp-json\/wp\/v2\/product_tag?post=83641"}],"curies":[{"name":"pracovn\u00fd list","href":"https:\/\/api.w.org\/{rel}","templated":true}]}}

Dagna Maxi Fľaša na šaty Zelená

<h3 style="text-align: center;">Dagna Maxi Fľaša na šaty Zelená</h3>
<p style="text-align: center;">Krásne dlhé <strong>večerná róba</strong> zo vzdušného materiálu s čipkovaným topom zdobeným nádhernou výšivkou a ozdobami v podobe trblietavých kryštálov. Krásne odhaľuje ženské tvary - spodná časť šiat je celá zo splývavého materiálu. Šaty majú výstrih do V. V páse sú zúžené <strong>dokonale zvýrazňuje pás</strong>.Šaty majú vpredu všité košíčky, vďaka čomu nie je potrebné nosiť podprsenku. Tieto dlhé šaty plus size, vyrobené a ušité v Poľsku, sú perfektnou voľbou na svadobnú hostinu, svadbu alebo inú špeciálnu príležitosť. Šaty vo veľkosti 100% si splnia svoju úlohu perfektne – upútajú pozornosť hostí a dodajú im nádych elegancie. <strong>výnimočné sebavedomie</strong>.<br />
Dostupné vo veľkostiach 40, 42, 44, 46, 48, 50. Dostupné v našom e-shope, tak neváhajte a vyberte si tú, ktorá je pre vás ako stvorená. Ak sa neviete rozhodnúť akú farbu, <strong>veľkosť</strong> je pre vás to najlepšie <strong>kontaktuj nás</strong> cez <a href="https://www.facebook.com/madelinefashionbutik" target="_blank" rel="noopener">Facebook</a> alebo <a href="https://madelinefashion.pl/sk/kontakt/">telefón</a>. Ak veľkosť nie je na stránke, kontaktujte nás.</p>
<h3 style="text-align: center;">ROZMERY šiat:</h3>
<p style="text-align: center;"><span style="font-size: 10pt;"> </span></p>
<table width="556">
<tbody>
<tr>
<td><strong>VEĽKOSŤ</strong></td>
<td><strong>poprsia</strong></td>
<td><strong>Pás</strong></td>
<td><strong>Boky</strong></td>
</tr>
<tr>
<td><strong>40</strong></td>
<td>100-102</td>
<td>88</td>
<td> akýkoľvek</td>
</tr>
<tr>
<td><strong>42</strong></td>
<td>104-106</td>
<td>92</td>
<td> akýkoľvek</td>
</tr>
<tr>
<td><strong>44</strong></td>
<td>108-110</td>
<td>96</td>
<td> akýkoľvek</td>
</tr>
<tr>
<td><strong>46</strong></td>
<td>110-114</td>
<td>100</td>
<td> akýkoľvek</td>
</tr>
<tr>
<td><strong>48</strong></td>
<td>114-118</td>
<td>106</td>
<td> akýkoľvek</td>
</tr>
<tr>
<td><strong>50</strong></td>
<td>118-120</td>
<td>110</td>
<td> akýkoľvek</td>
</tr>
</tbody>
</table>
<p style="text-align: center;"><span style="font-size: 10pt;">celková dĺžka cca 157 cm  </span></p>
<p style="text-align: center;"><span style="font-size: 10pt;">Šaty sú dostupné aj v iných farbách - odporúčame vám zoznámiť sa s našimi ďalšími produktmi. </span></p>
<p style="text-align: center;"><span style="font-size: 10pt;">Rozmery sa môžu mierne líšiť od uvedených +/- 2cm. </span></p>
<p style="text-align: center;"><span style="font-size: 10pt;"><strong> </strong> </span></p>
<table width="616">
<tbody>
<tr>
<td width="302">Meno modela</td>
<td width="302">Šaty Dagna Maxi</td>
</tr>
<tr>
<td width="302">Farba</td>
<td width="302">Fľaša zelená</td>
</tr>
<tr>
<td width="302">Marka</td>
<td width="302">Madeline Fashion</td>
</tr>
<tr>
<td width="302">veľkosti</td>
<td width="302"> 40 42 44 46 48 50</td>
</tr>
<tr>
<td width="302">Móda</td>
<td width="302">Zhoda</td>
</tr>
<tr>
<td width="302">Materiál</td>
<td width="302">Viskóza, polyester, bavlna</td>
</tr>
<tr>
<td width="302">Dĺžka</td>
<td width="302">Na zem</td>
</tr>
</tbody>
</table>
<p style="text-align: center;"><span style="font-size: 10pt;"> </span></p>
<p>&nbsp;</p>
<p style="text-align: center;"><span style="font-size: 10pt;">Aby ste si vybrali <strong>perfektné šaty</strong> kontaktujte nás telefonicky alebo prostredníctvom našej webovej stránky <a href="https://www.facebook.com/madelinefashionbutik" target="_blank" rel="noopener">Facebook</a> .</span><br />
<span style="font-size: 10pt;">Náš tím vám pomôže <strong>Vyberte si ten správny</strong> . <strong>Na želanie kupujúceho vyrobíme akékoľvek šaty </strong><strong>opatrne merať. </strong></span></p>
<div class="additional-details">
<p style="text-align: center;"><span style="font-size: 10pt;"> </span></p>
</div>

<p>Maxi šaty Dagna vo fľaškovo zelenej farbe. Krásne dlhé večerné šaty zo vzdušného materiálu s čipkovaným živôtikom zdobeným nádhernou výšivkou a trblietavými kryštálmi. Krásne zvýrazňujú ženské krivky, pričom sukňa je vyrobená celá zo splývavého materiálu. Šaty majú výstrih do V a v páse sú zúžené, aby krásne zvýraznili pás. Šaty majú vpredu všité košíčky.,</p>
<div class="klb-readmore post-buttons"><a class="button black outline size-sm" href="https://madelinefashion.pl/sk/sukienka-dagna-maxi-butelkowa-zielen/">Čítať ďalej <i class="klbth-icon-right-arrow"></i></a></div>

pracovný list
