{"id":83658,"date":"2023-04-06T14:33:27","date_gmt":"2023-04-06T12:33:27","guid":{"rendered":"https:\/\/madelinefashion.pl\/?post_type=product&#038;p=83658"},"modified":"2026-03-05T16:59:04","modified_gmt":"2026-03-05T15:59:04","slug":"kamizelka-futrzana-dziecieca-szara-mis","status":"publish","type":"product","link":"https:\/\/madelinefashion.pl\/sk\/kamizelka-futrzana-dziecieca-szara-mis\/","title":{"rendered":"Detsk\u00e1 ko\u017eu\u0161inov\u00e1 vesta Gray Bear"},"content":{"rendered":"<h3 style=\"text-align: center;\">Detsk\u00e1 ko\u017eu\u0161inov\u00e1 vesta Gray Bear<\/h3>\n<p style=\"text-align: center;\"><strong>Ko\u017eu\u0161inov\u00e1 vesta\u00a0 <\/strong>je najm\u00f3dnej\u0161\u00ed strih tejto sez\u00f3ny. Vesta z umelej ko\u017eu\u0161iny. Nezvy\u010dajne <strong>tepl\u00e9 a pr\u00edjemn\u00e9 na dotyk<\/strong>. Vesta s <strong>srs\u0165<\/strong> vhodn\u00e9 na chladnej\u0161ie dni k \u0161at\u00e1m, tepl\u00e1kom, na ak\u00fako\u013evek pr\u00edle\u017eitos\u0165. Vo vn\u00fatri je pod\u0161it\u00e1 ko\u017eu\u0161inovou pod\u0161\u00edvkou <a href=\"https:\/\/madelinefashion.pl\/sk\/swetry\/swetry-damskie\/\"><strong>svetre<\/strong><\/a>, <a href=\"https:\/\/madelinefashion.pl\/sk\/swetry\/kardigany-damskie\/\">vesty<\/a> a predov\u0161etk\u00fdm je to ide\u00e1lny n\u00e1vrh na nosenie pri v\u0161etk\u00fdch pr\u00edle\u017eitostiach <strong><a href=\"https:\/\/madelinefashion.pl\/sk\/kurtki-i-plaszcze\/kurtki\/\">bundy<\/a><\/strong>. je to? <strong>najm\u00f3dnej\u0161\u00ed \u0161t\u00fdl tejto sez\u00f3ny<\/strong> \u2013 na tvorenie v\u00e1m posta\u010d\u00ed jedna z na\u0161ich viest vo va\u0161om \u0161atn\u00edku <strong>nad\u010dasov\u00e9 \u0161t\u00fdly<\/strong>. Je to bestseller <strong>ponuka na ka\u017ed\u00fa pr\u00edle\u017eitos\u0165<\/strong>. Najm\u00f3dnej\u0161\u00ed hit sez\u00f3ny a absol\u00fatne <strong>mus\u00ed ma\u0165 v diev\u010denskom \u0161atn\u00edku,<\/strong>\u00a0ktor\u00e9 v\u00e1m pom\u00f4\u017eu vytvori\u0165 <strong>le\u017e\u00e9rny vzh\u013ead<\/strong> a dopln\u00ed mnoh\u00e9 p\u00f4sobiv\u00e9 \u0161tyliz\u00e1cie jesene a skorej jari. Ur\u010dite sa presved\u010d\u00edte, ko\u013eko d\u00e1 jedna vec v \u0161atn\u00edku. \u00da\u017easn\u00e1 kvalita za najlep\u0161iu cenu!<\/p>\n<h3 style=\"text-align: center;\">Rozmery vesty:<\/h3>\n<p style=\"text-align: center;\"><strong>6 rokov<\/strong><br \/>\nCelkov\u00e1 predn\u00e1 d\u013a\u017eka - 54 cm<br \/>\nCelkov\u00e1 d\u013a\u017eka chrbta - 51 cm<br \/>\n\u0160\u00edrka v p\u00e1se - 35 cm<br \/>\n\u0160\u00edrka od pazuchy po pazuchu 31 cm<\/p>\n<p style=\"text-align: center;\"><b>8 rokov<br \/>\n<\/b>Celkov\u00e1 predn\u00e1 d\u013a\u017eka - 58 cm<br \/>\nCelkov\u00e1 d\u013a\u017eka chrbta - 51 cm<br \/>\n\u0160\u00edrka v p\u00e1se - 37 cm<br \/>\n\u0160\u00edrka od pazuchy po pazuchu 33 cm<\/p>\n<p style=\"text-align: center;\"><b>10 rokov<br \/>\n<\/b>Celkov\u00e1 predn\u00e1 d\u013a\u017eka - 60 cm<br \/>\nCelkov\u00e1 d\u013a\u017eka chrbta - 52 cm<br \/>\n\u0160\u00edrka v p\u00e1se - 39 cm<br \/>\n\u0160\u00edrka od pazuchy po pazuchu 35 cm<\/p>\n<p style=\"text-align: center;\"><b>14 rokov<br \/>\n<\/b>Celkov\u00e1 predn\u00e1 d\u013a\u017eka - 65 cm<br \/>\nCelkov\u00e1 d\u013a\u017eka chrbta - 60 cm<br \/>\n\u0160\u00edrka v p\u00e1se - 40 cm<br \/>\n\u0160\u00edrka od pazuchy po pazuchu 37 cm<b><br \/>\n<\/b><\/p>\n<p style=\"text-align: center;\">Rozmery sa m\u00f4\u017eu mierne l\u00ed\u0161i\u0165 od uveden\u00fdch +\/- 2cm. V\u0161etky uveden\u00e9 rozmery s\u00fa meran\u00e9 plo\u0161ne.<\/p>\n<p style=\"text-align: center;\"><strong>Dokonale sa prisp\u00f4sob\u00ed ka\u017edej postave<\/strong><\/p>\n<table width=\"434\">\n<tbody>\n<tr>\n<td width=\"302\">Meno modela<\/td>\n<td width=\"302\">Detsk\u00e1 ko\u017eu\u0161inov\u00e1 vesta Teddy Bear<\/td>\n<\/tr>\n<tr>\n<td width=\"302\">Farba<\/td>\n<td width=\"302\">\u0160ed\u00e1<\/td>\n<\/tr>\n<tr>\n<td width=\"302\">Zbierka<\/td>\n<td width=\"302\">\u00a0JAR\/JESE\u0147\/ZIMA<\/td>\n<\/tr>\n<tr>\n<td width=\"302\">Ve\u013ekos\u0165<\/td>\n<td width=\"302\">6\/8\/10\/14 rokov<\/td>\n<\/tr>\n<tr>\n<td width=\"302\">M\u00f3da<\/td>\n<td width=\"302\">nadrozmern\u00e9<\/td>\n<\/tr>\n<tr>\n<td width=\"302\">Hood<\/td>\n<td width=\"302\">Nie<\/td>\n<\/tr>\n<tr>\n<td width=\"302\">Otep\u013eovanie<\/td>\n<td width=\"302\">Pod\u0161\u00edvka<\/td>\n<\/tr>\n<tr>\n<td width=\"302\">Materi\u00e1l<\/td>\n<td width=\"302\">Polyester 100%<\/td>\n<\/tr>\n<\/tbody>\n<\/table>\n<p>&nbsp;<\/p>\n<p>&nbsp;<\/p>\n<p style=\"text-align: center;\">","protected":false},"excerpt":{"rendered":"<p>Detsk\u00e1 siv\u00e1 ko\u017eu\u0161inov\u00e1 vesta s medved\u00edkom T\u00e1to ko\u017eu\u0161inov\u00e1 vesta je najhor\u00facej\u0161\u00edm \u0161t\u00fdlom tejto sez\u00f3ny. Vyroben\u00e1 z umelej ko\u017eu\u0161iny, je neuverite\u013ene tepl\u00e1 a m\u00e4kk\u00e1 na dotyk. T\u00e1to ko\u017eu\u0161inov\u00e1 vesta je ide\u00e1lna na chladnej\u0161ie dni, v kombin\u00e1cii so \u0161atami alebo tepl\u00e1kovou s\u00fapravou, alebo na ak\u00fako\u013evek pr\u00edle\u017eitos\u0165. Vn\u00fatro je pod\u0161it\u00e9. T\u00e1to ko\u017eu\u0161inov\u00e1 vesta sa tie\u017e perfektne hod\u00ed k svetrom, kardiganom a \u010fal\u0161\u00edm veciam.<\/p>\n<div class=\"klb-readmore post-buttons\"><a class=\"button black outline size-sm\" href=\"https:\/\/madelinefashion.pl\/sk\/kamizelka-futrzana-dziecieca-szara-mis\/\">\u010c\u00edta\u0165 \u010falej <i class=\"klbth-icon-right-arrow\"><\/i><\/a><\/div>","protected":false},"featured_media":83669,"template":"","meta":[],"product_brand":[],"product_cat":[79],"product_tag":[160],"class_list":{"0":"post-83658","1":"product","2":"type-product","3":"status-publish","4":"has-post-thumbnail","6":"product_cat-kamizelki","7":"product_tag-kamizelki-futrzane","9":"first","10":"instock","11":"sale","12":"purchasable","13":"product-type-variable"},"_links":{"self":[{"href":"https:\/\/madelinefashion.pl\/sk\/wp-json\/wp\/v2\/product\/83658","targetHints":{"allow":["GET"]}}],"collection":[{"href":"https:\/\/madelinefashion.pl\/sk\/wp-json\/wp\/v2\/product"}],"about":[{"href":"https:\/\/madelinefashion.pl\/sk\/wp-json\/wp\/v2\/types\/product"}],"wp:featuredmedia":[{"embeddable":true,"href":"https:\/\/madelinefashion.pl\/sk\/wp-json\/wp\/v2\/media\/83669"}],"wp:attachment":[{"href":"https:\/\/madelinefashion.pl\/sk\/wp-json\/wp\/v2\/media?parent=83658"}],"wp:term":[{"taxonomy":"product_brand","embeddable":true,"href":"https:\/\/madelinefashion.pl\/sk\/wp-json\/wp\/v2\/product_brand?post=83658"},{"taxonomy":"product_cat","embeddable":true,"href":"https:\/\/madelinefashion.pl\/sk\/wp-json\/wp\/v2\/product_cat?post=83658"},{"taxonomy":"product_tag","embeddable":true,"href":"https:\/\/madelinefashion.pl\/sk\/wp-json\/wp\/v2\/product_tag?post=83658"}],"curies":[{"name":"pracovn\u00fd list","href":"https:\/\/api.w.org\/{rel}","templated":true}]}}

Detská kožušinová vesta Gray Bear

<h3 style="text-align: center;">Detská kožušinová vesta Gray Bear</h3>
<p style="text-align: center;"><strong>Kožušinová vesta  </strong>je najmódnejší strih tejto sezóny. Vesta z umelej kožušiny. Nezvyčajne <strong>teplé a príjemné na dotyk</strong>. Vesta s <strong>srsť</strong> vhodné na chladnejšie dni k šatám, teplákom, na akúkoľvek príležitosť. Vo vnútri je podšitá kožušinovou podšívkou <a href="https://madelinefashion.pl/sk/swetry/swetry-damskie/"><strong>svetre</strong></a>, <a href="https://madelinefashion.pl/sk/swetry/kardigany-damskie/">vesty</a> a predovšetkým je to ideálny návrh na nosenie pri všetkých príležitostiach <strong><a href="https://madelinefashion.pl/sk/kurtki-i-plaszcze/kurtki/">bundy</a></strong>. je to? <strong>najmódnejší štýl tejto sezóny</strong> – na tvorenie vám postačí jedna z našich viest vo vašom šatníku <strong>nadčasové štýly</strong>. Je to bestseller <strong>ponuka na každú príležitosť</strong>. Najmódnejší hit sezóny a absolútne <strong>musí mať v dievčenskom šatníku,</strong> ktoré vám pomôžu vytvoriť <strong>ležérny vzhľad</strong> a doplní mnohé pôsobivé štylizácie jesene a skorej jari. Určite sa presvedčíte, koľko dá jedna vec v šatníku. Úžasná kvalita za najlepšiu cenu!</p>
<h3 style="text-align: center;">Rozmery vesty:</h3>
<p style="text-align: center;"><strong>6 rokov</strong><br />
Celková predná dĺžka - 54 cm<br />
Celková dĺžka chrbta - 51 cm<br />
Šírka v páse - 35 cm<br />
Šírka od pazuchy po pazuchu 31 cm</p>
<p style="text-align: center;"><b>8 rokov<br />
</b>Celková predná dĺžka - 58 cm<br />
Celková dĺžka chrbta - 51 cm<br />
Šírka v páse - 37 cm<br />
Šírka od pazuchy po pazuchu 33 cm</p>
<p style="text-align: center;"><b>10 rokov<br />
</b>Celková predná dĺžka - 60 cm<br />
Celková dĺžka chrbta - 52 cm<br />
Šírka v páse - 39 cm<br />
Šírka od pazuchy po pazuchu 35 cm</p>
<p style="text-align: center;"><b>14 rokov<br />
</b>Celková predná dĺžka - 65 cm<br />
Celková dĺžka chrbta - 60 cm<br />
Šírka v páse - 40 cm<br />
Šírka od pazuchy po pazuchu 37 cm<b><br />
</b></p>
<p style="text-align: center;">Rozmery sa môžu mierne líšiť od uvedených +/- 2cm. Všetky uvedené rozmery sú merané plošne.</p>
<p style="text-align: center;"><strong>Dokonale sa prispôsobí každej postave</strong></p>
<table width="434">
<tbody>
<tr>
<td width="302">Meno modela</td>
<td width="302">Detská kožušinová vesta Teddy Bear</td>
</tr>
<tr>
<td width="302">Farba</td>
<td width="302">Šedá</td>
</tr>
<tr>
<td width="302">Zbierka</td>
<td width="302"> JAR/JESEŇ/ZIMA</td>
</tr>
<tr>
<td width="302">Veľkosť</td>
<td width="302">6/8/10/14 rokov</td>
</tr>
<tr>
<td width="302">Móda</td>
<td width="302">nadrozmerné</td>
</tr>
<tr>
<td width="302">Hood</td>
<td width="302">Nie</td>
</tr>
<tr>
<td width="302">Otepľovanie</td>
<td width="302">Podšívka</td>
</tr>
<tr>
<td width="302">Materiál</td>
<td width="302">Polyester 100%</td>
</tr>
</tbody>
</table>
<p>&nbsp;</p>
<p>&nbsp;</p>
<p style="text-align: center;">

<p>Detská sivá kožušinová vesta s medvedíkom Táto kožušinová vesta je najhorúcejším štýlom tejto sezóny. Vyrobená z umelej kožušiny, je neuveriteľne teplá a mäkká na dotyk. Táto kožušinová vesta je ideálna na chladnejšie dni, v kombinácii so šatami alebo teplákovou súpravou, alebo na akúkoľvek príležitosť. Vnútro je podšité. Táto kožušinová vesta sa tiež perfektne hodí k svetrom, kardiganom a ďalším veciam.</p>
<div class="klb-readmore post-buttons"><a class="button black outline size-sm" href="https://madelinefashion.pl/sk/kamizelka-futrzana-dziecieca-szara-mis/">Čítať ďalej <i class="klbth-icon-right-arrow"></i></a></div>

pracovný list
