{"id":84929,"date":"2023-04-20T11:58:41","date_gmt":"2023-04-20T09:58:41","guid":{"rendered":"https:\/\/madelinefashion.pl\/?post_type=product&#038;p=84929"},"modified":"2026-01-20T10:33:33","modified_gmt":"2026-01-20T09:33:33","slug":"sukienka-koszulowa-z-paskiem-karsea-czarna","status":"publish","type":"product","link":"https:\/\/madelinefashion.pl\/sk\/sukienka-koszulowa-z-paskiem-karsea-czarna\/","title":{"rendered":"\u010cierne ko\u0161e\u013eov\u00e9 \u0161aty Karsea s opaskom"},"content":{"rendered":"<h3 style=\"text-align: center;\">\u010cierne ko\u0161e\u013eov\u00e9 \u0161aty Karsea s opaskom<\/h3>\n<p style=\"text-align: center;\">Ko\u0161e\u013eov\u00e9 \u0161aty s\u00fa skvelou vo\u013ebou, ak chcete vytvori\u0165 elegantnej\u0161\u00ed \u0161t\u00fdl. K \u0161at\u00e1m je opasok na gumi\u010dke s ozdobnou zlatou prackou. \u0160aty sa zap\u00ednaj\u00fa na mal\u00e9 gomb\u00edky, ktor\u00fdmi si nastav\u00edte h\u013abku v\u00fdstrihu. Dlh\u00fd ruk\u00e1v \u0161iat znamen\u00e1, \u017ee ich vyu\u017eijete aj v chladnej\u0161\u00edch d\u0148och. Na konci ruk\u00e1vov m\u00e1 man\u017eetu. V\u00fdstrih \u0161iat bol ukon\u010den\u00fd golierom. \u0160aty s \u00faspechom vyu\u017eijete vo form\u00e1lnych \u0161tyliz\u00e1ci\u00e1ch. Jeho zauj\u00edmav\u00fd strih nielen zamaskuje nedokonalosti, ale dokonale zv\u00fdrazn\u00ed l\u00fdtka \u010di poprsie. \u0160aty s\u00fa z pr\u00edjemn\u00e9ho, mierne stre\u010dov\u00e9ho materi\u00e1lu. Na pracovn\u00fd obed alebo do pr\u00e1ce ju k nej zla\u010fte <a href=\"https:\/\/madelinefashion.pl\/sk\/product-tag\/szpilki\/\">\u0161tekle<\/a>. Na stretnutie s priate\u013emi si obujte tenisky resp <a href=\"https:\/\/madelinefashion.pl\/sk\/product-tag\/botki\/\">dupa\u010dky.<\/a><\/p>\n<h3 style=\"text-align: center;\">\u00a0 \u00a0 \u00a0Rozmery:<\/h3>\n<ul>\n<li style=\"list-style-type: none;\">\n<ul>\n<li style=\"text-align: center;\">celkov\u00e1 predn\u00e1 d\u013a\u017eka: 78 cm<br \/>\ncelkov\u00e1 d\u013a\u017eka chrbta: 100 cm<\/li>\n<li style=\"text-align: center;\">\u0161\u00edrka od pazuchy po pazuchu: 47-50 cm<br \/>\nd\u013a\u017eka ruk\u00e1va od ramena: 59 cm<\/li>\n<li style=\"text-align: center;\">d\u013a\u017eka ruk\u00e1va od podpazu\u0161ia: 44 cm<br \/>\np\u00e1s 35-43 cm<br \/>\n\u0161\u00edrka p\u00e1su: 70-110 cm<\/li>\n<li><\/li>\n<li style=\"text-align: center;\">Rozmery sa m\u00f4\u017eu mierne l\u00ed\u0161i\u0165 od uveden\u00fdch +\/- 2cm. V\u0161etky uveden\u00e9 rozmery s\u00fa meran\u00e9 plo\u0161ne.<\/li>\n<\/ul>\n<\/li>\n<\/ul>\n<table style=\"height: 288px;\" width=\"432\">\n<tbody>\n<tr>\n<td>Meno modela<\/td>\n<td>\n<p style=\"text-align: left;\">Ko\u0161e\u013eov\u00e9 \u0161aty s opaskom Karsea<\/p>\n<\/td>\n<\/tr>\n<tr>\n<td>Farba<\/td>\n<td>\u010dierna<\/td>\n<\/tr>\n<tr>\n<td>Zbierka<\/td>\n<td>Jar leto jese\u0148 zima<\/td>\n<\/tr>\n<tr>\n<td>Ve\u013ekos\u0165<\/td>\n<td>Univerz\u00e1lny<\/td>\n<\/tr>\n<tr>\n<td>M\u00f3da<\/td>\n<td>nadrozmern\u00e9<\/td>\n<\/tr>\n<tr>\n<td>zap\u00ednanie<\/td>\n<td>tla\u010didl\u00e1<\/td>\n<\/tr>\n<tr>\n<td>Zlo\u017eenie materi\u00e1lov<\/td>\n<td>95% Polyester 5% Elastan<\/td>\n<\/tr>\n<\/tbody>\n<\/table>\n<p style=\"text-align: center;\">Model m\u00e1\u00a0<strong>169<\/strong>\u00a0cm vysok\u00fd, nos\u00ed ve\u013ekos\u0165 ka\u017ed\u00fd de\u0148\u00a0<strong>S<\/strong><\/p>\n<p style=\"text-align: center;\">\u0160\u00edrka cez prsia 92 cm<\/p>\n<p style=\"text-align: center;\">\u0160\u00edrka v p\u00e1se 62 cm<\/p>\n<p style=\"text-align: center;\">\u0160\u00edrka v bokoch 94 cm<\/p>\n<p style=\"text-align: center;\"><strong>\u00a0<\/strong><\/p>","protected":false},"excerpt":{"rendered":"<p>Sukienka Koszulowa z Paskiem Karsea Czarna Koszulowa sukienka to doskona\u0142y wyb\u00f3r je\u015bli chcesz stworzy\u0107 bardziej eleganck\u0105 stylizacj\u0119. Do sukienki zosta\u0142 do\u0142\u0105czony pasek na gumce z ozdobn\u0105, z\u0142ot\u0105 klamr\u0105.\u00a0 Sukienka zapinana jest na drobne guziczki, za pomoc\u0105 kt\u00f3rych mo\u017cesz regulowa\u0107 g\u0142\u0119boko\u015b\u0107 dekoltu. D\u0142ugi r\u0119kaw sukienki sprawia, \u017ce wykorzystasz j\u0105 r\u00f3wnie\u017c w ch\u0142odniejszych dniach. Na zako\u0144czeniu r\u0119kaw\u00f3w<\/p>\n<div class=\"klb-readmore post-buttons\"><a class=\"button black outline size-sm\" href=\"https:\/\/madelinefashion.pl\/sk\/sukienka-koszulowa-z-paskiem-karsea-czarna\/\">\u010c\u00edta\u0165 \u010falej <i class=\"klbth-icon-right-arrow\"><\/i><\/a><\/div>","protected":false},"featured_media":84910,"template":"","meta":[],"product_brand":[],"product_cat":[92,125],"product_tag":[213,414],"class_list":{"0":"post-84929","1":"product","2":"type-product","3":"status-publish","4":"has-post-thumbnail","6":"product_cat-koszule","7":"product_cat-sukienki","8":"product_tag-sukienka-czarna","9":"product_tag-koszule","11":"first","12":"instock","13":"sale","14":"purchasable","15":"product-type-simple"},"_links":{"self":[{"href":"https:\/\/madelinefashion.pl\/sk\/wp-json\/wp\/v2\/product\/84929","targetHints":{"allow":["GET"]}}],"collection":[{"href":"https:\/\/madelinefashion.pl\/sk\/wp-json\/wp\/v2\/product"}],"about":[{"href":"https:\/\/madelinefashion.pl\/sk\/wp-json\/wp\/v2\/types\/product"}],"wp:featuredmedia":[{"embeddable":true,"href":"https:\/\/madelinefashion.pl\/sk\/wp-json\/wp\/v2\/media\/84910"}],"wp:attachment":[{"href":"https:\/\/madelinefashion.pl\/sk\/wp-json\/wp\/v2\/media?parent=84929"}],"wp:term":[{"taxonomy":"product_brand","embeddable":true,"href":"https:\/\/madelinefashion.pl\/sk\/wp-json\/wp\/v2\/product_brand?post=84929"},{"taxonomy":"product_cat","embeddable":true,"href":"https:\/\/madelinefashion.pl\/sk\/wp-json\/wp\/v2\/product_cat?post=84929"},{"taxonomy":"product_tag","embeddable":true,"href":"https:\/\/madelinefashion.pl\/sk\/wp-json\/wp\/v2\/product_tag?post=84929"}],"curies":[{"name":"pracovn\u00fd list","href":"https:\/\/api.w.org\/{rel}","templated":true}]}}

Čierne košeľové šaty Karsea s opaskom

<h3 style="text-align: center;">Čierne košeľové šaty Karsea s opaskom</h3>
<p style="text-align: center;">Košeľové šaty sú skvelou voľbou, ak chcete vytvoriť elegantnejší štýl. K šatám je opasok na gumičke s ozdobnou zlatou prackou. Šaty sa zapínajú na malé gombíky, ktorými si nastavíte hĺbku výstrihu. Dlhý rukáv šiat znamená, že ich využijete aj v chladnejších dňoch. Na konci rukávov má manžetu. Výstrih šiat bol ukončený golierom. Šaty s úspechom využijete vo formálnych štylizáciách. Jeho zaujímavý strih nielen zamaskuje nedokonalosti, ale dokonale zvýrazní lýtka či poprsie. Šaty sú z príjemného, mierne strečového materiálu. Na pracovný obed alebo do práce ju k nej zlaďte <a href="https://madelinefashion.pl/sk/product-tag/szpilki/">štekle</a>. Na stretnutie s priateľmi si obujte tenisky resp <a href="https://madelinefashion.pl/sk/product-tag/botki/">dupačky.</a></p>
<h3 style="text-align: center;">     Rozmery:</h3>
<ul>
<li style="list-style-type: none;">
<ul>
<li style="text-align: center;">celková predná dĺžka: 78 cm<br />
celková dĺžka chrbta: 100 cm</li>
<li style="text-align: center;">šírka od pazuchy po pazuchu: 47-50 cm<br />
dĺžka rukáva od ramena: 59 cm</li>
<li style="text-align: center;">dĺžka rukáva od podpazušia: 44 cm<br />
pás 35-43 cm<br />
šírka pásu: 70-110 cm</li>
<li></li>
<li style="text-align: center;">Rozmery sa môžu mierne líšiť od uvedených +/- 2cm. Všetky uvedené rozmery sú merané plošne.</li>
</ul>
</li>
</ul>
<table style="height: 288px;" width="432">
<tbody>
<tr>
<td>Meno modela</td>
<td>
<p style="text-align: left;">Košeľové šaty s opaskom Karsea</p>
</td>
</tr>
<tr>
<td>Farba</td>
<td>čierna</td>
</tr>
<tr>
<td>Zbierka</td>
<td>Jar leto jeseň zima</td>
</tr>
<tr>
<td>Veľkosť</td>
<td>Univerzálny</td>
</tr>
<tr>
<td>Móda</td>
<td>nadrozmerné</td>
</tr>
<tr>
<td>zapínanie</td>
<td>tlačidlá</td>
</tr>
<tr>
<td>Zloženie materiálov</td>
<td>95% Polyester 5% Elastan</td>
</tr>
</tbody>
</table>
<p style="text-align: center;">Model má <strong>169</strong> cm vysoký, nosí veľkosť každý deň <strong>S</strong></p>
<p style="text-align: center;">Šírka cez prsia 92 cm</p>
<p style="text-align: center;">Šírka v páse 62 cm</p>
<p style="text-align: center;">Šírka v bokoch 94 cm</p>
<p style="text-align: center;"><strong> </strong></p>

<p>Sukienka Koszulowa z Paskiem Karsea Czarna Koszulowa sukienka to doskonały wybór jeśli chcesz stworzyć bardziej elegancką stylizację. Do sukienki został dołączony pasek na gumce z ozdobną, złotą klamrą.  Sukienka zapinana jest na drobne guziczki, za pomocą których możesz regulować głębokość dekoltu. Długi rękaw sukienki sprawia, że wykorzystasz ją również w chłodniejszych dniach. Na zakończeniu rękawów</p>
<div class="klb-readmore post-buttons"><a class="button black outline size-sm" href="https://madelinefashion.pl/sk/sukienka-koszulowa-z-paskiem-karsea-czarna/">Čítať ďalej <i class="klbth-icon-right-arrow"></i></a></div>

pracovný list
