{"id":85160,"date":"2023-04-20T16:30:22","date_gmt":"2023-04-20T14:30:22","guid":{"rendered":"https:\/\/madelinefashion.pl\/?post_type=product&#038;p=85160"},"modified":"2023-04-20T16:36:06","modified_gmt":"2023-04-20T14:36:06","slug":"komplet-szyfonowy-w-kwiaty-czarny-multicolor-top-i-spodniczka-jeanne","status":"publish","type":"product","link":"https:\/\/madelinefashion.pl\/sk\/komplet-szyfonowy-w-kwiaty-czarny-multicolor-top-i-spodniczka-jeanne\/","title":{"rendered":"Kvetinov\u00fd \u0161if\u00f3nov\u00fd set \u010dierny viacfarebn\u00fd Jeanne top a suk\u0148a"},"content":{"rendered":"<h3 style=\"text-align: center;\">Kvetinov\u00fd \u0161if\u00f3nov\u00fd set \u010dierny viacfarebn\u00fd Jeanne top a suk\u0148a<\/h3>\n<p style=\"text-align: center;\"><span style=\"vertical-align: inherit;\"><span style=\"vertical-align: inherit;\">Kr\u00e1sna d\u00e1mska s\u00faprava zo \u0161if\u00f3nu: top s hlbok\u00fdm v\u00fdstrihom a v\u00fdrazn\u00fdm zav\u00e4zovan\u00edm s kr\u00e1snou kvetinovou potla\u010dou. Tento \u0161t\u00fdl sa vyzna\u010duje vzdu\u0161n\u00fdm pocitom. Je ide\u00e1lny na tepl\u00e9 letn\u00e9 dni, ide\u00e1lny na ka\u017edodenn\u00e9 nosenie aj \u0161peci\u00e1lne pr\u00edle\u017eitosti. Top so zav\u00e4zovan\u00edm zais\u0165uje \u00fa\u017easne lichotiv\u00fd strih.<\/span><\/span><br \/>\n<span style=\"vertical-align: inherit;\"><span style=\"vertical-align: inherit;\">Vyberte si na\u0161u s\u00fapravu \u2013 zladen\u00fa spolu! <\/span><span style=\"vertical-align: inherit;\">M\u00f3dny set kombinuj\u00faci suk\u0148u s m\u00f3dnym topom, ktor\u00fd je rie\u0161en\u00edm na ka\u017ed\u00fa pr\u00edle\u017eitos\u0165.<\/span><\/span><\/p>\n<p>&nbsp;<\/p>\n<h3 style=\"text-align: center;\"><span style=\"vertical-align: inherit;\"><span style=\"vertical-align: inherit;\">vrchn\u00e9 rozmery:<\/span><\/span><\/h3>\n<p style=\"text-align: center;\"><span style=\"vertical-align: inherit;\"><span style=\"vertical-align: inherit;\">Celkov\u00e1 d\u013a\u017eka: 38 cm<br \/>\n\u0160\u00edrka od pazuchy po pazuchu: 47 cm<br \/>\nD\u013a\u017eka ruk\u00e1va: 59 cm<\/span><\/span><\/p>\n<h3 style=\"text-align: center;\"><span style=\"vertical-align: inherit;\"><span style=\"vertical-align: inherit;\">rozmery sukne:<\/span><\/span><\/h3>\n<p style=\"text-align: center;\"><span style=\"vertical-align: inherit;\"><span style=\"vertical-align: inherit;\">Celkov\u00e1 d\u013a\u017eka prednej \u010dasti: 37 cm<br \/>\nCelkov\u00e1 d\u013a\u017eka chrbta: 97 cm<br \/>\n<\/span><\/span><span style=\"vertical-align: inherit;\"><span style=\"vertical-align: inherit;\">\u0160\u00edrka p\u00e1su: 38-46 cm (guma)<br \/>\n<\/span><\/span><span style=\"vertical-align: inherit;\"><span style=\"vertical-align: inherit;\"><br \/>\n<\/span><\/span><\/p>\n<p style=\"text-align: center;\"><strong><span style=\"vertical-align: inherit;\"><span style=\"vertical-align: inherit;\">Materi\u00e1l sa rozd\u00e1va<\/span><\/span><\/strong><\/p>\n<p style=\"text-align: center;\"><span style=\"vertical-align: inherit;\"><span style=\"vertical-align: inherit;\">Rozmery sa m\u00f4\u017eu l\u00ed\u0161i\u0165 od uveden\u00fdch +\/- 2cm. <\/span><span style=\"vertical-align: inherit;\">V\u0161etky uveden\u00e9 rozmery s\u00fa meran\u00e9 plo\u0161ne. rozmer x2<\/span><\/span><\/p>\n<p>&nbsp;<\/p>\n<table style=\"height: 234px;\" width=\"678\">\n<tbody>\n<tr>\n<td width=\"302\">Meno modela<\/td>\n<td width=\"302\">S\u00faprava topu a sukne Jeanne s kvetinov\u00fdm vzorom z \u0161if\u00f3nu<\/td>\n<\/tr>\n<tr>\n<td width=\"302\"><span style=\"vertical-align: inherit;\"><span style=\"vertical-align: inherit;\">Vzor<\/span><\/span><\/td>\n<td width=\"302\">\u010dierna<\/td>\n<\/tr>\n<tr>\n<td width=\"302\"><span style=\"vertical-align: inherit;\"><span style=\"vertical-align: inherit;\">Zbierka<\/span><\/span><\/td>\n<td width=\"302\"><span style=\"vertical-align: inherit;\"><span style=\"vertical-align: inherit;\">Jar Leto Jese\u0148\u00a0<\/span><\/span><\/td>\n<\/tr>\n<tr>\n<td width=\"302\"><span style=\"vertical-align: inherit;\"><span style=\"vertical-align: inherit;\">ve\u013ekosti<\/span><\/span><\/td>\n<td width=\"302\"><span style=\"vertical-align: inherit;\"><span style=\"vertical-align: inherit;\">Univerz\u00e1lny<\/span><\/span><\/td>\n<\/tr>\n<tr>\n<td width=\"302\"><span style=\"vertical-align: inherit;\"><span style=\"vertical-align: inherit;\">Hore<\/span><\/span><\/td>\n<td width=\"302\"><span style=\"vertical-align: inherit;\"><span style=\"vertical-align: inherit;\">Zhoda<\/span><\/span><\/td>\n<\/tr>\n<tr>\n<td width=\"302\"><span style=\"vertical-align: inherit;\"><span style=\"vertical-align: inherit;\">Suk\u0148a<\/span><\/span><\/td>\n<td width=\"302\"><span style=\"vertical-align: inherit;\"><span style=\"vertical-align: inherit;\">Asymetrick\u00e9<\/span><\/span><\/td>\n<\/tr>\n<tr>\n<td width=\"302\"><span style=\"vertical-align: inherit;\"><span style=\"vertical-align: inherit;\">Sez\u00f3na<\/span><\/span><\/td>\n<td width=\"302\"><span style=\"vertical-align: inherit;\"><span style=\"vertical-align: inherit;\">Jar leto<\/span><\/span><\/td>\n<\/tr>\n<tr>\n<td width=\"302\"><span style=\"vertical-align: inherit;\"><span style=\"vertical-align: inherit;\">Materi\u00e1l<\/span><\/span><\/td>\n<td width=\"302\">60% Polyester 35% Visk\u00f3za 5% Elastan<\/td>\n<\/tr>\n<\/tbody>\n<\/table>\n<p style=\"text-align: center;\">Model m\u00e1\u00a0<strong>169<\/strong>\u00a0cm vysok\u00fd, nos\u00ed ve\u013ekos\u0165 ka\u017ed\u00fd de\u0148\u00a0<strong>S<\/strong><\/p>\n<p style=\"text-align: center;\">\u0160\u00edrka cez prsia 92 cm<\/p>\n<p style=\"text-align: center;\">\u0160\u00edrka v p\u00e1se 62 cm<\/p>\n<p style=\"text-align: center;\">\u0160\u00edrka v bokoch 94 cm<\/p>","protected":false},"excerpt":{"rendered":"<p>Komplet Szyfonowy W Kwiaty Czarny Multicolor Top i Sp\u00f3dniczka Jeanne Pi\u0119kny damski komplet wykonany z szyfonu: top z du\u017cym dekoltem i efektownym wi\u0105zaniem, ze \u015blicznym kwiatowym printem. Model ten charakteryzuje si\u0119 zwiewno\u015bci\u0105. Idealna propozycja na letnie ciep\u0142e dni. Sprawdzi si\u0119 zar\u00f3wno na co dzie\u0144 jak i na okoliczne uroczysto\u015bci. Wi\u0105zany top sprawia, i\u017c komplet rewelacyjnie<\/p>\n<div class=\"klb-readmore post-buttons\"><a class=\"button black outline size-sm\" href=\"https:\/\/madelinefashion.pl\/sk\/komplet-szyfonowy-w-kwiaty-czarny-multicolor-top-i-spodniczka-jeanne\/\">\u010c\u00edta\u0165 \u010falej <i class=\"klbth-icon-right-arrow\"><\/i><\/a><\/div>","protected":false},"featured_media":85124,"template":"","meta":[],"product_brand":[],"product_cat":[89],"product_tag":[487],"class_list":{"0":"post-85160","1":"product","2":"type-product","3":"status-publish","4":"has-post-thumbnail","6":"product_cat-komplety","7":"product_tag-komplet","9":"first","10":"instock","11":"purchasable","12":"product-type-simple"},"_links":{"self":[{"href":"https:\/\/madelinefashion.pl\/sk\/wp-json\/wp\/v2\/product\/85160","targetHints":{"allow":["GET"]}}],"collection":[{"href":"https:\/\/madelinefashion.pl\/sk\/wp-json\/wp\/v2\/product"}],"about":[{"href":"https:\/\/madelinefashion.pl\/sk\/wp-json\/wp\/v2\/types\/product"}],"wp:featuredmedia":[{"embeddable":true,"href":"https:\/\/madelinefashion.pl\/sk\/wp-json\/wp\/v2\/media\/85124"}],"wp:attachment":[{"href":"https:\/\/madelinefashion.pl\/sk\/wp-json\/wp\/v2\/media?parent=85160"}],"wp:term":[{"taxonomy":"product_brand","embeddable":true,"href":"https:\/\/madelinefashion.pl\/sk\/wp-json\/wp\/v2\/product_brand?post=85160"},{"taxonomy":"product_cat","embeddable":true,"href":"https:\/\/madelinefashion.pl\/sk\/wp-json\/wp\/v2\/product_cat?post=85160"},{"taxonomy":"product_tag","embeddable":true,"href":"https:\/\/madelinefashion.pl\/sk\/wp-json\/wp\/v2\/product_tag?post=85160"}],"curies":[{"name":"pracovn\u00fd list","href":"https:\/\/api.w.org\/{rel}","templated":true}]}}

Kvetinový šifónový set čierny viacfarebný Jeanne top a sukňa

<h3 style="text-align: center;">Kvetinový šifónový set čierny viacfarebný Jeanne top a sukňa</h3>
<p style="text-align: center;"><span style="vertical-align: inherit;"><span style="vertical-align: inherit;">Krásna dámska súprava zo šifónu: top s hlbokým výstrihom a výrazným zaväzovaním s krásnou kvetinovou potlačou. Tento štýl sa vyznačuje vzdušným pocitom. Je ideálny na teplé letné dni, ideálny na každodenné nosenie aj špeciálne príležitosti. Top so zaväzovaním zaisťuje úžasne lichotivý strih.</span></span><br />
<span style="vertical-align: inherit;"><span style="vertical-align: inherit;">Vyberte si našu súpravu – zladenú spolu! </span><span style="vertical-align: inherit;">Módny set kombinujúci sukňu s módnym topom, ktorý je riešením na každú príležitosť.</span></span></p>
<p>&nbsp;</p>
<h3 style="text-align: center;"><span style="vertical-align: inherit;"><span style="vertical-align: inherit;">vrchné rozmery:</span></span></h3>
<p style="text-align: center;"><span style="vertical-align: inherit;"><span style="vertical-align: inherit;">Celková dĺžka: 38 cm<br />
Šírka od pazuchy po pazuchu: 47 cm<br />
Dĺžka rukáva: 59 cm</span></span></p>
<h3 style="text-align: center;"><span style="vertical-align: inherit;"><span style="vertical-align: inherit;">rozmery sukne:</span></span></h3>
<p style="text-align: center;"><span style="vertical-align: inherit;"><span style="vertical-align: inherit;">Celková dĺžka prednej časti: 37 cm<br />
Celková dĺžka chrbta: 97 cm<br />
</span></span><span style="vertical-align: inherit;"><span style="vertical-align: inherit;">Šírka pásu: 38-46 cm (guma)<br />
</span></span><span style="vertical-align: inherit;"><span style="vertical-align: inherit;"><br />
</span></span></p>
<p style="text-align: center;"><strong><span style="vertical-align: inherit;"><span style="vertical-align: inherit;">Materiál sa rozdáva</span></span></strong></p>
<p style="text-align: center;"><span style="vertical-align: inherit;"><span style="vertical-align: inherit;">Rozmery sa môžu líšiť od uvedených +/- 2cm. </span><span style="vertical-align: inherit;">Všetky uvedené rozmery sú merané plošne. rozmer x2</span></span></p>
<p>&nbsp;</p>
<table style="height: 234px;" width="678">
<tbody>
<tr>
<td width="302">Meno modela</td>
<td width="302">Súprava topu a sukne Jeanne s kvetinovým vzorom z šifónu</td>
</tr>
<tr>
<td width="302"><span style="vertical-align: inherit;"><span style="vertical-align: inherit;">Vzor</span></span></td>
<td width="302">čierna</td>
</tr>
<tr>
<td width="302"><span style="vertical-align: inherit;"><span style="vertical-align: inherit;">Zbierka</span></span></td>
<td width="302"><span style="vertical-align: inherit;"><span style="vertical-align: inherit;">Jar Leto Jeseň </span></span></td>
</tr>
<tr>
<td width="302"><span style="vertical-align: inherit;"><span style="vertical-align: inherit;">veľkosti</span></span></td>
<td width="302"><span style="vertical-align: inherit;"><span style="vertical-align: inherit;">Univerzálny</span></span></td>
</tr>
<tr>
<td width="302"><span style="vertical-align: inherit;"><span style="vertical-align: inherit;">Hore</span></span></td>
<td width="302"><span style="vertical-align: inherit;"><span style="vertical-align: inherit;">Zhoda</span></span></td>
</tr>
<tr>
<td width="302"><span style="vertical-align: inherit;"><span style="vertical-align: inherit;">Sukňa</span></span></td>
<td width="302"><span style="vertical-align: inherit;"><span style="vertical-align: inherit;">Asymetrické</span></span></td>
</tr>
<tr>
<td width="302"><span style="vertical-align: inherit;"><span style="vertical-align: inherit;">Sezóna</span></span></td>
<td width="302"><span style="vertical-align: inherit;"><span style="vertical-align: inherit;">Jar leto</span></span></td>
</tr>
<tr>
<td width="302"><span style="vertical-align: inherit;"><span style="vertical-align: inherit;">Materiál</span></span></td>
<td width="302">60% Polyester 35% Viskóza 5% Elastan</td>
</tr>
</tbody>
</table>
<p style="text-align: center;">Model má <strong>169</strong> cm vysoký, nosí veľkosť každý deň <strong>S</strong></p>
<p style="text-align: center;">Šírka cez prsia 92 cm</p>
<p style="text-align: center;">Šírka v páse 62 cm</p>
<p style="text-align: center;">Šírka v bokoch 94 cm</p>

<p>Komplet Szyfonowy W Kwiaty Czarny Multicolor Top i Spódniczka Jeanne Piękny damski komplet wykonany z szyfonu: top z dużym dekoltem i efektownym wiązaniem, ze ślicznym kwiatowym printem. Model ten charakteryzuje się zwiewnością. Idealna propozycja na letnie ciepłe dni. Sprawdzi się zarówno na co dzień jak i na okoliczne uroczystości. Wiązany top sprawia, iż komplet rewelacyjnie</p>
<div class="klb-readmore post-buttons"><a class="button black outline size-sm" href="https://madelinefashion.pl/sk/komplet-szyfonowy-w-kwiaty-czarny-multicolor-top-i-spodniczka-jeanne/">Čítať ďalej <i class="klbth-icon-right-arrow"></i></a></div>

pracovný list
