{"id":85735,"date":"2023-04-25T11:38:33","date_gmt":"2023-04-25T09:38:33","guid":{"rendered":"https:\/\/madelinefashion.pl\/?post_type=product&#038;p=85735"},"modified":"2025-09-09T10:16:45","modified_gmt":"2025-09-09T08:16:45","slug":"sukienka-dopasowana-fuksja-evena","status":"publish","type":"product","link":"https:\/\/madelinefashion.pl\/sk\/sukienka-dopasowana-fuksja-evena\/","title":{"rendered":"Fuchsiov\u00e9 \u0161aty Evena Fit"},"content":{"rendered":"<h3 style=\"text-align: center;\">Fuchsiov\u00e9 \u0161aty Evena Fit<\/h3>\n<p style=\"text-align: center;\"><strong>\u0160aty u\u0161it\u00e9 na mieru Evena<\/strong> je senza\u010dn\u00fd model vypasovan\u00fdch \u0161iat. Vyroben\u00e9 z pru\u017en\u00e9ho pr\u00edjemn\u00e9ho materi\u00e1lu, ktor\u00fd je ako stvoren\u00fd na p\u00e1rty, stretnutie s priate\u013emi alebo prech\u00e1dzku. \u0160aty s\u00fa <strong>vybaven\u00e9<\/strong> v\u010faka \u010domu zv\u00fdrazn\u00ed dokonale \u017eensk\u00e9 tvary. Je to v ta\u0161ke <strong>guma<\/strong>\u010d\u00edm je materi\u00e1l pru\u017en\u00fd. Evena je jedine\u010dn\u00e1 v\u010faka origin\u00e1lnemu opasku v strede. \u0160aty s\u00fa <strong>pokr\u010den\u00fd<\/strong>. Je to vynikaj\u00faca ponuka ako pre \u0161portov\u00fd styling s teniskami, tak aj pre elegantn\u00fd s vysok\u00fdmi podp\u00e4tkami<span style=\"font-size: 10pt; text-align: center;\">. ve\u013ekos\u0165 <strong>univerz\u00e1lny<\/strong>. Odpor\u00fa\u010da sa pre \u017eeny vo ve\u013ekosti <strong>XS SML\u00a0<\/strong><\/span><\/p>\n<p>&nbsp;<\/p>\n<h3 style=\"text-align: center;\">Rozmery:<\/h3>\n<ul style=\"text-align: center;\">\n<li><span style=\"font-size: 10pt;\">\u00a0 \u00a0 \u00a0 \u00a0celkov\u00e1 d\u013a\u017eka chrbta: 120 cm<br \/>\n<\/span><\/li>\n<li><span style=\"font-size: 10pt;\">\u00a0 \u00a0celkov\u00e1 predn\u00e1 d\u013a\u017eka<\/span>: 90 cm<\/li>\n<li><span style=\"font-size: 10pt;\">\u00a0\u00a0\u00a0\u00a0\u00a0\u00a0\u00a0 \u0161\u00edrka od pazuchy po pazuchu: 41-54 cm <\/span><span style=\"font-size: 10pt;\"><span style=\"font-size: 10pt;\">\u00a0 \u00a0 \u00a0 \u00a0<\/span><\/span><\/li>\n<li>p\u00e1s: 30 cm - 45 cm<\/li>\n<li>boky 33 cm - 56 cm<\/li>\n<\/ul>\n<p style=\"text-align: center;\"><span style=\"font-size: 10pt;\">Rozmery sa m\u00f4\u017eu mierne l\u00ed\u0161i\u0165 od uveden\u00fdch +\/- 2cm. V\u0161etky uveden\u00e9 rozmery s\u00fa meran\u00e9 plo\u0161ne.<\/span><\/p>\n<p style=\"text-align: center;\"><span style=\"font-size: 10pt;\">\u00a0<\/span><\/p>\n<table width=\"627\">\n<tbody>\n<tr>\n<td width=\"302\">Meno modela<\/td>\n<td width=\"302\">\u0160aty u\u0161it\u00e9 na mieru Evena<\/td>\n<\/tr>\n<tr>\n<td width=\"302\">Farba<\/td>\n<td width=\"302\">Fuchsiov\u00e1<\/td>\n<\/tr>\n<tr>\n<td width=\"302\">M\u00f3da<\/td>\n<td width=\"302\">Na mieru<\/td>\n<\/tr>\n<tr>\n<td width=\"302\">Materi\u00e1l<\/td>\n<td width=\"302\">95% Polyester 5% Elastan<\/td>\n<\/tr>\n<tr>\n<td width=\"302\">D\u013a\u017eka<\/td>\n<td width=\"302\">Cez koleno<\/td>\n<\/tr>\n<\/tbody>\n<\/table>\n<p>&nbsp;<\/p>\n<div class=\"tabs tabs-bb clear mb-80\">\n<div class=\"tab-content\">\n<div id=\"tab-description\" class=\"tab-pane fade in woocommerce-Tabs-panel--description active\">\n<p style=\"text-align: center;\">\u00a0Model m\u00e1\u00a0<strong>169<\/strong>\u00a0cm vysok\u00fd, nos\u00ed ve\u013ekos\u0165 ka\u017ed\u00fd de\u0148\u00a0<strong>S<\/strong><\/p>\n<p style=\"text-align: center;\">\u0160\u00edrka cez prsia 92 cm<\/p>\n<p style=\"text-align: center;\">\u0160\u00edrka v p\u00e1se 62 cm<\/p>\n<p style=\"text-align: center;\">\u0160\u00edrka v bokoch 94 cm<\/p>\n<\/div>\n<\/div>\n<\/div>","protected":false},"excerpt":{"rendered":"<p>Priliehav\u00e9 \u0161aty Evena Fuchsia s\u00fa fantasticky priliehav\u00e9 \u0161aty. Vyroben\u00e9 z elastick\u00e9ho a pohodln\u00e9ho materi\u00e1lu, s\u00fa ide\u00e1lne na p\u00e1rty, stretnutie s priate\u013emi alebo prech\u00e1dzku. \u0160aty s\u00fa priliehav\u00e9 a dokonale zv\u00fdraz\u0148uj\u00fa \u017eensk\u00e9 krivky. Elastick\u00fd p\u00e1s zais\u0165uje pru\u017enos\u0165. Evena je jedine\u010dn\u00e1 v\u010faka svojmu unik\u00e1tnemu stredov\u00e9mu p\u00e1su.<\/p>\n<div class=\"klb-readmore post-buttons\"><a class=\"button black outline size-sm\" href=\"https:\/\/madelinefashion.pl\/sk\/sukienka-dopasowana-fuksja-evena\/\">\u010c\u00edta\u0165 \u010falej <i class=\"klbth-icon-right-arrow\"><\/i><\/a><\/div>","protected":false},"featured_media":85703,"template":"","meta":[],"product_brand":[],"product_cat":[125],"product_tag":[215],"class_list":{"0":"post-85735","1":"product","2":"type-product","3":"status-publish","4":"has-post-thumbnail","6":"product_cat-sukienki","7":"product_tag-sukienki-rozowe","9":"first","10":"instock","11":"purchasable","12":"product-type-simple"},"_links":{"self":[{"href":"https:\/\/madelinefashion.pl\/sk\/wp-json\/wp\/v2\/product\/85735","targetHints":{"allow":["GET"]}}],"collection":[{"href":"https:\/\/madelinefashion.pl\/sk\/wp-json\/wp\/v2\/product"}],"about":[{"href":"https:\/\/madelinefashion.pl\/sk\/wp-json\/wp\/v2\/types\/product"}],"wp:featuredmedia":[{"embeddable":true,"href":"https:\/\/madelinefashion.pl\/sk\/wp-json\/wp\/v2\/media\/85703"}],"wp:attachment":[{"href":"https:\/\/madelinefashion.pl\/sk\/wp-json\/wp\/v2\/media?parent=85735"}],"wp:term":[{"taxonomy":"product_brand","embeddable":true,"href":"https:\/\/madelinefashion.pl\/sk\/wp-json\/wp\/v2\/product_brand?post=85735"},{"taxonomy":"product_cat","embeddable":true,"href":"https:\/\/madelinefashion.pl\/sk\/wp-json\/wp\/v2\/product_cat?post=85735"},{"taxonomy":"product_tag","embeddable":true,"href":"https:\/\/madelinefashion.pl\/sk\/wp-json\/wp\/v2\/product_tag?post=85735"}],"curies":[{"name":"pracovn\u00fd list","href":"https:\/\/api.w.org\/{rel}","templated":true}]}}

Fuchsiové šaty Evena Fit

<h3 style="text-align: center;">Fuchsiové šaty Evena Fit</h3>
<p style="text-align: center;"><strong>Šaty ušité na mieru Evena</strong> je senzačný model vypasovaných šiat. Vyrobené z pružného príjemného materiálu, ktorý je ako stvorený na párty, stretnutie s priateľmi alebo prechádzku. Šaty sú <strong>vybavené</strong> vďaka čomu zvýrazní dokonale ženské tvary. Je to v taške <strong>guma</strong>čím je materiál pružný. Evena je jedinečná vďaka originálnemu opasku v strede. Šaty sú <strong>pokrčený</strong>. Je to vynikajúca ponuka ako pre športový styling s teniskami, tak aj pre elegantný s vysokými podpätkami<span style="font-size: 10pt; text-align: center;">. veľkosť <strong>univerzálny</strong>. Odporúča sa pre ženy vo veľkosti <strong>XS SML </strong></span></p>
<p>&nbsp;</p>
<h3 style="text-align: center;">Rozmery:</h3>
<ul style="text-align: center;">
<li><span style="font-size: 10pt;">       celková dĺžka chrbta: 120 cm<br />
</span></li>
<li><span style="font-size: 10pt;">   celková predná dĺžka</span>: 90 cm</li>
<li><span style="font-size: 10pt;">        šírka od pazuchy po pazuchu: 41-54 cm </span><span style="font-size: 10pt;"><span style="font-size: 10pt;">       </span></span></li>
<li>pás: 30 cm - 45 cm</li>
<li>boky 33 cm - 56 cm</li>
</ul>
<p style="text-align: center;"><span style="font-size: 10pt;">Rozmery sa môžu mierne líšiť od uvedených +/- 2cm. Všetky uvedené rozmery sú merané plošne.</span></p>
<p style="text-align: center;"><span style="font-size: 10pt;"> </span></p>
<table width="627">
<tbody>
<tr>
<td width="302">Meno modela</td>
<td width="302">Šaty ušité na mieru Evena</td>
</tr>
<tr>
<td width="302">Farba</td>
<td width="302">Fuchsiová</td>
</tr>
<tr>
<td width="302">Móda</td>
<td width="302">Na mieru</td>
</tr>
<tr>
<td width="302">Materiál</td>
<td width="302">95% Polyester 5% Elastan</td>
</tr>
<tr>
<td width="302">Dĺžka</td>
<td width="302">Cez koleno</td>
</tr>
</tbody>
</table>
<p>&nbsp;</p>
<div class="tabs tabs-bb clear mb-80">
<div class="tab-content">
<div id="tab-description" class="tab-pane fade in woocommerce-Tabs-panel--description active">
<p style="text-align: center;"> Model má <strong>169</strong> cm vysoký, nosí veľkosť každý deň <strong>S</strong></p>
<p style="text-align: center;">Šírka cez prsia 92 cm</p>
<p style="text-align: center;">Šírka v páse 62 cm</p>
<p style="text-align: center;">Šírka v bokoch 94 cm</p>
</div>
</div>
</div>

<p>Priliehavé šaty Evena Fuchsia sú fantasticky priliehavé šaty. Vyrobené z elastického a pohodlného materiálu, sú ideálne na párty, stretnutie s priateľmi alebo prechádzku. Šaty sú priliehavé a dokonale zvýrazňujú ženské krivky. Elastický pás zaisťuje pružnosť. Evena je jedinečná vďaka svojmu unikátnemu stredovému pásu.</p>
<div class="klb-readmore post-buttons"><a class="button black outline size-sm" href="https://madelinefashion.pl/sk/sukienka-dopasowana-fuksja-evena/">Čítať ďalej <i class="klbth-icon-right-arrow"></i></a></div>

pracovný list
