{"id":86289,"date":"2023-04-26T12:52:09","date_gmt":"2023-04-26T10:52:09","guid":{"rendered":"https:\/\/madelinefashion.pl\/?post_type=product&#038;p=86289"},"modified":"2026-01-20T10:33:31","modified_gmt":"2026-01-20T09:33:31","slug":"elagancka-bluzka-z-plisowanym-tylem-biala-sabine","status":"publish","type":"product","link":"https:\/\/madelinefashion.pl\/sk\/elagancka-bluzka-z-plisowanym-tylem-biala-sabine\/","title":{"rendered":"Elegantn\u00e1 bl\u00fazka s plisovan\u00fdm chrbtom v bielej sabine"},"content":{"rendered":"<h3 style=\"text-align: center;\">Elegantn\u00e1 bl\u00fazka s plisovan\u00fdm chrbtom v bielej sabine<\/h3>\n<p style=\"text-align: center;\"><span style=\"font-size: 10pt;\"><strong>Elegantn\u00e1 bl\u00fazka Sabine<\/strong> s ozdobn\u00fdm z\u00e1hybom na chrbte, s 3\/4 ruk\u00e1vmi. Univerz\u00e1lny model - ide\u00e1lny na r\u00f4zne oslavy so suk\u0148ou a sakom, ako aj s nohavicami ka\u017ed\u00fd de\u0148. Vr\u00e1tane n\u00e1hrdeln\u00edka. Univerz\u00e1lna ve\u013ekos\u0165. Odpor\u00fa\u010da sa pre \u017eeny vo ve\u013ekosti<strong> SML XL<\/strong><\/span><\/p>\n<h3 style=\"text-align: center;\">\u00a0 \u00a0 \u00a0Rozmery:<\/h3>\n<p style=\"text-align: center;\"><span style=\"font-size: 10pt;\">\u00a0<\/span><\/p>\n<ul style=\"text-align: center;\">\n<li><span style=\"font-size: 10pt;\">\u00a0\u00a0\u00a0\u00a0\u00a0\u00a0\u00a0 celkov\u00e1 predn\u00e1 d\u013a\u017eka: 65 cm<br \/>\ncelkov\u00e1 d\u013a\u017eka chrbta: 88 cm<br \/>\n<\/span><\/li>\n<li><span style=\"font-size: 10pt;\">\u00a0\u00a0\u00a0\u00a0\u00a0\u00a0\u00a0 \u0161\u00edrka od pazuchy po pazuchu: 57 cm -66 cm<\/span><\/li>\n<li><span style=\"font-size: 10pt;\">\u00a0\u00a0\u00a0\u00a0\u00a0\u00a0\u00a0 d\u013a\u017eka ruk\u00e1va od ramena: 30 cm<\/span><\/li>\n<\/ul>\n<p style=\"text-align: center;\"><span style=\"font-size: 10pt;\">Rozmery sa m\u00f4\u017eu mierne l\u00ed\u0161i\u0165 od uveden\u00fdch +\/- 2cm. V\u0161etky uveden\u00e9 rozmery s\u00fa meran\u00e9 plo\u0161ne. rozmer x2<\/span><\/p>\n<p style=\"text-align: center;\"><span style=\"font-size: 10pt;\">\u00a0<\/span><\/p>\n<p style=\"text-align: center;\"><span style=\"font-size: 10pt;\">\u00a0<\/span><\/p>\n<table>\n<tbody>\n<tr>\n<td width=\"302\">Meno modela<\/td>\n<td width=\"302\">Elegantn\u00e1 bl\u00fazka s nariasen\u00fdm chrbtom Sabine<\/td>\n<\/tr>\n<tr>\n<td width=\"302\">Farba<\/td>\n<td width=\"302\">biely<\/td>\n<\/tr>\n<tr>\n<td width=\"302\">ve\u013ekosti<\/td>\n<td width=\"302\">Univerz\u00e1lny<\/td>\n<\/tr>\n<tr>\n<td width=\"302\">M\u00f3da<\/td>\n<td width=\"302\">nadrozmern\u00e9<\/td>\n<\/tr>\n<tr>\n<td width=\"302\">Materi\u00e1l<\/td>\n<td width=\"302\">50% Polyester 45% Visk\u00f3za 5% Elastan<\/td>\n<\/tr>\n<\/tbody>\n<\/table>\n<p style=\"text-align: center;\"><span style=\"font-size: 10pt;\">\u00a0<\/span><\/p>\n<p style=\"text-align: center;\">\u00a0Modelka je vysok\u00e1 165 cm a zvy\u010dajne nos\u00ed ve\u013ekos\u0165 hore <strong>S<\/strong><\/p>\n<p style=\"text-align: center;\"><span style=\"font-size: 10pt;\">\u00a0<\/span><\/p>\n<p style=\"text-align: center;\"><span style=\"font-size: 10pt;\">\u00a0<\/span><\/p>\n<p style=\"text-align: center;\"><span style=\"font-size: 10pt;\">\u00a0<\/span><\/p>","protected":false},"excerpt":{"rendered":"<p>Elagancka Bluzka z Plisowanym Ty\u0142em Bia\u0142a Sabine Elagancka Bluzka Sabine z ozdobnymi plisami na plecach, z 3\/4 r\u0119kawkiem. Uniwersalny model- idealny na r\u00f3\u017cne uroczysto\u015bci do sp\u00f3dnicy i pod \u017cakiet, a tak\u017ce do spodni na co dzie\u0144. W zestawie naszyjnik. Rozmiar uniwersalny. Zalecana dla Pa\u0144 w rozmiarze S M L XL \u00a0 \u00a0 \u00a0Wymiary: \u00a0 \u00a0\u00a0\u00a0\u00a0\u00a0\u00a0\u00a0<\/p>\n<div class=\"klb-readmore post-buttons\"><a class=\"button black outline size-sm\" href=\"https:\/\/madelinefashion.pl\/sk\/elagancka-bluzka-z-plisowanym-tylem-biala-sabine\/\">\u010c\u00edta\u0165 \u010falej <i class=\"klbth-icon-right-arrow\"><\/i><\/a><\/div>","protected":false},"featured_media":86104,"template":"","meta":[],"product_brand":[],"product_cat":[77],"product_tag":[251,479],"class_list":{"0":"post-86289","1":"product","2":"type-product","3":"status-publish","4":"has-post-thumbnail","6":"product_cat-bluzki","7":"product_tag-bluzka-biala","8":"product_tag-bluzki-z-krotkim-rekawem","10":"first","11":"instock","12":"sale","13":"purchasable","14":"product-type-simple"},"_links":{"self":[{"href":"https:\/\/madelinefashion.pl\/sk\/wp-json\/wp\/v2\/product\/86289","targetHints":{"allow":["GET"]}}],"collection":[{"href":"https:\/\/madelinefashion.pl\/sk\/wp-json\/wp\/v2\/product"}],"about":[{"href":"https:\/\/madelinefashion.pl\/sk\/wp-json\/wp\/v2\/types\/product"}],"wp:featuredmedia":[{"embeddable":true,"href":"https:\/\/madelinefashion.pl\/sk\/wp-json\/wp\/v2\/media\/86104"}],"wp:attachment":[{"href":"https:\/\/madelinefashion.pl\/sk\/wp-json\/wp\/v2\/media?parent=86289"}],"wp:term":[{"taxonomy":"product_brand","embeddable":true,"href":"https:\/\/madelinefashion.pl\/sk\/wp-json\/wp\/v2\/product_brand?post=86289"},{"taxonomy":"product_cat","embeddable":true,"href":"https:\/\/madelinefashion.pl\/sk\/wp-json\/wp\/v2\/product_cat?post=86289"},{"taxonomy":"product_tag","embeddable":true,"href":"https:\/\/madelinefashion.pl\/sk\/wp-json\/wp\/v2\/product_tag?post=86289"}],"curies":[{"name":"pracovn\u00fd list","href":"https:\/\/api.w.org\/{rel}","templated":true}]}}

Elegantná blúzka s plisovaným chrbtom v bielej sabine

<h3 style="text-align: center;">Elegantná blúzka s plisovaným chrbtom v bielej sabine</h3>
<p style="text-align: center;"><span style="font-size: 10pt;"><strong>Elegantná blúzka Sabine</strong> s ozdobným záhybom na chrbte, s 3/4 rukávmi. Univerzálny model - ideálny na rôzne oslavy so sukňou a sakom, ako aj s nohavicami každý deň. Vrátane náhrdelníka. Univerzálna veľkosť. Odporúča sa pre ženy vo veľkosti<strong> SML XL</strong></span></p>
<h3 style="text-align: center;">     Rozmery:</h3>
<p style="text-align: center;"><span style="font-size: 10pt;"> </span></p>
<ul style="text-align: center;">
<li><span style="font-size: 10pt;">        celková predná dĺžka: 65 cm<br />
celková dĺžka chrbta: 88 cm<br />
</span></li>
<li><span style="font-size: 10pt;">        šírka od pazuchy po pazuchu: 57 cm -66 cm</span></li>
<li><span style="font-size: 10pt;">        dĺžka rukáva od ramena: 30 cm</span></li>
</ul>
<p style="text-align: center;"><span style="font-size: 10pt;">Rozmery sa môžu mierne líšiť od uvedených +/- 2cm. Všetky uvedené rozmery sú merané plošne. rozmer x2</span></p>
<p style="text-align: center;"><span style="font-size: 10pt;"> </span></p>
<p style="text-align: center;"><span style="font-size: 10pt;"> </span></p>
<table>
<tbody>
<tr>
<td width="302">Meno modela</td>
<td width="302">Elegantná blúzka s nariaseným chrbtom Sabine</td>
</tr>
<tr>
<td width="302">Farba</td>
<td width="302">biely</td>
</tr>
<tr>
<td width="302">veľkosti</td>
<td width="302">Univerzálny</td>
</tr>
<tr>
<td width="302">Móda</td>
<td width="302">nadrozmerné</td>
</tr>
<tr>
<td width="302">Materiál</td>
<td width="302">50% Polyester 45% Viskóza 5% Elastan</td>
</tr>
</tbody>
</table>
<p style="text-align: center;"><span style="font-size: 10pt;"> </span></p>
<p style="text-align: center;"> Modelka je vysoká 165 cm a zvyčajne nosí veľkosť hore <strong>S</strong></p>
<p style="text-align: center;"><span style="font-size: 10pt;"> </span></p>
<p style="text-align: center;"><span style="font-size: 10pt;"> </span></p>
<p style="text-align: center;"><span style="font-size: 10pt;"> </span></p>

<p>Elagancka Bluzka z Plisowanym Tyłem Biała Sabine Elagancka Bluzka Sabine z ozdobnymi plisami na plecach, z 3/4 rękawkiem. Uniwersalny model- idealny na różne uroczystości do spódnicy i pod żakiet, a także do spodni na co dzień. W zestawie naszyjnik. Rozmiar uniwersalny. Zalecana dla Pań w rozmiarze S M L XL      Wymiary:          </p>
<div class="klb-readmore post-buttons"><a class="button black outline size-sm" href="https://madelinefashion.pl/sk/elagancka-bluzka-z-plisowanym-tylem-biala-sabine/">Čítať ďalej <i class="klbth-icon-right-arrow"></i></a></div>

pracovný list
