{"id":86300,"date":"2023-04-26T13:27:22","date_gmt":"2023-04-26T11:27:22","guid":{"rendered":"https:\/\/madelinefashion.pl\/?post_type=product&#038;p=86300"},"modified":"2026-01-20T10:33:31","modified_gmt":"2026-01-20T09:33:31","slug":"bluzka-elegancka-z-lancuszkiem-fuksja-marielle","status":"publish","type":"product","link":"https:\/\/madelinefashion.pl\/sk\/bluzka-elegancka-z-lancuszkiem-fuksja-marielle\/","title":{"rendered":"Elegantn\u00e1 bl\u00fazka s retiazkou Fuchsia Marielle"},"content":{"rendered":"<h3 style=\"text-align: center;\">Elegantn\u00e1 bl\u00fazka s retiazkou Fuchsia Marielle<\/h3>\n<p style=\"text-align: center;\"><span style=\"font-size: 10pt;\"><strong>Elegantn\u00e1 bl\u00fazka Marielle <\/strong>\u00a03\/4 ruk\u00e1vy zakon\u010den\u00e9 jemn\u00fdm vol\u00e1nom. Bl\u00fazka m\u00e1 vzadu v\u00fdstrih do V. V\u0161estrann\u00fd strih \u2013 ide\u00e1lny na r\u00f4zne pr\u00edle\u017eitosti so suk\u0148ou alebo sakom, ako aj na ka\u017edodenn\u00e9 nosenie s nohavicami. N\u00e1hrdeln\u00edk je s\u00fa\u010das\u0165ou balenia. Univerz\u00e1lna ve\u013ekos\u0165. Odpor\u00fa\u010dan\u00e1 ve\u013ekos\u0165 pre \u017eeny.<strong> SML XL<\/strong><\/span><\/p>\n<h3 style=\"text-align: center;\">\u00a0 \u00a0 \u00a0Rozmery:<\/h3>\n<p style=\"text-align: center;\"><span style=\"font-size: 10pt;\">\u00a0<\/span><\/p>\n<ul style=\"text-align: center;\">\n<li><span style=\"font-size: 10pt;\">\u00a0\u00a0\u00a0\u00a0\u00a0\u00a0\u00a0 celkov\u00e1 predn\u00e1 d\u013a\u017eka: 70 cm<br \/>\ncelkov\u00e1 d\u013a\u017eka chrbta: 73 cm<br \/>\n<\/span><\/li>\n<li><span style=\"font-size: 10pt;\">\u00a0\u00a0\u00a0\u00a0\u00a0\u00a0\u00a0 \u0161\u00edrka od pazuchy po pazuchu: 65 cm -80 cm<\/span><\/li>\n<li><span style=\"font-size: 10pt;\">\u00a0\u00a0\u00a0\u00a0\u00a0\u00a0\u00a0 d\u013a\u017eka ruk\u00e1va od ramena: 28 cm<\/span><\/li>\n<\/ul>\n<p style=\"text-align: center;\"><span style=\"font-size: 10pt;\">Rozmery sa m\u00f4\u017eu mierne l\u00ed\u0161i\u0165 od uveden\u00fdch +\/- 2cm. V\u0161etky uveden\u00e9 rozmery s\u00fa meran\u00e9 plo\u0161ne. rozmer x2<\/span><\/p>\n<p style=\"text-align: center;\"><span style=\"font-size: 10pt;\">\u00a0<\/span><\/p>\n<p style=\"text-align: center;\"><span style=\"font-size: 10pt;\">\u00a0<\/span><\/p>\n<table>\n<tbody>\n<tr>\n<td width=\"302\">Meno modela<\/td>\n<td width=\"302\">Elegantn\u00e1 bl\u00fazka Marielle s retiazkou<\/td>\n<\/tr>\n<tr>\n<td width=\"302\">Farba<\/td>\n<td width=\"302\">Fuchsiov\u00e1<\/td>\n<\/tr>\n<tr>\n<td width=\"302\">ve\u013ekosti<\/td>\n<td width=\"302\">Univerz\u00e1lny<\/td>\n<\/tr>\n<tr>\n<td width=\"302\">M\u00f3da<\/td>\n<td width=\"302\">nadrozmern\u00e9<\/td>\n<\/tr>\n<tr>\n<td width=\"302\">Materi\u00e1l<\/td>\n<td width=\"302\">95% Polyester 45% Elastan<\/td>\n<\/tr>\n<\/tbody>\n<\/table>\n<p style=\"text-align: center;\"><span style=\"font-size: 10pt;\">\u00a0<\/span><\/p>\n<p style=\"text-align: center;\">\u00a0Modelka je vysok\u00e1 165 cm a zvy\u010dajne nos\u00ed ve\u013ekos\u0165 hore <strong>S<br \/>\n<\/strong><\/p>\n<p style=\"text-align: center;\">\u0160\u00edrka cez prsia 92 cm<\/p>\n<p style=\"text-align: center;\">\u0160\u00edrka v p\u00e1se 62 cm<\/p>\n<p style=\"text-align: center;\">\u0160\u00edrka v bokoch 94 cm<\/p>\n<p style=\"text-align: center;\"><strong>\u00a0<\/strong><\/p>\n<p style=\"text-align: center;\"><span style=\"font-size: 10pt;\">\u00a0<\/span><\/p>\n<p style=\"text-align: center;\"><span style=\"font-size: 10pt;\">\u00a0<\/span><\/p>\n<p style=\"text-align: center;\"><span style=\"font-size: 10pt;\">\u00a0<\/span><\/p>","protected":false},"excerpt":{"rendered":"<p>Bluzka Elegancka Z \u0141a\u0144cuszkiem Fuksja Marielle Elagancka Bluzka Marielle \u00a03\/4 r\u0119kawkiem zako\u0144czonym delikatn\u0105 falbank\u0105. Bluzka na plecach ma dekolt\u00a0 &#8222;V&#8221;. Uniwersalny model- idealny na r\u00f3\u017cne uroczysto\u015bci do sp\u00f3dnicy i pod \u017cakiet, a tak\u017ce do spodni na co dzie\u0144. W zestawie naszyjnik. Rozmiar uniwersalny. Zalecana dla Pa\u0144 w rozmiarze S M L XL \u00a0 \u00a0 \u00a0Wymiary:<\/p>\n<div class=\"klb-readmore post-buttons\"><a class=\"button black outline size-sm\" href=\"https:\/\/madelinefashion.pl\/sk\/bluzka-elegancka-z-lancuszkiem-fuksja-marielle\/\">\u010c\u00edta\u0165 \u010falej <i class=\"klbth-icon-right-arrow\"><\/i><\/a><\/div>","protected":false},"featured_media":86142,"template":"","meta":[],"product_brand":[],"product_cat":[77],"product_tag":[479],"class_list":{"0":"post-86300","1":"product","2":"type-product","3":"status-publish","4":"has-post-thumbnail","6":"product_cat-bluzki","7":"product_tag-bluzki-z-krotkim-rekawem","9":"first","10":"instock","11":"sale","12":"purchasable","13":"product-type-simple"},"_links":{"self":[{"href":"https:\/\/madelinefashion.pl\/sk\/wp-json\/wp\/v2\/product\/86300","targetHints":{"allow":["GET"]}}],"collection":[{"href":"https:\/\/madelinefashion.pl\/sk\/wp-json\/wp\/v2\/product"}],"about":[{"href":"https:\/\/madelinefashion.pl\/sk\/wp-json\/wp\/v2\/types\/product"}],"wp:featuredmedia":[{"embeddable":true,"href":"https:\/\/madelinefashion.pl\/sk\/wp-json\/wp\/v2\/media\/86142"}],"wp:attachment":[{"href":"https:\/\/madelinefashion.pl\/sk\/wp-json\/wp\/v2\/media?parent=86300"}],"wp:term":[{"taxonomy":"product_brand","embeddable":true,"href":"https:\/\/madelinefashion.pl\/sk\/wp-json\/wp\/v2\/product_brand?post=86300"},{"taxonomy":"product_cat","embeddable":true,"href":"https:\/\/madelinefashion.pl\/sk\/wp-json\/wp\/v2\/product_cat?post=86300"},{"taxonomy":"product_tag","embeddable":true,"href":"https:\/\/madelinefashion.pl\/sk\/wp-json\/wp\/v2\/product_tag?post=86300"}],"curies":[{"name":"pracovn\u00fd list","href":"https:\/\/api.w.org\/{rel}","templated":true}]}}

Elegantná blúzka s retiazkou Fuchsia Marielle

<h3 style="text-align: center;">Elegantná blúzka s retiazkou Fuchsia Marielle</h3>
<p style="text-align: center;"><span style="font-size: 10pt;"><strong>Elegantná blúzka Marielle </strong> 3/4 rukávy zakončené jemným volánom. Blúzka má vzadu výstrih do V. Všestranný strih – ideálny na rôzne príležitosti so sukňou alebo sakom, ako aj na každodenné nosenie s nohavicami. Náhrdelník je súčasťou balenia. Univerzálna veľkosť. Odporúčaná veľkosť pre ženy.<strong> SML XL</strong></span></p>
<h3 style="text-align: center;">     Rozmery:</h3>
<p style="text-align: center;"><span style="font-size: 10pt;"> </span></p>
<ul style="text-align: center;">
<li><span style="font-size: 10pt;">        celková predná dĺžka: 70 cm<br />
celková dĺžka chrbta: 73 cm<br />
</span></li>
<li><span style="font-size: 10pt;">        šírka od pazuchy po pazuchu: 65 cm -80 cm</span></li>
<li><span style="font-size: 10pt;">        dĺžka rukáva od ramena: 28 cm</span></li>
</ul>
<p style="text-align: center;"><span style="font-size: 10pt;">Rozmery sa môžu mierne líšiť od uvedených +/- 2cm. Všetky uvedené rozmery sú merané plošne. rozmer x2</span></p>
<p style="text-align: center;"><span style="font-size: 10pt;"> </span></p>
<p style="text-align: center;"><span style="font-size: 10pt;"> </span></p>
<table>
<tbody>
<tr>
<td width="302">Meno modela</td>
<td width="302">Elegantná blúzka Marielle s retiazkou</td>
</tr>
<tr>
<td width="302">Farba</td>
<td width="302">Fuchsiová</td>
</tr>
<tr>
<td width="302">veľkosti</td>
<td width="302">Univerzálny</td>
</tr>
<tr>
<td width="302">Móda</td>
<td width="302">nadrozmerné</td>
</tr>
<tr>
<td width="302">Materiál</td>
<td width="302">95% Polyester 45% Elastan</td>
</tr>
</tbody>
</table>
<p style="text-align: center;"><span style="font-size: 10pt;"> </span></p>
<p style="text-align: center;"> Modelka je vysoká 165 cm a zvyčajne nosí veľkosť hore <strong>S<br />
</strong></p>
<p style="text-align: center;">Šírka cez prsia 92 cm</p>
<p style="text-align: center;">Šírka v páse 62 cm</p>
<p style="text-align: center;">Šírka v bokoch 94 cm</p>
<p style="text-align: center;"><strong> </strong></p>
<p style="text-align: center;"><span style="font-size: 10pt;"> </span></p>
<p style="text-align: center;"><span style="font-size: 10pt;"> </span></p>
<p style="text-align: center;"><span style="font-size: 10pt;"> </span></p>

<p>Bluzka Elegancka Z Łańcuszkiem Fuksja Marielle Elagancka Bluzka Marielle  3/4 rękawkiem zakończonym delikatną falbanką. Bluzka na plecach ma dekolt  &#8222;V&#8221;. Uniwersalny model- idealny na różne uroczystości do spódnicy i pod żakiet, a także do spodni na co dzień. W zestawie naszyjnik. Rozmiar uniwersalny. Zalecana dla Pań w rozmiarze S M L XL      Wymiary:</p>
<div class="klb-readmore post-buttons"><a class="button black outline size-sm" href="https://madelinefashion.pl/sk/bluzka-elegancka-z-lancuszkiem-fuksja-marielle/">Čítať ďalej <i class="klbth-icon-right-arrow"></i></a></div>

pracovný list
