{"id":86821,"date":"2023-04-27T18:02:12","date_gmt":"2023-04-27T16:02:12","guid":{"rendered":"https:\/\/madelinefashion.pl\/?post_type=product&#038;p=86821"},"modified":"2025-09-09T10:15:35","modified_gmt":"2025-09-09T08:15:35","slug":"sukienka-z-falbanka-sliwka-rosali","status":"publish","type":"product","link":"https:\/\/madelinefashion.pl\/sk\/sukienka-z-falbanka-sliwka-rosali\/","title":{"rendered":"\u0160aty s vol\u00e1nikom Plum Rosali"},"content":{"rendered":"<h3 style=\"text-align: center;\">\u0160aty s vol\u00e1nikom Plum Rosali<\/h3>\n<p style=\"text-align: center;\"><span style=\"font-size: 10pt;\"><strong><span style=\"font-size: 10pt;\">S<\/span><\/strong><strong style=\"font-size: 10pt;\">mal\u00e9 okno <\/strong><span style=\"font-size: 10pt;\">s vol\u00e1nmi na ruk\u00e1voch<strong>.<\/strong> Vzdu\u0161n\u00e9 svetlo pre pohodlie pri nosen\u00ed. <\/span><strong style=\"font-size: 10pt;\">\u0160aty s\u00fa nepochybne nevyhnutnos\u0165ou v jarnom \u0161atn\u00edku u\u017e dlh\u00e9 roky.<\/strong><span style=\"font-size: 10pt;\"> Ka\u017ed\u00e1 \u017eena m\u00e1 vo svojom \u0161atn\u00edku aspo\u0148 jedny tak\u00e9to \u0161aty.<strong> S<\/strong><\/span><strong style=\"font-size: 10pt;\">\u0160aty urobia n\u00e1\u0161 vzh\u013ead svie\u017ei, m\u00f3dny a ve\u013emi \u017eensk\u00fd <\/strong><span style=\"font-size: 10pt;\"> je to ide\u00e1lna ponuka na jarno-letn\u00fa sez\u00f3nu. Preto na\u0161a ponuka obsahuje jedine\u010dn\u00e9 n\u00e1vrhy letn\u00fdch \u0161iat, ktor\u00e9 m\u00f4\u017eete nosi\u0165 na mnoho r\u00f4znych sp\u00f4sobov. \u0160aty s dlh\u0161\u00edm chrbtom s <strong>guma<\/strong> v p\u00e1se dokonale zd\u00f4razn\u00ed va\u0161e \u017eensk\u00e9 tvary a up\u00fata poh\u013eady ostatn\u00fdch. <\/span><span style=\"font-size: 10pt;\">Leto<\/span><b style=\"font-size: 10pt;\"> \u0161aty s\u00fa dokonal\u00e9 <\/b><span style=\"font-size: 13.3333px;\"><b>pon\u00faknu\u0165<\/b><\/span><b style=\"font-size: 10pt;\"> ako na vych\u00e1dzku s priate\u013emi, na rande alebo na svadbu. <\/b><span style=\"font-size: 10pt;\">Model <strong>nepresvit\u00e1<\/strong> . Odpor\u00fa\u010dame pre d\u00e1my vo ve\u013ekosti XS SML XL.<\/span><br \/>\n<\/span><\/p>\n<p>&nbsp;<\/p>\n<h3 style=\"text-align: center;\">Rozmery:<\/h3>\n<ul style=\"text-align: center;\">\n<li>celkov\u00e1 d\u013a\u017eka: 107 cm<\/li>\n<li><span style=\"font-size: 10pt;\">\u00a0\u00a0\u00a0\u00a0\u00a0\u00a0\u00a0 \u0161\u00edrka od pazuchy po pazuchu: 43 - 57 cm<\/span><span style=\"font-size: 10pt;\"><span style=\"font-size: 10pt;\">\u00a0 \u00a0 \u00a0 \u00a0<\/span><\/span><\/li>\n<li>\u0161\u00edrka p\u00e1sa: 30-59 cm (elastick\u00fd)<\/li>\n<\/ul>\n<p style=\"text-align: center;\">Rozmery sa m\u00f4\u017eu mierne l\u00ed\u0161i\u0165 od uveden\u00fdch +\/- 2cm. V\u0161etky uveden\u00e9 rozmery s\u00fa meran\u00e9 plo\u0161ne. <strong>rozmer x2<\/strong><\/p>\n<p style=\"text-align: center;\"><span style=\"font-size: 10pt;\">\u00a0<\/span><\/p>\n<table style=\"height: 169px;\" width=\"853\">\n<tbody>\n<tr>\n<td width=\"302\">Meno modela<\/td>\n<td width=\"302\">Vol\u00e1nov\u00e9 \u0161aty Rosali<\/td>\n<\/tr>\n<tr>\n<td width=\"302\">Farba<\/td>\n<td width=\"302\">Slivka<\/td>\n<\/tr>\n<tr>\n<td width=\"302\">M\u00f3da<\/td>\n<td width=\"302\">nadrozmern\u00e9<\/td>\n<\/tr>\n<tr>\n<td width=\"302\">Materi\u00e1l<\/td>\n<td width=\"302\">95 % Polyester 5 % Elastan<\/td>\n<\/tr>\n<tr>\n<td width=\"302\">D\u013a\u017eka<\/td>\n<td width=\"302\">Asymetrick\u00e9<\/td>\n<\/tr>\n<\/tbody>\n<\/table>\n<div class=\"tabs tabs-bb clear mb-80\">\n<div class=\"tab-content\">\n<div id=\"tab-description\" class=\"tab-pane fade in woocommerce-Tabs-panel--description active\">\n<p style=\"text-align: center;\">Model m\u00e1\u00a0<strong>169<\/strong>\u00a0cm vysok\u00fd, nos\u00ed ve\u013ekos\u0165 ka\u017ed\u00fd de\u0148\u00a0<strong>S<\/strong><\/p>\n<p style=\"text-align: center;\">\u0160\u00edrka cez prsia 92 cm<\/p>\n<p style=\"text-align: center;\">\u0160\u00edrka v p\u00e1se 62 cm<\/p>\n<p style=\"text-align: center;\">\u0160\u00edrka v bokoch 94 cm<\/p>\n<\/div>\n<\/div>\n<\/div>\n<section class=\"related products mb-80\"><\/section>\n<p style=\"text-align: center;\">","protected":false},"excerpt":{"rendered":"<p>Sukienka z Falbank\u0105 \u015aliwka Rosali Sukienka z falbankami przy r\u0119kawach. Zwiewna lekka zapewniaj\u0105ca komfort w noszeniu. Sukienka to bez w\u0105tpienia od wielu lat must have w wiosennej garderobie. Ka\u017cda kobieta posiada w swojej szafie cho\u0107 jeden taki model sukienki. Sukienka sprawi, \u017ce nasz look b\u0119dzie \u015bwie\u017cy, modny i bardzo kobiecy jest to idealna propozycja na<\/p>\n<div class=\"klb-readmore post-buttons\"><a class=\"button black outline size-sm\" href=\"https:\/\/madelinefashion.pl\/sk\/sukienka-z-falbanka-sliwka-rosali\/\">\u010c\u00edta\u0165 \u010falej <i class=\"klbth-icon-right-arrow\"><\/i><\/a><\/div>","protected":false},"featured_media":86791,"template":"","meta":[],"product_brand":[],"product_cat":[125],"product_tag":[],"class_list":{"0":"post-86821","1":"product","2":"type-product","3":"status-publish","4":"has-post-thumbnail","6":"product_cat-sukienki","8":"first","9":"instock","10":"purchasable","11":"product-type-simple"},"_links":{"self":[{"href":"https:\/\/madelinefashion.pl\/sk\/wp-json\/wp\/v2\/product\/86821","targetHints":{"allow":["GET"]}}],"collection":[{"href":"https:\/\/madelinefashion.pl\/sk\/wp-json\/wp\/v2\/product"}],"about":[{"href":"https:\/\/madelinefashion.pl\/sk\/wp-json\/wp\/v2\/types\/product"}],"wp:featuredmedia":[{"embeddable":true,"href":"https:\/\/madelinefashion.pl\/sk\/wp-json\/wp\/v2\/media\/86791"}],"wp:attachment":[{"href":"https:\/\/madelinefashion.pl\/sk\/wp-json\/wp\/v2\/media?parent=86821"}],"wp:term":[{"taxonomy":"product_brand","embeddable":true,"href":"https:\/\/madelinefashion.pl\/sk\/wp-json\/wp\/v2\/product_brand?post=86821"},{"taxonomy":"product_cat","embeddable":true,"href":"https:\/\/madelinefashion.pl\/sk\/wp-json\/wp\/v2\/product_cat?post=86821"},{"taxonomy":"product_tag","embeddable":true,"href":"https:\/\/madelinefashion.pl\/sk\/wp-json\/wp\/v2\/product_tag?post=86821"}],"curies":[{"name":"pracovn\u00fd list","href":"https:\/\/api.w.org\/{rel}","templated":true}]}}

Šaty s volánikom Plum Rosali

<h3 style="text-align: center;">Šaty s volánikom Plum Rosali</h3>
<p style="text-align: center;"><span style="font-size: 10pt;"><strong><span style="font-size: 10pt;">S</span></strong><strong style="font-size: 10pt;">malé okno </strong><span style="font-size: 10pt;">s volánmi na rukávoch<strong>.</strong> Vzdušné svetlo pre pohodlie pri nosení. </span><strong style="font-size: 10pt;">Šaty sú nepochybne nevyhnutnosťou v jarnom šatníku už dlhé roky.</strong><span style="font-size: 10pt;"> Každá žena má vo svojom šatníku aspoň jedny takéto šaty.<strong> S</strong></span><strong style="font-size: 10pt;">Šaty urobia náš vzhľad svieži, módny a veľmi ženský </strong><span style="font-size: 10pt;"> je to ideálna ponuka na jarno-letnú sezónu. Preto naša ponuka obsahuje jedinečné návrhy letných šiat, ktoré môžete nosiť na mnoho rôznych spôsobov. Šaty s dlhším chrbtom s <strong>guma</strong> v páse dokonale zdôrazní vaše ženské tvary a upúta pohľady ostatných. </span><span style="font-size: 10pt;">Leto</span><b style="font-size: 10pt;"> šaty sú dokonalé </b><span style="font-size: 13.3333px;"><b>ponúknuť</b></span><b style="font-size: 10pt;"> ako na vychádzku s priateľmi, na rande alebo na svadbu. </b><span style="font-size: 10pt;">Model <strong>nepresvitá</strong> . Odporúčame pre dámy vo veľkosti XS SML XL.</span><br />
</span></p>
<p>&nbsp;</p>
<h3 style="text-align: center;">Rozmery:</h3>
<ul style="text-align: center;">
<li>celková dĺžka: 107 cm</li>
<li><span style="font-size: 10pt;">        šírka od pazuchy po pazuchu: 43 - 57 cm</span><span style="font-size: 10pt;"><span style="font-size: 10pt;">       </span></span></li>
<li>šírka pása: 30-59 cm (elastický)</li>
</ul>
<p style="text-align: center;">Rozmery sa môžu mierne líšiť od uvedených +/- 2cm. Všetky uvedené rozmery sú merané plošne. <strong>rozmer x2</strong></p>
<p style="text-align: center;"><span style="font-size: 10pt;"> </span></p>
<table style="height: 169px;" width="853">
<tbody>
<tr>
<td width="302">Meno modela</td>
<td width="302">Volánové šaty Rosali</td>
</tr>
<tr>
<td width="302">Farba</td>
<td width="302">Slivka</td>
</tr>
<tr>
<td width="302">Móda</td>
<td width="302">nadrozmerné</td>
</tr>
<tr>
<td width="302">Materiál</td>
<td width="302">95 % Polyester 5 % Elastan</td>
</tr>
<tr>
<td width="302">Dĺžka</td>
<td width="302">Asymetrické</td>
</tr>
</tbody>
</table>
<div class="tabs tabs-bb clear mb-80">
<div class="tab-content">
<div id="tab-description" class="tab-pane fade in woocommerce-Tabs-panel--description active">
<p style="text-align: center;">Model má <strong>169</strong> cm vysoký, nosí veľkosť každý deň <strong>S</strong></p>
<p style="text-align: center;">Šírka cez prsia 92 cm</p>
<p style="text-align: center;">Šírka v páse 62 cm</p>
<p style="text-align: center;">Šírka v bokoch 94 cm</p>
</div>
</div>
</div>
<section class="related products mb-80"></section>
<p style="text-align: center;">

<p>Sukienka z Falbanką Śliwka Rosali Sukienka z falbankami przy rękawach. Zwiewna lekka zapewniająca komfort w noszeniu. Sukienka to bez wątpienia od wielu lat must have w wiosennej garderobie. Każda kobieta posiada w swojej szafie choć jeden taki model sukienki. Sukienka sprawi, że nasz look będzie świeży, modny i bardzo kobiecy jest to idealna propozycja na</p>
<div class="klb-readmore post-buttons"><a class="button black outline size-sm" href="https://madelinefashion.pl/sk/sukienka-z-falbanka-sliwka-rosali/">Čítať ďalej <i class="klbth-icon-right-arrow"></i></a></div>

pracovný list
