{"id":8722,"date":"2021-04-18T15:46:30","date_gmt":"2021-04-18T13:46:30","guid":{"rendered":"https:\/\/madelinefashion.pl\/?post_type=product&#038;p=8722"},"modified":"2026-01-15T12:43:31","modified_gmt":"2026-01-15T11:43:31","slug":"narzutka-zamszowa-felicja-czerwona","status":"publish","type":"product","link":"https:\/\/madelinefashion.pl\/sk\/narzutka-zamszowa-felicja-czerwona\/","title":{"rendered":"\u010cerven\u00fd semi\u0161ov\u00fd pl\u00e1\u0161\u0165 Felicja"},"content":{"rendered":"<h3 style=\"text-align: center;\">\u010cerven\u00fd semi\u0161ov\u00fd pl\u00e1\u0161\u0165 Felicja<\/h3>\n<p style=\"text-align: center;\">Semi\u0161ov\u00fd pl\u00e1\u0161\u0165 s vreckami\u00a0 <strong>ide\u00e1lne <\/strong>n\u00e1vrh na <strong>jarn\u00e9 a chladnej\u0161ie letn\u00e9 dni. <\/strong>\u0160t\u00fdlov\u00fd semi\u0161ov\u00fd kab\u00e1t vyroben\u00fd z <strong>jemn\u00fd eko-semi\u0161<\/strong>. Model s ve\u013ek\u00fdm, praktick\u00fdm <strong>bedrov\u00e9 vreck\u00e1<\/strong>. Kab\u00e1t nem\u00e1 zap\u00ednanie. Je to spojenie elegancie, modernosti a funk\u010dnosti \u2013 semi\u0161ov\u00fd kab\u00e1t pristane ka\u017edej postave. Kab\u00e1t je univerz\u00e1lny - hod\u00ed sa na ka\u017ed\u00fa pr\u00edle\u017eitos\u0165, bude sa hodi\u0165 na ka\u017ed\u00fa pr\u00edle\u017eitos\u0165 <strong>sez\u00f3na ako deka<\/strong>, navy\u0161e v\u010faka prevedeniu semi\u0161 perfektne sed\u00ed. Kab\u00e1t je vyroben\u00fd z na dotyk pr\u00edjemn\u00e9ho semi\u0161u, stred kab\u00e1ta je tmav\u0161\u00ed.<\/p>\n<h3 style=\"text-align: center;\">Perfektn\u00fd kab\u00e1t na ka\u017ed\u00fa pr\u00edle\u017eitos\u0165<\/h3>\n<p style=\"text-align: center;\">Kab\u00e1t je dostupn\u00fd aj v in\u00fdch <strong>farebn\u00e9 varianty<\/strong> \u2013 odpor\u00fa\u010dame v\u00e1m zozn\u00e1mi\u0165 sa s na\u0161imi \u010fal\u0161\u00edmi produktmi. Ak sa neviete rozhodn\u00fa\u0165, ktor\u00e1 farba alebo ve\u013ekos\u0165 je pre v\u00e1s najvhodnej\u0161ia, kontaktujte n\u00e1s na Facebooku alebo telefonicky.<\/p>\n<h3 style=\"text-align: center;\">rozmery kab\u00e1ta:<\/h3>\n<ul style=\"text-align: center;\">\n<li>celkov\u00e1 d\u013a\u017eka chrbta: 79 cm<br \/>\ncelkov\u00e1 predn\u00e1 d\u013a\u017eka: 81 cm<\/li>\n<li>\u0161\u00edrka od pazuchy po pazuchu: 52-54 cm<\/li>\n<li>d\u013a\u017eka ruk\u00e1va od ramena: 58 cm<\/li>\n<li>d\u013a\u017eka ruk\u00e1va od podpazu\u0161ia: 43 cm<\/li>\n<li>odpor\u00fa\u010dan\u00fd maxim\u00e1lny obvod poprsia: 110 cm<\/li>\n<li>\u0161\u00edrka v bicepsoch: 40 cm<\/li>\n<\/ul>\n<p style=\"text-align: center;\">Univerz\u00e1lna ve\u013ekos\u0165 odpor\u00fa\u010dan\u00e1 od S do XXL<\/p>\n<p style=\"text-align: center;\">Rozmery sa m\u00f4\u017eu mierne l\u00ed\u0161i\u0165 od uveden\u00fdch +\/- 2cm. V\u0161etky uveden\u00e9 rozmery s\u00fa meran\u00e9 plo\u0161ne. <strong>Rozmer X2<\/strong><\/p>\n<p style=\"text-align: center;\"><strong>\u00a0<\/strong><\/p>\n<table width=\"617\">\n<tbody>\n<tr>\n<td width=\"302\">Meno modela<\/td>\n<td width=\"302\">semi\u0161ov\u00fd pl\u00e1\u0161\u0165 Felicja<\/td>\n<\/tr>\n<tr>\n<td width=\"302\">Farba<\/td>\n<td width=\"302\">\u010cerven\u00e1<\/td>\n<\/tr>\n<tr>\n<td width=\"302\">Zbierka<\/td>\n<td width=\"302\">Jar Leto Jese\u0148<\/td>\n<\/tr>\n<tr>\n<td width=\"302\">ve\u013ekosti<\/td>\n<td width=\"302\">Univerz\u00e1lny<\/td>\n<\/tr>\n<tr>\n<td width=\"302\">M\u00f3da<\/td>\n<td width=\"302\">nadrozmern\u00e9<\/td>\n<\/tr>\n<tr>\n<td width=\"302\">Hood<\/td>\n<td width=\"302\">Bez kapucne<\/td>\n<\/tr>\n<tr>\n<td width=\"302\">vreck\u00e1<\/td>\n<td width=\"302\">\u00c1no<\/td>\n<\/tr>\n<tr>\n<td width=\"302\">Materi\u00e1l<\/td>\n<td width=\"302\">Semi\u0161<\/td>\n<\/tr>\n<\/tbody>\n<\/table>\n<p>&nbsp;<\/p>\n<p style=\"text-align: center;\">Model m\u00e1\u00a0<strong>165<\/strong>\u00a0cm vysok\u00fd, nos\u00ed ve\u013ekos\u0165 ka\u017ed\u00fd de\u0148\u00a0<strong>S<\/strong><\/p>","protected":false},"excerpt":{"rendered":"<p>Narzutka Zamszowa Felicja Czerwona Narzutka zamszowa z kieszeniami\u00a0 idealna propozycja na wiosn\u0119 i ch\u0142odniejsze letnie dni. Stylowy p\u0142aszcz zamszowy wykonany z delikatnego eko &#8211; zamszu. Model z du\u017cymi, praktycznymi kieszeniami na wysoko\u015bci bioder. P\u0142aszcz nie posiada zapi\u0119cia. Jest to po\u0142\u0105czenie elegancji, nowoczesno\u015bci i funkcjonalno\u015bci \u2013 Zamszowy p\u0142aszczyk wpisuje si\u0119 w ka\u017cd\u0105 sylwetk\u0119. P\u0142aszcz jest uniwersalny<\/p>\n<div class=\"klb-readmore post-buttons\"><a class=\"button black outline size-sm\" href=\"https:\/\/madelinefashion.pl\/sk\/narzutka-zamszowa-felicja-czerwona\/\">\u010c\u00edta\u0165 \u010falej <i class=\"klbth-icon-right-arrow\"><\/i><\/a><\/div>","protected":false},"featured_media":8699,"template":"","meta":[],"product_brand":[],"product_cat":[120,279],"product_tag":[162],"class_list":{"0":"post-8722","1":"product","2":"type-product","3":"status-publish","4":"has-post-thumbnail","6":"product_cat-plaszcze-dlugie","7":"product_cat-plaszcze-wiosenne","8":"product_tag-narzutka","10":"first","11":"instock","12":"sale","13":"purchasable","14":"product-type-simple"},"_links":{"self":[{"href":"https:\/\/madelinefashion.pl\/sk\/wp-json\/wp\/v2\/product\/8722","targetHints":{"allow":["GET"]}}],"collection":[{"href":"https:\/\/madelinefashion.pl\/sk\/wp-json\/wp\/v2\/product"}],"about":[{"href":"https:\/\/madelinefashion.pl\/sk\/wp-json\/wp\/v2\/types\/product"}],"wp:featuredmedia":[{"embeddable":true,"href":"https:\/\/madelinefashion.pl\/sk\/wp-json\/wp\/v2\/media\/8699"}],"wp:attachment":[{"href":"https:\/\/madelinefashion.pl\/sk\/wp-json\/wp\/v2\/media?parent=8722"}],"wp:term":[{"taxonomy":"product_brand","embeddable":true,"href":"https:\/\/madelinefashion.pl\/sk\/wp-json\/wp\/v2\/product_brand?post=8722"},{"taxonomy":"product_cat","embeddable":true,"href":"https:\/\/madelinefashion.pl\/sk\/wp-json\/wp\/v2\/product_cat?post=8722"},{"taxonomy":"product_tag","embeddable":true,"href":"https:\/\/madelinefashion.pl\/sk\/wp-json\/wp\/v2\/product_tag?post=8722"}],"curies":[{"name":"pracovn\u00fd list","href":"https:\/\/api.w.org\/{rel}","templated":true}]}}

Červený semišový plášť Felicja

<h3 style="text-align: center;">Červený semišový plášť Felicja</h3>
<p style="text-align: center;">Semišový plášť s vreckami  <strong>ideálne </strong>návrh na <strong>jarné a chladnejšie letné dni. </strong>Štýlový semišový kabát vyrobený z <strong>jemný eko-semiš</strong>. Model s veľkým, praktickým <strong>bedrové vrecká</strong>. Kabát nemá zapínanie. Je to spojenie elegancie, modernosti a funkčnosti – semišový kabát pristane každej postave. Kabát je univerzálny - hodí sa na každú príležitosť, bude sa hodiť na každú príležitosť <strong>sezóna ako deka</strong>, navyše vďaka prevedeniu semiš perfektne sedí. Kabát je vyrobený z na dotyk príjemného semišu, stred kabáta je tmavší.</p>
<h3 style="text-align: center;">Perfektný kabát na každú príležitosť</h3>
<p style="text-align: center;">Kabát je dostupný aj v iných <strong>farebné varianty</strong> – odporúčame vám zoznámiť sa s našimi ďalšími produktmi. Ak sa neviete rozhodnúť, ktorá farba alebo veľkosť je pre vás najvhodnejšia, kontaktujte nás na Facebooku alebo telefonicky.</p>
<h3 style="text-align: center;">rozmery kabáta:</h3>
<ul style="text-align: center;">
<li>celková dĺžka chrbta: 79 cm<br />
celková predná dĺžka: 81 cm</li>
<li>šírka od pazuchy po pazuchu: 52-54 cm</li>
<li>dĺžka rukáva od ramena: 58 cm</li>
<li>dĺžka rukáva od podpazušia: 43 cm</li>
<li>odporúčaný maximálny obvod poprsia: 110 cm</li>
<li>šírka v bicepsoch: 40 cm</li>
</ul>
<p style="text-align: center;">Univerzálna veľkosť odporúčaná od S do XXL</p>
<p style="text-align: center;">Rozmery sa môžu mierne líšiť od uvedených +/- 2cm. Všetky uvedené rozmery sú merané plošne. <strong>Rozmer X2</strong></p>
<p style="text-align: center;"><strong> </strong></p>
<table width="617">
<tbody>
<tr>
<td width="302">Meno modela</td>
<td width="302">semišový plášť Felicja</td>
</tr>
<tr>
<td width="302">Farba</td>
<td width="302">Červená</td>
</tr>
<tr>
<td width="302">Zbierka</td>
<td width="302">Jar Leto Jeseň</td>
</tr>
<tr>
<td width="302">veľkosti</td>
<td width="302">Univerzálny</td>
</tr>
<tr>
<td width="302">Móda</td>
<td width="302">nadrozmerné</td>
</tr>
<tr>
<td width="302">Hood</td>
<td width="302">Bez kapucne</td>
</tr>
<tr>
<td width="302">vrecká</td>
<td width="302">Áno</td>
</tr>
<tr>
<td width="302">Materiál</td>
<td width="302">Semiš</td>
</tr>
</tbody>
</table>
<p>&nbsp;</p>
<p style="text-align: center;">Model má <strong>165</strong> cm vysoký, nosí veľkosť každý deň <strong>S</strong></p>

<p>Narzutka Zamszowa Felicja Czerwona Narzutka zamszowa z kieszeniami  idealna propozycja na wiosnę i chłodniejsze letnie dni. Stylowy płaszcz zamszowy wykonany z delikatnego eko &#8211; zamszu. Model z dużymi, praktycznymi kieszeniami na wysokości bioder. Płaszcz nie posiada zapięcia. Jest to połączenie elegancji, nowoczesności i funkcjonalności – Zamszowy płaszczyk wpisuje się w każdą sylwetkę. Płaszcz jest uniwersalny</p>
<div class="klb-readmore post-buttons"><a class="button black outline size-sm" href="https://madelinefashion.pl/sk/narzutka-zamszowa-felicja-czerwona/">Čítať ďalej <i class="klbth-icon-right-arrow"></i></a></div>

pracovný list
