{"id":8807,"date":"2021-04-18T20:41:09","date_gmt":"2021-04-18T18:41:09","guid":{"rendered":"https:\/\/madelinefashion.pl\/?post_type=product&#038;p=8807"},"modified":"2026-03-26T12:40:38","modified_gmt":"2026-03-26T11:40:38","slug":"marynarka-z-naszywka-i-paskiem-pudrowy-roz-nicol","status":"publish","type":"product","link":"https:\/\/madelinefashion.pl\/sk\/marynarka-z-naszywka-i-paskiem-pudrowy-roz-nicol\/","title":{"rendered":"Bunda s n\u00e1\u0161ivkou a opaskom Powder Pink Nicol"},"content":{"rendered":"<h3 style=\"text-align: center;\">Bunda s n\u00e1\u0161ivkou a opaskom Powder Pink Nicol<\/h3>\n<p style=\"text-align: center;\">Elegantn\u00e1 bunda s jemnou \u010diernou n\u00e1\u0161ivkou. Bunda m\u00e1 golier a vpredu figur\u00edny, zap\u00ednan\u00e9 na sponu. Bunda m\u00e1 v\u0161it\u00e9 ramenn\u00e9 vypch\u00e1vky. <strong>Klasick\u00e9 sako je prvkom oble\u010denia, ktor\u00fd by mal ma\u0165 v \u0161atn\u00edku ka\u017ed\u00fd z n\u00e1s. <\/strong>Ide\u00e1lne pre elegantn\u00e9 \u0161tyliz\u00e1cie a skvel\u00e9 pre oby\u010dajn\u00e9 tri\u010dko a d\u017e\u00ednsy. Vysoko kvalitn\u00fd materi\u00e1l. <strong>Origin\u00e1lny \u0161t\u00fdl<\/strong> bundy bud\u00fa fungova\u0165 v elegantnom aj \u0161portovom \u0161t\u00fdle. Ozdobn\u00e9 gomb\u00edky na man\u017eet\u00e1ch. Mimoriadne \u0161t\u00fdlov\u00e1 ponuka na ka\u017edodenn\u00e9 pou\u017eitie, ako aj na elegantnej\u0161ie \u0161tyliz\u00e1cie.<\/p>\n<h3 style=\"text-align: center;\">Rozmery:<\/h3>\n<p style=\"text-align: center;\"><strong>36\/S<\/strong><\/p>\n<p style=\"text-align: center;\">Celkov\u00e1 d\u013a\u017eka - 67 cm<br \/>\n\u0160\u00edrka ramien - 72 cm<br \/>\n\u0160\u00edrka od pazuchy po pazuchu - 86 cm<br \/>\n\u0160\u00edrka v p\u00e1se - 74 cm<br \/>\n\u0160\u00edrka v spodnej \u010dasti - 100 cm<br \/>\nD\u013a\u017eka ruk\u00e1va od ramena - 58 cm<br \/>\nD\u013a\u017eka ruk\u00e1va od podpazu\u0161ia - 40 cm<br \/>\n\u0160\u00edrka v bicepsoch - 30 cm<\/p>\n<p style=\"text-align: center;\"><strong>38\/M<\/strong><\/p>\n<p style=\"text-align: center;\">Celkov\u00e1 d\u013a\u017eka - 68 cm<br \/>\n\u0160\u00edrka ramien - 76 cm<br \/>\n\u0160\u00edrka od pazuchy po pazuchu - 90 cm<br \/>\n\u0160\u00edrka v p\u00e1se - 78 cm<br \/>\n\u0160\u00edrka v spodnej \u010dasti - 104 cm<br \/>\nD\u013a\u017eka ruk\u00e1va od ramena - 59 cm<br \/>\nD\u013a\u017eka ruk\u00e1va od podpazu\u0161ia - 41 cm<br \/>\n\u0160\u00edrka v bicepsoch - 32 cm<\/p>\n<p style=\"text-align: center;\"><strong>40\/L<\/strong><\/p>\n<p style=\"text-align: center;\">Celkov\u00e1 d\u013a\u017eka - 69 cm<br \/>\n\u0160\u00edrka ramien - 80 cm<br \/>\n\u0160\u00edrka od pazuchy po pazuchu - 94 cm<br \/>\n\u0160\u00edrka v p\u00e1se - 82 cm<br \/>\n\u0160\u00edrka v spodnej \u010dasti - 108 cm<br \/>\nD\u013a\u017eka ruk\u00e1va od ramena - 60 cm<br \/>\nD\u013a\u017eka ruk\u00e1va od podpazu\u0161ia - 42 cm<br \/>\n\u0160\u00edrka v bicepsoch - 34 cm<\/p>\n<table>\n<tbody>\n<tr>\n<td width=\"302\">Meno modela<\/td>\n<td width=\"302\">Bunda s n\u00e1\u0161ivkou a opaskom Nicol<\/td>\n<\/tr>\n<tr>\n<td width=\"302\">Farba<\/td>\n<td width=\"302\">P\u00fadrov\u00e1 ru\u017eov\u00e1<\/td>\n<\/tr>\n<tr>\n<td width=\"302\">ve\u013ekosti<\/td>\n<td width=\"302\">SML<\/td>\n<\/tr>\n<tr>\n<td width=\"302\">M\u00f3da<\/td>\n<td width=\"302\">Zhoda<\/td>\n<\/tr>\n<tr>\n<td width=\"302\">Materi\u00e1l<\/td>\n<td width=\"302\">97 % Polyester 3 % Elastan<\/td>\n<\/tr>\n<\/tbody>\n<\/table>\n<p style=\"text-align: center;\">\u00a0Model m\u00e1\u00a0<strong>165<\/strong>\u00a0cm vysok\u00fd, nos\u00ed ve\u013ekos\u0165 ka\u017ed\u00fd de\u0148\u00a0<strong>S<\/strong><\/p>\n<p style=\"text-align: center;\">","protected":false},"excerpt":{"rendered":"<p>Marynarka z Naszywk\u0105 i Paskiem Pudrowy R\u00f3\u017c Nicol Elegancka marynarka z delikatn\u0105 czarn\u0105 naszywk\u0105. Marynarka posiada ko\u0142nierz , oraz atrapy kieszeni z przodu, zapinana jest na klamr\u0119. Marynarka posiada wszyte poduszki na ramionach. Klasyczna marynarka to element garderoby, kt\u00f3ra powinna mie\u0107 ka\u017cda z Nas w swojej szafie. Idealna do eleganckich stylizacji oraz \u015bwietnie si\u0119 sprawdzi<\/p>\n<div class=\"klb-readmore post-buttons\"><a class=\"button black outline size-sm\" href=\"https:\/\/madelinefashion.pl\/sk\/marynarka-z-naszywka-i-paskiem-pudrowy-roz-nicol\/\">\u010c\u00edta\u0165 \u010falej <i class=\"klbth-icon-right-arrow\"><\/i><\/a><\/div>","protected":false},"featured_media":32866,"template":"","meta":[],"product_brand":[],"product_cat":[95,125,380],"product_tag":[],"class_list":{"0":"post-8807","1":"product","2":"type-product","3":"status-publish","4":"has-post-thumbnail","6":"product_cat-marynarki-i-zakiety","7":"product_cat-sukienki","8":"product_cat-wyprzedaz","9":"pa_rozmiar-m","10":"pa_rozmiar-l","11":"pa_rozmiar-s","13":"first","14":"instock","15":"sale","16":"purchasable","17":"product-type-variable"},"_links":{"self":[{"href":"https:\/\/madelinefashion.pl\/sk\/wp-json\/wp\/v2\/product\/8807","targetHints":{"allow":["GET"]}}],"collection":[{"href":"https:\/\/madelinefashion.pl\/sk\/wp-json\/wp\/v2\/product"}],"about":[{"href":"https:\/\/madelinefashion.pl\/sk\/wp-json\/wp\/v2\/types\/product"}],"wp:featuredmedia":[{"embeddable":true,"href":"https:\/\/madelinefashion.pl\/sk\/wp-json\/wp\/v2\/media\/32866"}],"wp:attachment":[{"href":"https:\/\/madelinefashion.pl\/sk\/wp-json\/wp\/v2\/media?parent=8807"}],"wp:term":[{"taxonomy":"product_brand","embeddable":true,"href":"https:\/\/madelinefashion.pl\/sk\/wp-json\/wp\/v2\/product_brand?post=8807"},{"taxonomy":"product_cat","embeddable":true,"href":"https:\/\/madelinefashion.pl\/sk\/wp-json\/wp\/v2\/product_cat?post=8807"},{"taxonomy":"product_tag","embeddable":true,"href":"https:\/\/madelinefashion.pl\/sk\/wp-json\/wp\/v2\/product_tag?post=8807"}],"curies":[{"name":"pracovn\u00fd list","href":"https:\/\/api.w.org\/{rel}","templated":true}]}}

Bunda s nášivkou a opaskom Powder Pink Nicol

<h3 style="text-align: center;">Bunda s nášivkou a opaskom Powder Pink Nicol</h3>
<p style="text-align: center;">Elegantná bunda s jemnou čiernou nášivkou. Bunda má golier a vpredu figuríny, zapínané na sponu. Bunda má všité ramenné vypchávky. <strong>Klasické sako je prvkom oblečenia, ktorý by mal mať v šatníku každý z nás. </strong>Ideálne pre elegantné štylizácie a skvelé pre obyčajné tričko a džínsy. Vysoko kvalitný materiál. <strong>Originálny štýl</strong> bundy budú fungovať v elegantnom aj športovom štýle. Ozdobné gombíky na manžetách. Mimoriadne štýlová ponuka na každodenné použitie, ako aj na elegantnejšie štylizácie.</p>
<h3 style="text-align: center;">Rozmery:</h3>
<p style="text-align: center;"><strong>36/S</strong></p>
<p style="text-align: center;">Celková dĺžka - 67 cm<br />
Šírka ramien - 72 cm<br />
Šírka od pazuchy po pazuchu - 86 cm<br />
Šírka v páse - 74 cm<br />
Šírka v spodnej časti - 100 cm<br />
Dĺžka rukáva od ramena - 58 cm<br />
Dĺžka rukáva od podpazušia - 40 cm<br />
Šírka v bicepsoch - 30 cm</p>
<p style="text-align: center;"><strong>38/M</strong></p>
<p style="text-align: center;">Celková dĺžka - 68 cm<br />
Šírka ramien - 76 cm<br />
Šírka od pazuchy po pazuchu - 90 cm<br />
Šírka v páse - 78 cm<br />
Šírka v spodnej časti - 104 cm<br />
Dĺžka rukáva od ramena - 59 cm<br />
Dĺžka rukáva od podpazušia - 41 cm<br />
Šírka v bicepsoch - 32 cm</p>
<p style="text-align: center;"><strong>40/L</strong></p>
<p style="text-align: center;">Celková dĺžka - 69 cm<br />
Šírka ramien - 80 cm<br />
Šírka od pazuchy po pazuchu - 94 cm<br />
Šírka v páse - 82 cm<br />
Šírka v spodnej časti - 108 cm<br />
Dĺžka rukáva od ramena - 60 cm<br />
Dĺžka rukáva od podpazušia - 42 cm<br />
Šírka v bicepsoch - 34 cm</p>
<table>
<tbody>
<tr>
<td width="302">Meno modela</td>
<td width="302">Bunda s nášivkou a opaskom Nicol</td>
</tr>
<tr>
<td width="302">Farba</td>
<td width="302">Púdrová ružová</td>
</tr>
<tr>
<td width="302">veľkosti</td>
<td width="302">SML</td>
</tr>
<tr>
<td width="302">Móda</td>
<td width="302">Zhoda</td>
</tr>
<tr>
<td width="302">Materiál</td>
<td width="302">97 % Polyester 3 % Elastan</td>
</tr>
</tbody>
</table>
<p style="text-align: center;"> Model má <strong>165</strong> cm vysoký, nosí veľkosť každý deň <strong>S</strong></p>
<p style="text-align: center;">

<p>Marynarka z Naszywką i Paskiem Pudrowy Róż Nicol Elegancka marynarka z delikatną czarną naszywką. Marynarka posiada kołnierz , oraz atrapy kieszeni z przodu, zapinana jest na klamrę. Marynarka posiada wszyte poduszki na ramionach. Klasyczna marynarka to element garderoby, która powinna mieć każda z Nas w swojej szafie. Idealna do eleganckich stylizacji oraz świetnie się sprawdzi</p>
<div class="klb-readmore post-buttons"><a class="button black outline size-sm" href="https://madelinefashion.pl/sk/marynarka-z-naszywka-i-paskiem-pudrowy-roz-nicol/">Čítať ďalej <i class="klbth-icon-right-arrow"></i></a></div>

pracovný list
