{"id":90751,"date":"2023-05-29T12:47:27","date_gmt":"2023-05-29T10:47:27","guid":{"rendered":"https:\/\/madelinefashion.pl\/?post_type=product&#038;p=90751"},"modified":"2026-04-10T14:43:30","modified_gmt":"2026-04-10T12:43:30","slug":"sukienka-koronkowa-na-ramiaczkach-malaga-czarna","status":"publish","type":"product","link":"https:\/\/madelinefashion.pl\/sk\/sukienka-koronkowa-na-ramiaczkach-malaga-czarna\/","title":{"rendered":"\u010cipkovan\u00e9 \u0161aty na ramienka Malaga \u010dierna"},"content":{"rendered":"<h3 style=\"text-align: center;\">\u010cipkovan\u00e9 \u0161aty na ramienka Malaga \u010dierna<\/h3>\n<p style=\"text-align: center;\"><strong>Malagsk\u00e9 \u010dipkovan\u00e9 \u0161aty s ramienkami <\/strong>je to perfektn\u00e1 ponuka na ka\u017edodenn\u00e9 aj ve\u010dern\u00e9 v\u00fdlety! \u0160aty s\u00fa vyroben\u00e9 z najkvalitnej\u0161ieho, na dotyk pr\u00edjemn\u00e9ho materi\u00e1lu, ktor\u00fd vyzer\u00e1 ve\u013emi dobre <strong>\u017eensk\u00fd<\/strong>. Vzdu\u0161n\u00fd\u00a0<a href=\"https:\/\/madelinefashion.pl\/sk\/sukienki-i-kombinezony\/sukienki\/\">\u0161aty<\/a> bude perfektn\u00fd po\u010das sviatkov, stretnut\u00ed s priate\u013emi a dokonca aj po\u010das osl\u00e1v. M\u00e1 nastavite\u013en\u00fd vrch, navy\u0161e jeho ve\u013ekou v\u00fdhodou s\u00fa <strong>polstrovan\u00e9 ko\u0161\u00ed\u010dky<\/strong>\u00a0tak\u017ee ho m\u00f4\u017eete nosi\u0165 aj bez podprsenky. \u0160aty maj\u00fa v\u0161it\u00fa bavlnen\u00fa pod\u0161\u00edvku, nie s\u00fa priesvitn\u00e9. Bol vyroben\u00fd kvalitne <strong>pr\u00e9mie.<\/strong> Ozdobn\u00fd prelamovan\u00fd vrch z neho rob\u00ed mimoriadne \u017eensk\u00fd. <strong>\u0160aty v boho \u0161t\u00fdle<\/strong>\u00a0o vych\u00fdrenej m\u00f3de dod\u00e1 \u0161arm ka\u017edej \u017eene. Prelamovan\u00e9 letn\u00e9 \u0161aty d<span lang=\"pl-pl\" xml:lang=\"pl-pl\">dokonale o\u017eiv\u00ed ka\u017ed\u00fa va\u0161u \u0161tyliz\u00e1ciu. Roz\u0161\u00edren\u00e9 \u0161aty v\u00e1m pom\u00f4\u017eu vytvori\u0165 diev\u010densk\u00fd vzh\u013ead na r\u00f4zne pr\u00edle\u017eitosti. V kombin\u00e1cii s <a href=\"https:\/\/madelinefashion.pl\/sk\/product-tag\/ramoneski\/\">Ramones<\/a>\u00a0alebo\u00a0<a href=\"https:\/\/madelinefashion.pl\/sk\/?s=marynarka&amp;post_type=product\">bunda<\/a> vytvor\u00edte \u0161t\u00fdlov\u00fd styling na ka\u017ed\u00fd de\u0148! <\/span>Na\u0161e \u0161aty s\u00fa ide\u00e1lnym n\u00e1vrhom pre\u00a0<strong>tepl\u00e9 jarn\u00e9 a letn\u00e9 dni<\/strong>.\u00a0<strong>odpor\u00fa\u010dan\u00e9<\/strong> pre d\u00e1my vo ve\u013e\u00a0<strong> XS SML<\/strong>\u00a0ak nos\u00edte v\u00e4\u010d\u0161iu ve\u013ekos\u0165, pozrite si tabu\u013eku ni\u017e\u0161ie.<\/p>\n<h3 style=\"text-align: center;\">Rozmery \u0161iat:<\/h3>\n<ul style=\"text-align: center;\">\n<li>celkov\u00e1 d\u013a\u017eka 98 cm<\/li>\n<li>\u0161\u00edrka od pazuchy po pazuchu: 28-38 cm<\/li>\n<li>\u0161\u00edrka p\u00e1sa: 28 \u2013 39 cm<\/li>\n<\/ul>\n<p>&nbsp;<\/p>\n<p style=\"text-align: center;\">Rozmery sa m\u00f4\u017eu mierne l\u00ed\u0161i\u0165 od uveden\u00fdch +\/- 2cm. V\u0161etky uveden\u00e9 rozmery s\u00fa meran\u00e9 plo\u0161ne. <strong>rozmer x2<\/strong><\/p>\n<table style=\"height: 257px;\" width=\"689\">\n<tbody>\n<tr>\n<td width=\"302\">Meno modela<\/td>\n<td width=\"302\">Malagsk\u00e9 \u010dipkovan\u00e9 \u0161aty s ramienkami<\/td>\n<\/tr>\n<tr>\n<td width=\"302\">Farba<\/td>\n<td width=\"302\">\u010dierna<\/td>\n<\/tr>\n<tr>\n<td width=\"302\">Zbierka<\/td>\n<td width=\"302\">Jar leto<\/td>\n<\/tr>\n<tr>\n<td width=\"302\">ve\u013ekosti<\/td>\n<td width=\"302\">Univerz\u00e1lny<\/td>\n<\/tr>\n<tr>\n<td width=\"302\">Zlo\u017eenie<\/td>\n<td width=\"302\">65% bavlna 30% nylon 5 % visk\u00f3za<\/td>\n<\/tr>\n<tr>\n<td width=\"302\">D\u013a\u017eka<\/td>\n<td width=\"302\">Pred kolenom<\/td>\n<\/tr>\n<tr>\n<td width=\"302\">\u0160tiepenie<\/td>\n<td width=\"302\">V<\/td>\n<\/tr>\n<\/tbody>\n<\/table>\n<p>&nbsp;<\/p>\n<section class=\"page-product-box\">\n<div class=\"rte\">\n<p style=\"text-align: center;\">Model m\u00e1\u00a0<strong>169<\/strong>\u00a0cm vysok\u00fd, nos\u00ed ve\u013ekos\u0165 ka\u017ed\u00fd de\u0148\u00a0<strong>S<\/strong><\/p>\n<p style=\"text-align: center;\">\u0160\u00edrka cez prsia 92 cm<\/p>\n<p style=\"text-align: center;\">\u0160\u00edrka v p\u00e1se 62 cm<\/p>\n<p style=\"text-align: center;\">\u0160\u00edrka v bokoch 94 cm<\/p>\n<p style=\"text-align: center;\">\n<\/div>\n<\/section>","protected":false},"excerpt":{"rendered":"<p>Sukienka Koronkowa Na Rami\u0105czkach Malaga Czarna Sukienka Koronkowa Na Rami\u0105czkach Malaga to idealna propozycja zar\u00f3wno na co dzie\u0144 jak i na wieczorne wyj\u015bcie! Sukienka wykonana jest z najwy\u017cszej jako\u015bci, przyjemnego w dotyku materia\u0142u, kt\u00f3ry wygl\u0105da bardzo kobieco. Zwiewna\u00a0sukienka sprawdzi si\u0119 podczas urlopu, spotka\u0144 ze znajomymi a nawet podczas uroczysto\u015bci. Posiada regulowan\u0105 g\u00f3r\u0119 , dodatkowo jej<\/p>\n<div class=\"klb-readmore post-buttons\"><a class=\"button black outline size-sm\" href=\"https:\/\/madelinefashion.pl\/sk\/sukienka-koronkowa-na-ramiaczkach-malaga-czarna\/\">\u010c\u00edta\u0165 \u010falej <i class=\"klbth-icon-right-arrow\"><\/i><\/a><\/div>","protected":false},"featured_media":90561,"template":"","meta":[],"product_brand":[],"product_cat":[125],"product_tag":[213,530,262],"class_list":{"0":"post-90751","1":"product","2":"type-product","3":"status-publish","4":"has-post-thumbnail","6":"product_cat-sukienki","7":"product_tag-sukienka-czarna","8":"product_tag-sukienki-koronkowe","9":"product_tag-sukienki-krotkie","11":"first","12":"instock","13":"purchasable","14":"product-type-simple"},"_links":{"self":[{"href":"https:\/\/madelinefashion.pl\/sk\/wp-json\/wp\/v2\/product\/90751","targetHints":{"allow":["GET"]}}],"collection":[{"href":"https:\/\/madelinefashion.pl\/sk\/wp-json\/wp\/v2\/product"}],"about":[{"href":"https:\/\/madelinefashion.pl\/sk\/wp-json\/wp\/v2\/types\/product"}],"wp:featuredmedia":[{"embeddable":true,"href":"https:\/\/madelinefashion.pl\/sk\/wp-json\/wp\/v2\/media\/90561"}],"wp:attachment":[{"href":"https:\/\/madelinefashion.pl\/sk\/wp-json\/wp\/v2\/media?parent=90751"}],"wp:term":[{"taxonomy":"product_brand","embeddable":true,"href":"https:\/\/madelinefashion.pl\/sk\/wp-json\/wp\/v2\/product_brand?post=90751"},{"taxonomy":"product_cat","embeddable":true,"href":"https:\/\/madelinefashion.pl\/sk\/wp-json\/wp\/v2\/product_cat?post=90751"},{"taxonomy":"product_tag","embeddable":true,"href":"https:\/\/madelinefashion.pl\/sk\/wp-json\/wp\/v2\/product_tag?post=90751"}],"curies":[{"name":"pracovn\u00fd list","href":"https:\/\/api.w.org\/{rel}","templated":true}]}}

Čipkované šaty na ramienka Malaga čierna

<h3 style="text-align: center;">Čipkované šaty na ramienka Malaga čierna</h3>
<p style="text-align: center;"><strong>Malagské čipkované šaty s ramienkami </strong>je to perfektná ponuka na každodenné aj večerné výlety! Šaty sú vyrobené z najkvalitnejšieho, na dotyk príjemného materiálu, ktorý vyzerá veľmi dobre <strong>ženský</strong>. Vzdušný <a href="https://madelinefashion.pl/sk/sukienki-i-kombinezony/sukienki/">šaty</a> bude perfektný počas sviatkov, stretnutí s priateľmi a dokonca aj počas osláv. Má nastaviteľný vrch, navyše jeho veľkou výhodou sú <strong>polstrované košíčky</strong> takže ho môžete nosiť aj bez podprsenky. Šaty majú všitú bavlnenú podšívku, nie sú priesvitné. Bol vyrobený kvalitne <strong>prémie.</strong> Ozdobný prelamovaný vrch z neho robí mimoriadne ženský. <strong>Šaty v boho štýle</strong> o vychýrenej móde dodá šarm každej žene. Prelamované letné šaty d<span lang="pl-pl" xml:lang="pl-pl">dokonale oživí každú vašu štylizáciu. Rozšírené šaty vám pomôžu vytvoriť dievčenský vzhľad na rôzne príležitosti. V kombinácii s <a href="https://madelinefashion.pl/sk/product-tag/ramoneski/">Ramones</a> alebo <a href="https://madelinefashion.pl/sk/?s=marynarka&amp;post_type=product">bunda</a> vytvoríte štýlový styling na každý deň! </span>Naše šaty sú ideálnym návrhom pre <strong>teplé jarné a letné dni</strong>. <strong>odporúčané</strong> pre dámy vo veľ <strong> XS SML</strong> ak nosíte väčšiu veľkosť, pozrite si tabuľku nižšie.</p>
<h3 style="text-align: center;">Rozmery šiat:</h3>
<ul style="text-align: center;">
<li>celková dĺžka 98 cm</li>
<li>šírka od pazuchy po pazuchu: 28-38 cm</li>
<li>šírka pása: 28 – 39 cm</li>
</ul>
<p>&nbsp;</p>
<p style="text-align: center;">Rozmery sa môžu mierne líšiť od uvedených +/- 2cm. Všetky uvedené rozmery sú merané plošne. <strong>rozmer x2</strong></p>
<table style="height: 257px;" width="689">
<tbody>
<tr>
<td width="302">Meno modela</td>
<td width="302">Malagské čipkované šaty s ramienkami</td>
</tr>
<tr>
<td width="302">Farba</td>
<td width="302">čierna</td>
</tr>
<tr>
<td width="302">Zbierka</td>
<td width="302">Jar leto</td>
</tr>
<tr>
<td width="302">veľkosti</td>
<td width="302">Univerzálny</td>
</tr>
<tr>
<td width="302">Zloženie</td>
<td width="302">65% bavlna 30% nylon 5 % viskóza</td>
</tr>
<tr>
<td width="302">Dĺžka</td>
<td width="302">Pred kolenom</td>
</tr>
<tr>
<td width="302">Štiepenie</td>
<td width="302">V</td>
</tr>
</tbody>
</table>
<p>&nbsp;</p>
<section class="page-product-box">
<div class="rte">
<p style="text-align: center;">Model má <strong>169</strong> cm vysoký, nosí veľkosť každý deň <strong>S</strong></p>
<p style="text-align: center;">Šírka cez prsia 92 cm</p>
<p style="text-align: center;">Šírka v páse 62 cm</p>
<p style="text-align: center;">Šírka v bokoch 94 cm</p>
<p style="text-align: center;">
</div>
</section>

<p>Sukienka Koronkowa Na Ramiączkach Malaga Czarna Sukienka Koronkowa Na Ramiączkach Malaga to idealna propozycja zarówno na co dzień jak i na wieczorne wyjście! Sukienka wykonana jest z najwyższej jakości, przyjemnego w dotyku materiału, który wygląda bardzo kobieco. Zwiewna sukienka sprawdzi się podczas urlopu, spotkań ze znajomymi a nawet podczas uroczystości. Posiada regulowaną górę , dodatkowo jej</p>
<div class="klb-readmore post-buttons"><a class="button black outline size-sm" href="https://madelinefashion.pl/sk/sukienka-koronkowa-na-ramiaczkach-malaga-czarna/">Čítať ďalej <i class="klbth-icon-right-arrow"></i></a></div>

pracovný list
