{"id":91275,"date":"2023-05-31T16:06:24","date_gmt":"2023-05-31T14:06:24","guid":{"rendered":"https:\/\/madelinefashion.pl\/?post_type=product&#038;p=91275"},"modified":"2025-09-09T10:14:06","modified_gmt":"2025-09-09T08:14:06","slug":"sukienka-asymetryczna-z-paskiem-leya-koralowa","status":"publish","type":"product","link":"https:\/\/madelinefashion.pl\/sk\/sukienka-asymetryczna-z-paskiem-leya-koralowa\/","title":{"rendered":"Asymetrick\u00e9 \u0161aty Leya Coral s opaskom"},"content":{"rendered":"<h3 style=\"text-align: center;\">Asymetrick\u00e9 \u0161aty Leya Coral s opaskom<\/h3>\n<p style=\"text-align: center;\"><strong>Elegantn\u00e9 \u0161aty<\/strong>\u00a0s asymetrick\u00fdm strihom. Materi\u00e1l \u0161iat neobmedzuje v pohybe a je ve\u013emi pru\u017en\u00fd. D\u00e1 sa nosi\u0165 \u0161portovo aj elegantne. <strong>Navy\u0161e m\u00e1 nariasen\u00fd opasok<\/strong> . Elegantn\u00fd model sa bude hodi\u0165 na ka\u017ed\u00fa pr\u00edle\u017eitos\u0165, kde sa chcete c\u00edti\u0165 v\u00fdnimo\u010dne. \u0160aty ve\u013emi jemn\u00fdm sp\u00f4sobom zd\u00f4raz\u0148uj\u00fa siluetu. \u0160aty Leya v univerz\u00e1lnej ve\u013ekosti odpor\u00fa\u010dan\u00e9 od XS do max L<\/p>\n<p>&nbsp;<\/p>\n<h3 style=\"text-align: center;\">\u00a0 \u00a0 \u00a0 \u00a0 \u00a0 \u00a0 \u00a0 \u00a0 \u00a0 Rozmery:<\/h3>\n<ul style=\"text-align: center;\">\n<li>\u00a0\u00a0\u00a0\u00a0\u00a0\u00a0\u00a0 celkov\u00e1 d\u013a\u017eka v najkrat\u0161om bode: 89 cm<br \/>\ncelkov\u00e1 d\u013a\u017eka v najdlh\u0161om bode: 115 cm<\/li>\n<li>\u00a0\u00a0\u00a0\u00a0\u00a0\u00a0\u00a0 \u0161\u00edrka od pazuchy po pazuchu: 37 -57 cm<\/li>\n<li>\u00a0 \u00a0 \u00a0 \u00a0 \u0161\u00edrka p\u00e1sa: 30 - 55 cm<\/li>\n<li><\/li>\n<li><\/li>\n<\/ul>\n<p style=\"text-align: center;\">Rozmery sa m\u00f4\u017eu mierne l\u00ed\u0161i\u0165 od uveden\u00fdch +\/- 2cm. V\u0161etky uveden\u00e9 rozmery s\u00fa meran\u00e9 plo\u0161ne. rozmer x2<\/p>\n<p>&nbsp;<\/p>\n<table>\n<tbody>\n<tr>\n<td width=\"302\"><span style=\"font-size: 10pt;\">Meno modela<\/span><\/td>\n<td width=\"302\">Asymetrick\u00e9 \u0161aty s opaskom Ley<\/td>\n<\/tr>\n<tr>\n<td width=\"302\"><span style=\"font-size: 10pt;\">Farba<\/span><\/td>\n<td width=\"302\">Coral<\/td>\n<\/tr>\n<tr>\n<td width=\"302\"><span style=\"font-size: 10pt;\">M\u00f3da<\/span><\/td>\n<td width=\"302\"><span style=\"font-size: 10pt;\">Zhoda<\/span><\/td>\n<\/tr>\n<tr>\n<td width=\"302\"><span style=\"font-size: 10pt;\">Materi\u00e1l<\/span><\/td>\n<td width=\"302\"><span style=\"font-size: 10pt;\">95% visk\u00f3za 5 % elastan\u00a0<\/span><\/td>\n<\/tr>\n<tr>\n<td width=\"302\"><span style=\"font-size: 10pt;\">D\u013a\u017eka<\/span><\/td>\n<td width=\"302\"><span style=\"font-size: 13.3333px;\">Asymetrick\u00e9<\/span><\/td>\n<\/tr>\n<\/tbody>\n<\/table>\n<p style=\"text-align: center;\"><span style=\"font-size: 10pt;\">\u00a0<\/span><\/p>\n<div class=\"tabs tabs-bb clear mb-80\">\n<div class=\"tab-content\">\n<div id=\"tab-description\" class=\"tab-pane fade in woocommerce-Tabs-panel--description active\">\n<p style=\"text-align: center;\">Model m\u00e1\u00a0<strong>169<\/strong>\u00a0cm vysok\u00fd, nos\u00ed ve\u013ekos\u0165 ka\u017ed\u00fd de\u0148\u00a0<strong>S<\/strong><\/p>\n<p style=\"text-align: center;\">\u0160\u00edrka cez prsia 92 cm<\/p>\n<p style=\"text-align: center;\">\u0160\u00edrka v p\u00e1se 62 cm<\/p>\n<p style=\"text-align: center;\">\u0160\u00edrka v bokoch 94 cm<\/p>\n<\/div>\n<\/div>\n<\/div>\n<div class=\"additional-details\" style=\"text-align: center;\">\n<p style=\"text-align: center;\"><span style=\"font-size: 10pt;\">\u00a0<\/span><\/p>\n<\/div>","protected":false},"excerpt":{"rendered":"<p>Asymetrick\u00e9 \u0161aty Leya Coral s opaskom. Elegantn\u00e9 \u0161aty s asymetrick\u00fdm strihom. Materi\u00e1l umo\u017e\u0148uje neobmedzen\u00fd pohyb a je ve\u013emi elastick\u00fd. Mo\u017eno ich nosi\u0165 k \u0161portov\u00fdm aj elegantn\u00fdm outfitom. Maj\u00fa tie\u017e nariasen\u00fd opasok. Tento elegantn\u00fd dizajn je ide\u00e1lny pre ka\u017ed\u00fa pr\u00edle\u017eitos\u0165, pri ktorej sa chcete c\u00edti\u0165 v\u00fdnimo\u010dne. \u0160aty jemne zv\u00fdraz\u0148uj\u00fa siluetu.<\/p>\n<div class=\"klb-readmore post-buttons\"><a class=\"button black outline size-sm\" href=\"https:\/\/madelinefashion.pl\/sk\/sukienka-asymetryczna-z-paskiem-leya-koralowa\/\">\u010c\u00edta\u0165 \u010falej <i class=\"klbth-icon-right-arrow\"><\/i><\/a><\/div>","protected":false},"featured_media":91276,"template":"","meta":[],"product_brand":[],"product_cat":[125,395],"product_tag":[262],"class_list":{"0":"post-91275","1":"product","2":"type-product","3":"status-publish","4":"has-post-thumbnail","6":"product_cat-sukienki","7":"product_cat-nowosci","8":"product_tag-sukienki-krotkie","10":"first","11":"instock","12":"purchasable","13":"product-type-simple"},"_links":{"self":[{"href":"https:\/\/madelinefashion.pl\/sk\/wp-json\/wp\/v2\/product\/91275","targetHints":{"allow":["GET"]}}],"collection":[{"href":"https:\/\/madelinefashion.pl\/sk\/wp-json\/wp\/v2\/product"}],"about":[{"href":"https:\/\/madelinefashion.pl\/sk\/wp-json\/wp\/v2\/types\/product"}],"wp:featuredmedia":[{"embeddable":true,"href":"https:\/\/madelinefashion.pl\/sk\/wp-json\/wp\/v2\/media\/91276"}],"wp:attachment":[{"href":"https:\/\/madelinefashion.pl\/sk\/wp-json\/wp\/v2\/media?parent=91275"}],"wp:term":[{"taxonomy":"product_brand","embeddable":true,"href":"https:\/\/madelinefashion.pl\/sk\/wp-json\/wp\/v2\/product_brand?post=91275"},{"taxonomy":"product_cat","embeddable":true,"href":"https:\/\/madelinefashion.pl\/sk\/wp-json\/wp\/v2\/product_cat?post=91275"},{"taxonomy":"product_tag","embeddable":true,"href":"https:\/\/madelinefashion.pl\/sk\/wp-json\/wp\/v2\/product_tag?post=91275"}],"curies":[{"name":"pracovn\u00fd list","href":"https:\/\/api.w.org\/{rel}","templated":true}]}}

Asymetrické šaty Leya Coral s opaskom

<h3 style="text-align: center;">Asymetrické šaty Leya Coral s opaskom</h3>
<p style="text-align: center;"><strong>Elegantné šaty</strong> s asymetrickým strihom. Materiál šiat neobmedzuje v pohybe a je veľmi pružný. Dá sa nosiť športovo aj elegantne. <strong>Navyše má nariasený opasok</strong> . Elegantný model sa bude hodiť na každú príležitosť, kde sa chcete cítiť výnimočne. Šaty veľmi jemným spôsobom zdôrazňujú siluetu. Šaty Leya v univerzálnej veľkosti odporúčané od XS do max L</p>
<p>&nbsp;</p>
<h3 style="text-align: center;">                  Rozmery:</h3>
<ul style="text-align: center;">
<li>        celková dĺžka v najkratšom bode: 89 cm<br />
celková dĺžka v najdlhšom bode: 115 cm</li>
<li>        šírka od pazuchy po pazuchu: 37 -57 cm</li>
<li>        šírka pása: 30 - 55 cm</li>
<li></li>
<li></li>
</ul>
<p style="text-align: center;">Rozmery sa môžu mierne líšiť od uvedených +/- 2cm. Všetky uvedené rozmery sú merané plošne. rozmer x2</p>
<p>&nbsp;</p>
<table>
<tbody>
<tr>
<td width="302"><span style="font-size: 10pt;">Meno modela</span></td>
<td width="302">Asymetrické šaty s opaskom Ley</td>
</tr>
<tr>
<td width="302"><span style="font-size: 10pt;">Farba</span></td>
<td width="302">Coral</td>
</tr>
<tr>
<td width="302"><span style="font-size: 10pt;">Móda</span></td>
<td width="302"><span style="font-size: 10pt;">Zhoda</span></td>
</tr>
<tr>
<td width="302"><span style="font-size: 10pt;">Materiál</span></td>
<td width="302"><span style="font-size: 10pt;">95% viskóza 5 % elastan </span></td>
</tr>
<tr>
<td width="302"><span style="font-size: 10pt;">Dĺžka</span></td>
<td width="302"><span style="font-size: 13.3333px;">Asymetrické</span></td>
</tr>
</tbody>
</table>
<p style="text-align: center;"><span style="font-size: 10pt;"> </span></p>
<div class="tabs tabs-bb clear mb-80">
<div class="tab-content">
<div id="tab-description" class="tab-pane fade in woocommerce-Tabs-panel--description active">
<p style="text-align: center;">Model má <strong>169</strong> cm vysoký, nosí veľkosť každý deň <strong>S</strong></p>
<p style="text-align: center;">Šírka cez prsia 92 cm</p>
<p style="text-align: center;">Šírka v páse 62 cm</p>
<p style="text-align: center;">Šírka v bokoch 94 cm</p>
</div>
</div>
</div>
<div class="additional-details" style="text-align: center;">
<p style="text-align: center;"><span style="font-size: 10pt;"> </span></p>
</div>

<p>Asymetrické šaty Leya Coral s opaskom. Elegantné šaty s asymetrickým strihom. Materiál umožňuje neobmedzený pohyb a je veľmi elastický. Možno ich nosiť k športovým aj elegantným outfitom. Majú tiež nariasený opasok. Tento elegantný dizajn je ideálny pre každú príležitosť, pri ktorej sa chcete cítiť výnimočne. Šaty jemne zvýrazňujú siluetu.</p>
<div class="klb-readmore post-buttons"><a class="button black outline size-sm" href="https://madelinefashion.pl/sk/sukienka-asymetryczna-z-paskiem-leya-koralowa/">Čítať ďalej <i class="klbth-icon-right-arrow"></i></a></div>

pracovný list
