{"id":91521,"date":"2023-06-01T17:28:00","date_gmt":"2023-06-01T15:28:00","guid":{"rendered":"https:\/\/madelinefashion.pl\/?post_type=product&#038;p=91521"},"modified":"2025-09-09T10:13:48","modified_gmt":"2025-09-09T08:13:48","slug":"sukienka-plisowana-na-jedno-ramie-melody-amarant","status":"publish","type":"product","link":"https:\/\/madelinefashion.pl\/sk\/sukienka-plisowana-na-jedno-ramie-melody-amarant\/","title":{"rendered":"Skladan\u00e9 \u0161aty na jedno rameno Melody Amaranth"},"content":{"rendered":"<h3 style=\"text-align: center;\">Skladan\u00e9 \u0161aty na jedno rameno Melody Amaranth<\/h3>\n<p style=\"text-align: center;\"><span style=\"vertical-align: inherit;\"><span style=\"vertical-align: inherit;\"><b><span style=\"vertical-align: inherit;\"><span style=\"vertical-align: inherit;\">Fenomen\u00e1lne skladan\u00e9 \u0161aty na jedno rameno <\/span><\/span><\/b><span style=\"vertical-align: inherit;\"><span style=\"vertical-align: inherit;\">t<\/span><\/span><span style=\"vertical-align: inherit;\"><span style=\"vertical-align: inherit;\">za bestseller v na\u0161om obchode. <\/span><span style=\"vertical-align: inherit;\">S<\/span><\/span><\/span><span style=\"vertical-align: inherit;\"><span style=\"vertical-align: inherit;\"><span style=\"vertical-align: inherit;\">pr\u00e1va, ktor\u00e9 okolo v\u00e1s nikto \u013eahostajne neprejde. <\/span><\/span><span style=\"vertical-align: inherit;\"><span style=\"vertical-align: inherit;\"><b>\u0160aty maj\u00fa vo\u013en\u00fd, hladk\u00fd, vzdu\u0161n\u00fd spodok. <\/b><\/span><\/span><span style=\"vertical-align: inherit;\"><span style=\"vertical-align: inherit;\">Vyroben\u00e9 z materi\u00e1lu pr\u00edjemn\u00e9ho na dotyk. <\/span><span style=\"vertical-align: inherit;\">Vysok\u00e1 kvalita materi\u00e1lu zaist\u00ed pohodlie pri nosen\u00ed. <\/span><\/span><span style=\"vertical-align: inherit;\"><span style=\"vertical-align: inherit;\">c<\/span><\/span><\/span><\/span><span style=\"vertical-align: inherit;\"><span style=\"vertical-align: inherit;\">odpor vytv\u00e1ra v\u00fdnimo\u010dn\u00e9\u00a0<\/span><\/span><span style=\"vertical-align: inherit;\"><span style=\"vertical-align: inherit;\"><b>hrot. <\/b><\/span><\/span><span style=\"vertical-align: inherit;\"><span style=\"vertical-align: inherit;\">Ako stvoren\u00e9 na tepl\u00e9 jarn\u00e9 a letn\u00e9 dni, ako po\u010das pr\u00e1zdnin, tak aj v zhone mesta. <\/span><\/span><strong><span style=\"vertical-align: inherit;\"><span style=\"vertical-align: inherit;\">Budete pote\u0161en\u00ed, dokonal\u00fd strih, ktor\u00fd je alternat\u00edvou kombin\u00e9zy. <\/span><\/span><\/strong><span style=\"vertical-align: inherit;\"><span style=\"vertical-align: inherit;\">\u0160aty s plisovan\u00fdm topom <\/span><\/span><strong><span style=\"vertical-align: inherit;\"><span style=\"vertical-align: inherit;\">m\u00e1 pod\u0161\u00edvku <\/span><\/span><\/strong><span style=\"vertical-align: inherit;\"><span style=\"vertical-align: inherit;\">okolo kolien<\/span><\/span><strong><span style=\"vertical-align: inherit;\"><span style=\"vertical-align: inherit;\">. <\/span><\/span><\/strong><span style=\"vertical-align: inherit;\"><span style=\"vertical-align: inherit;\">Pohodln\u00e9 nosenie v sofistikovanom \u0161t\u00fdle mus\u00ed by\u0165 vo va\u0161om \u0161atn\u00edku. <\/span><\/span><strong><span style=\"vertical-align: inherit;\"><span style=\"vertical-align: inherit;\">Elegantn\u00e9 a ve\u013emi \u017eensk\u00e9 plisovan\u00e9 \u0161aty.<\/span><\/span><\/strong><span style=\"vertical-align: inherit;\"><span style=\"vertical-align: inherit;\"> \u00a0 Odpor\u00fa\u010da sa pre \u017eeny, ktor\u00e9 nosia ve\u013e <\/span><\/span><strong><span style=\"vertical-align: inherit;\"><span style=\"vertical-align: inherit;\">XS SML XL.\u00a0 <\/span><\/span><\/strong><span style=\"vertical-align: inherit;\"><span style=\"vertical-align: inherit;\">Dostupn\u00e9 v na\u0161om <\/span><\/span><strong><span style=\"vertical-align: inherit;\"><span style=\"vertical-align: inherit;\">skladova\u0165 vo viacer\u00fdch variantoch <\/span><\/span><a href=\"https:\/\/madelinefashion.pl\/sk\/product-tag\/kombinezony\/\"><span style=\"vertical-align: inherit;\"><span style=\"vertical-align: inherit;\">farby<\/span><\/span><\/a><span style=\"vertical-align: inherit;\"><span style=\"vertical-align: inherit;\"> .<br \/>\n<\/span><\/span><\/strong><\/p>\n<p>&nbsp;<\/p>\n<h3 style=\"text-align: center;\"><span style=\"vertical-align: inherit;\"><span style=\"vertical-align: inherit;\"><span style=\"vertical-align: inherit;\">Rozmery \u0161iat:<\/span><\/span><\/span><\/h3>\n<p align=\"center\"><span style=\"vertical-align: inherit;\"><span style=\"vertical-align: inherit;\">Celkov\u00e1 d\u013a\u017eka - 144 cm<br \/>\n<\/span><\/span>D\u013a\u017eka pod\u0161\u00edvky - 100 cm<br \/>\n<span style=\"vertical-align: inherit;\"><span style=\"vertical-align: inherit;\">\u0160\u00edrka od pazuchy po pazuchu: 35 - 56 cm<\/span><\/span><br \/>\n<span style=\"vertical-align: inherit;\"><span style=\"vertical-align: inherit;\">\u0160\u00edrka p\u00e1sa: 28-40 cm (elastick\u00fd)<\/span><\/span><\/p>\n<p style=\"text-align: center;\"><span style=\"vertical-align: inherit;\"><span style=\"vertical-align: inherit;\"><span style=\"vertical-align: inherit;\"><span style=\"vertical-align: inherit;\">Rozmery sa m\u00f4\u017eu l\u00ed\u0161i\u0165 od uveden\u00fdch +\/- 2cm. <\/span><\/span><\/span><span style=\"vertical-align: inherit;\"><span style=\"vertical-align: inherit;\"><span style=\"vertical-align: inherit;\">V\u0161etky uveden\u00e9 rozmery s\u00fa meran\u00e9 plo\u0161ne.<\/span><\/span><\/span><\/span><\/p>\n<h3 style=\"text-align: center;\"><span style=\"vertical-align: inherit;\"><span style=\"vertical-align: inherit;\"><span style=\"vertical-align: inherit;\"><span style=\"vertical-align: inherit;\">Vlastnosti produktu:<\/span><\/span><br \/>\n<\/span><\/span><\/h3>\n<p style=\"text-align: center;\"><span style=\"vertical-align: inherit;\"><span style=\"vertical-align: inherit;\"><br \/>\n<span style=\"vertical-align: inherit;\"><span style=\"vertical-align: inherit;\">-elegantn\u00fd<\/span><\/span><br \/>\n<span style=\"vertical-align: inherit;\"><span style=\"vertical-align: inherit;\">- pr\u00edjemn\u00fd materi\u00e1l <\/span><\/span><br \/>\n<span style=\"vertical-align: inherit;\"><span style=\"vertical-align: inherit;\">- m\u00f3dny \u0161t\u00fdl <\/span><\/span><br \/>\n<span style=\"vertical-align: inherit;\"><span style=\"vertical-align: inherit;\">- guma v p\u00e1se <\/span><\/span><br \/>\n<span style=\"vertical-align: inherit;\"><span style=\"vertical-align: inherit;\">- origin\u00e1l <\/span><\/span><br \/>\n<span style=\"vertical-align: inherit;\"><span style=\"vertical-align: inherit;\">-\u017eensk\u00fd<\/span><\/span><br \/>\n<span style=\"vertical-align: inherit;\"><span style=\"vertical-align: inherit;\">- na jedno rameno\u00a0<\/span><\/span><\/span><\/span><\/p>\n<p style=\"text-align: center;\"><strong>\u00a0<\/strong><\/p>\n<table style=\"height: 214px;\" width=\"620\">\n<tbody>\n<tr>\n<td width=\"302\"><span style=\"vertical-align: inherit;\"><span style=\"vertical-align: inherit;\">Meno modela<\/span><\/span><\/td>\n<td width=\"302\">Melody skladan\u00e9 \u0161aty na jedno rameno<\/td>\n<\/tr>\n<tr>\n<td width=\"302\"><span style=\"vertical-align: inherit;\"><span style=\"vertical-align: inherit;\">Farba<\/span><\/span><\/td>\n<td width=\"302\"><span style=\"vertical-align: inherit;\"><span style=\"vertical-align: inherit;\">Amarant - fialov\u00e1<\/span><\/span><\/td>\n<\/tr>\n<tr>\n<td width=\"302\"><span style=\"vertical-align: inherit;\"><span style=\"vertical-align: inherit;\">Zbierka<\/span><\/span><\/td>\n<td width=\"302\"><span style=\"vertical-align: inherit;\"><span style=\"vertical-align: inherit;\">Jar Leto Jese\u0148<\/span><\/span><\/td>\n<\/tr>\n<tr>\n<td width=\"302\"><span style=\"vertical-align: inherit;\"><span style=\"vertical-align: inherit;\">ve\u013ekosti<\/span><\/span><\/td>\n<td width=\"302\"><span style=\"vertical-align: inherit;\"><span style=\"vertical-align: inherit;\">Univerz\u00e1lny<\/span><\/span><\/td>\n<\/tr>\n<tr>\n<td width=\"302\"><span style=\"vertical-align: inherit;\"><span style=\"vertical-align: inherit;\">vrch<\/span><\/span><\/td>\n<td width=\"302\"><span style=\"vertical-align: inherit;\"><span style=\"vertical-align: inherit;\">plisovan\u00e9<\/span><\/span><\/td>\n<\/tr>\n<tr>\n<td width=\"302\"><span style=\"vertical-align: inherit;\"><span style=\"vertical-align: inherit;\">D\u013a\u017eka<\/span><\/span><\/td>\n<td width=\"302\"><span style=\"vertical-align: inherit;\"><span style=\"vertical-align: inherit;\">maxi<\/span><\/span><\/td>\n<\/tr>\n<tr>\n<td width=\"302\"><span style=\"vertical-align: inherit;\"><span style=\"vertical-align: inherit;\">Materi\u00e1l<\/span><\/span><\/td>\n<td width=\"302\"><span style=\"vertical-align: inherit;\"><span style=\"vertical-align: inherit;\">50% Polyester 45 % Visk\u00f3za 5% Elastan<\/span><\/span><\/td>\n<\/tr>\n<\/tbody>\n<\/table>\n<div><\/div>\n<div class=\"tabs tabs-bb clear mb-80\">\n<div class=\"tab-content\">\n<div id=\"tab-description\" class=\"tab-pane fade in woocommerce-Tabs-panel--description active\">\n<p style=\"text-align: center;\">\u00a0Model m\u00e1\u00a0<strong>169<\/strong>\u00a0cm vysok\u00fd, nos\u00ed ve\u013ekos\u0165 ka\u017ed\u00fd de\u0148\u00a0<strong>S<\/strong><\/p>\n<p style=\"text-align: center;\">\u0160\u00edrka cez prsia 92 cm<\/p>\n<p style=\"text-align: center;\">\u0160\u00edrka v p\u00e1se 62 cm<\/p>\n<p style=\"text-align: center;\">\u0160\u00edrka v bokoch 94 cm<\/p>\n<\/div>\n<\/div>\n<\/div>\n<section class=\"related products mb-80\"><\/section>\n<section class=\"page-product-box\">\n<div class=\"rte\">\n<p style=\"text-align: center;\">\n<\/div>\n<\/section>","protected":false},"excerpt":{"rendered":"<p>Sukienka Plisowana Na Jedno Ramie Melody Amarant Fenomenalna Sukienka Plisowana na jedno Ramie to bestsellerowy hit w naszym sklepie. Spraw, \u017ce nikt nie przejdzie obok Ciebie oboj\u0119tnie. Sukienka\u00a0 posiada lu\u017any, g\u0142adki, zwiewny d\u00f3\u0142. Wykonany z przyjemnego w dotyku materia\u0142u. Wysoka jako\u015b\u0107 materia\u0142u zapewni\u0119 i komfort noszenia. Ca\u0142o\u015b\u0107 tworzy niebanaln\u0105\u00a0stal\u00f3wk\u0119. Wprost stworzona na ciep\u0142e wiosenne i<\/p>\n<div class=\"klb-readmore post-buttons\"><a class=\"button black outline size-sm\" href=\"https:\/\/madelinefashion.pl\/sk\/sukienka-plisowana-na-jedno-ramie-melody-amarant\/\">\u010c\u00edta\u0165 \u010falej <i class=\"klbth-icon-right-arrow\"><\/i><\/a><\/div>","protected":false},"featured_media":91420,"template":"","meta":[],"product_brand":[],"product_cat":[125],"product_tag":[163],"class_list":{"0":"post-91521","1":"product","2":"type-product","3":"status-publish","4":"has-post-thumbnail","6":"product_cat-sukienki","7":"product_tag-sukienki-dlugie","9":"first","10":"instock","11":"purchasable","12":"product-type-simple"},"_links":{"self":[{"href":"https:\/\/madelinefashion.pl\/sk\/wp-json\/wp\/v2\/product\/91521","targetHints":{"allow":["GET"]}}],"collection":[{"href":"https:\/\/madelinefashion.pl\/sk\/wp-json\/wp\/v2\/product"}],"about":[{"href":"https:\/\/madelinefashion.pl\/sk\/wp-json\/wp\/v2\/types\/product"}],"wp:featuredmedia":[{"embeddable":true,"href":"https:\/\/madelinefashion.pl\/sk\/wp-json\/wp\/v2\/media\/91420"}],"wp:attachment":[{"href":"https:\/\/madelinefashion.pl\/sk\/wp-json\/wp\/v2\/media?parent=91521"}],"wp:term":[{"taxonomy":"product_brand","embeddable":true,"href":"https:\/\/madelinefashion.pl\/sk\/wp-json\/wp\/v2\/product_brand?post=91521"},{"taxonomy":"product_cat","embeddable":true,"href":"https:\/\/madelinefashion.pl\/sk\/wp-json\/wp\/v2\/product_cat?post=91521"},{"taxonomy":"product_tag","embeddable":true,"href":"https:\/\/madelinefashion.pl\/sk\/wp-json\/wp\/v2\/product_tag?post=91521"}],"curies":[{"name":"pracovn\u00fd list","href":"https:\/\/api.w.org\/{rel}","templated":true}]}}

Skladané šaty na jedno rameno Melody Amaranth

<h3 style="text-align: center;">Skladané šaty na jedno rameno Melody Amaranth</h3>
<p style="text-align: center;"><span style="vertical-align: inherit;"><span style="vertical-align: inherit;"><b><span style="vertical-align: inherit;"><span style="vertical-align: inherit;">Fenomenálne skladané šaty na jedno rameno </span></span></b><span style="vertical-align: inherit;"><span style="vertical-align: inherit;">t</span></span><span style="vertical-align: inherit;"><span style="vertical-align: inherit;">za bestseller v našom obchode. </span><span style="vertical-align: inherit;">S</span></span></span><span style="vertical-align: inherit;"><span style="vertical-align: inherit;"><span style="vertical-align: inherit;">práva, ktoré okolo vás nikto ľahostajne neprejde. </span></span><span style="vertical-align: inherit;"><span style="vertical-align: inherit;"><b>Šaty majú voľný, hladký, vzdušný spodok. </b></span></span><span style="vertical-align: inherit;"><span style="vertical-align: inherit;">Vyrobené z materiálu príjemného na dotyk. </span><span style="vertical-align: inherit;">Vysoká kvalita materiálu zaistí pohodlie pri nosení. </span></span><span style="vertical-align: inherit;"><span style="vertical-align: inherit;">c</span></span></span></span><span style="vertical-align: inherit;"><span style="vertical-align: inherit;">odpor vytvára výnimočné </span></span><span style="vertical-align: inherit;"><span style="vertical-align: inherit;"><b>hrot. </b></span></span><span style="vertical-align: inherit;"><span style="vertical-align: inherit;">Ako stvorené na teplé jarné a letné dni, ako počas prázdnin, tak aj v zhone mesta. </span></span><strong><span style="vertical-align: inherit;"><span style="vertical-align: inherit;">Budete potešení, dokonalý strih, ktorý je alternatívou kombinézy. </span></span></strong><span style="vertical-align: inherit;"><span style="vertical-align: inherit;">Šaty s plisovaným topom </span></span><strong><span style="vertical-align: inherit;"><span style="vertical-align: inherit;">má podšívku </span></span></strong><span style="vertical-align: inherit;"><span style="vertical-align: inherit;">okolo kolien</span></span><strong><span style="vertical-align: inherit;"><span style="vertical-align: inherit;">. </span></span></strong><span style="vertical-align: inherit;"><span style="vertical-align: inherit;">Pohodlné nosenie v sofistikovanom štýle musí byť vo vašom šatníku. </span></span><strong><span style="vertical-align: inherit;"><span style="vertical-align: inherit;">Elegantné a veľmi ženské plisované šaty.</span></span></strong><span style="vertical-align: inherit;"><span style="vertical-align: inherit;">   Odporúča sa pre ženy, ktoré nosia veľ </span></span><strong><span style="vertical-align: inherit;"><span style="vertical-align: inherit;">XS SML XL.  </span></span></strong><span style="vertical-align: inherit;"><span style="vertical-align: inherit;">Dostupné v našom </span></span><strong><span style="vertical-align: inherit;"><span style="vertical-align: inherit;">skladovať vo viacerých variantoch </span></span><a href="https://madelinefashion.pl/sk/product-tag/kombinezony/"><span style="vertical-align: inherit;"><span style="vertical-align: inherit;">farby</span></span></a><span style="vertical-align: inherit;"><span style="vertical-align: inherit;"> .<br />
</span></span></strong></p>
<p>&nbsp;</p>
<h3 style="text-align: center;"><span style="vertical-align: inherit;"><span style="vertical-align: inherit;"><span style="vertical-align: inherit;">Rozmery šiat:</span></span></span></h3>
<p align="center"><span style="vertical-align: inherit;"><span style="vertical-align: inherit;">Celková dĺžka - 144 cm<br />
</span></span>Dĺžka podšívky - 100 cm<br />
<span style="vertical-align: inherit;"><span style="vertical-align: inherit;">Šírka od pazuchy po pazuchu: 35 - 56 cm</span></span><br />
<span style="vertical-align: inherit;"><span style="vertical-align: inherit;">Šírka pása: 28-40 cm (elastický)</span></span></p>
<p style="text-align: center;"><span style="vertical-align: inherit;"><span style="vertical-align: inherit;"><span style="vertical-align: inherit;"><span style="vertical-align: inherit;">Rozmery sa môžu líšiť od uvedených +/- 2cm. </span></span></span><span style="vertical-align: inherit;"><span style="vertical-align: inherit;"><span style="vertical-align: inherit;">Všetky uvedené rozmery sú merané plošne.</span></span></span></span></p>
<h3 style="text-align: center;"><span style="vertical-align: inherit;"><span style="vertical-align: inherit;"><span style="vertical-align: inherit;"><span style="vertical-align: inherit;">Vlastnosti produktu:</span></span><br />
</span></span></h3>
<p style="text-align: center;"><span style="vertical-align: inherit;"><span style="vertical-align: inherit;"><br />
<span style="vertical-align: inherit;"><span style="vertical-align: inherit;">-elegantný</span></span><br />
<span style="vertical-align: inherit;"><span style="vertical-align: inherit;">- príjemný materiál </span></span><br />
<span style="vertical-align: inherit;"><span style="vertical-align: inherit;">- módny štýl </span></span><br />
<span style="vertical-align: inherit;"><span style="vertical-align: inherit;">- guma v páse </span></span><br />
<span style="vertical-align: inherit;"><span style="vertical-align: inherit;">- originál </span></span><br />
<span style="vertical-align: inherit;"><span style="vertical-align: inherit;">-ženský</span></span><br />
<span style="vertical-align: inherit;"><span style="vertical-align: inherit;">- na jedno rameno </span></span></span></span></p>
<p style="text-align: center;"><strong> </strong></p>
<table style="height: 214px;" width="620">
<tbody>
<tr>
<td width="302"><span style="vertical-align: inherit;"><span style="vertical-align: inherit;">Meno modela</span></span></td>
<td width="302">Melody skladané šaty na jedno rameno</td>
</tr>
<tr>
<td width="302"><span style="vertical-align: inherit;"><span style="vertical-align: inherit;">Farba</span></span></td>
<td width="302"><span style="vertical-align: inherit;"><span style="vertical-align: inherit;">Amarant - fialová</span></span></td>
</tr>
<tr>
<td width="302"><span style="vertical-align: inherit;"><span style="vertical-align: inherit;">Zbierka</span></span></td>
<td width="302"><span style="vertical-align: inherit;"><span style="vertical-align: inherit;">Jar Leto Jeseň</span></span></td>
</tr>
<tr>
<td width="302"><span style="vertical-align: inherit;"><span style="vertical-align: inherit;">veľkosti</span></span></td>
<td width="302"><span style="vertical-align: inherit;"><span style="vertical-align: inherit;">Univerzálny</span></span></td>
</tr>
<tr>
<td width="302"><span style="vertical-align: inherit;"><span style="vertical-align: inherit;">vrch</span></span></td>
<td width="302"><span style="vertical-align: inherit;"><span style="vertical-align: inherit;">plisované</span></span></td>
</tr>
<tr>
<td width="302"><span style="vertical-align: inherit;"><span style="vertical-align: inherit;">Dĺžka</span></span></td>
<td width="302"><span style="vertical-align: inherit;"><span style="vertical-align: inherit;">maxi</span></span></td>
</tr>
<tr>
<td width="302"><span style="vertical-align: inherit;"><span style="vertical-align: inherit;">Materiál</span></span></td>
<td width="302"><span style="vertical-align: inherit;"><span style="vertical-align: inherit;">50% Polyester 45 % Viskóza 5% Elastan</span></span></td>
</tr>
</tbody>
</table>
<div></div>
<div class="tabs tabs-bb clear mb-80">
<div class="tab-content">
<div id="tab-description" class="tab-pane fade in woocommerce-Tabs-panel--description active">
<p style="text-align: center;"> Model má <strong>169</strong> cm vysoký, nosí veľkosť každý deň <strong>S</strong></p>
<p style="text-align: center;">Šírka cez prsia 92 cm</p>
<p style="text-align: center;">Šírka v páse 62 cm</p>
<p style="text-align: center;">Šírka v bokoch 94 cm</p>
</div>
</div>
</div>
<section class="related products mb-80"></section>
<section class="page-product-box">
<div class="rte">
<p style="text-align: center;">
</div>
</section>

<p>Sukienka Plisowana Na Jedno Ramie Melody Amarant Fenomenalna Sukienka Plisowana na jedno Ramie to bestsellerowy hit w naszym sklepie. Spraw, że nikt nie przejdzie obok Ciebie obojętnie. Sukienka  posiada luźny, gładki, zwiewny dół. Wykonany z przyjemnego w dotyku materiału. Wysoka jakość materiału zapewnię i komfort noszenia. Całość tworzy niebanalną stalówkę. Wprost stworzona na ciepłe wiosenne i</p>
<div class="klb-readmore post-buttons"><a class="button black outline size-sm" href="https://madelinefashion.pl/sk/sukienka-plisowana-na-jedno-ramie-melody-amarant/">Čítať ďalej <i class="klbth-icon-right-arrow"></i></a></div>

pracovný list
