{"id":9230,"date":"2021-04-21T22:59:50","date_gmt":"2021-04-21T20:59:50","guid":{"rendered":"https:\/\/madelinefashion.pl\/?post_type=product&#038;p=9230"},"modified":"2026-03-26T12:40:38","modified_gmt":"2026-03-26T11:40:38","slug":"bluza-dluga-z-kapturem-onyx-czarna","status":"publish","type":"product","link":"https:\/\/madelinefashion.pl\/sk\/bluza-dluga-z-kapturem-onyx-czarna\/","title":{"rendered":"Dlh\u00e1 mikina s kapuc\u0148ou Onyx Black"},"content":{"rendered":"<h3 style=\"text-align: center;\">Dlh\u00e1 mikina s kapuc\u0148ou Onyx Black<\/h3>\n<p style=\"text-align: center;\"><strong>Dlh\u00e1 \u00f3nyxov\u00e1 mikina s kapuc\u0148ou <\/strong>je ide\u00e1lnym modelom na prech\u00e1dzky, von aj na dlh\u00e9 zimn\u00e9 ve\u010dery doma. \u00daspe\u0161ne ju m\u00f4\u017eete nosi\u0165 na ka\u017edodenn\u00e9 v\u00fdlety, do pr\u00e1ce, na rodinn\u00e9 stretnutia a stretnutia s priate\u013emi. N\u00e1\u0161 model s jemn\u00fdmi <strong>pirnt<\/strong> v kateg\u00f3rii \u201ekvety\u201d <strong>LV<\/strong> ur\u010dite prid\u00e1 na va\u0161om \u0161t\u00fdle <strong>nad\u010dasov\u00fd charakter<\/strong>. Pohodln\u00e1 kapuc\u0148a zdoben\u00e1 zipsom v\u00e1s ochr\u00e1ni vo vetern\u00fdch d\u0148och. Mikina je vyroben\u00e1 z ve\u013emi jemnej a na dotyk pr\u00edjemnej l\u00e1tky. Funk\u010dn\u00fd strih, obliec\u0165 cez hlavu.Tepl\u00e1 mikina - ur\u010dite pote\u0161\u00ed.<br \/>\nMikina to<strong> podstatn\u00fd prvok<\/strong> d\u00e1msky \u0161atn\u00edk. N\u00e1\u0161 model perfektne sed\u00ed <a href=\"https:\/\/madelinefashion.pl\/sk\/spodnie\/\">d\u017e\u00ednsy <\/a>.\u00a0<strong>Najpred\u00e1vanej\u0161\u00ed model<\/strong> hodia sa k \u0161portov\u00e9mu aj le\u017e\u00e9rnemu \u0161t\u00fdlu a najnov\u0161\u00edm trendom je jednoducho kombin\u00e1cia oboch \u0161t\u00fdlov \u2013 \u0161portov\u00e9ho a elegantn\u00e9ho. In\u0161pirujte sa outfitmi blogeriek alebo celebr\u00edt \u2013 Dopl\u0148te svoj \u0161atn\u00edk na\u0161ou Onyx mikinou. Ve\u013ekos\u0165 je univerz\u00e1lna a bude vhodn\u00e1 pre <b>D\u00e1mske ve\u013ekosti S, M, L, XL, XXL<\/b><\/p>\n<h3 style=\"text-align: center;\">Charakteristika:<\/h3>\n<p style=\"text-align: center;\">- mikina<br \/>\n- tepl\u00e9 a m\u00e4kk\u00e9, ide\u00e1lne na chladn\u00e9 jarn\u00e9, jesenn\u00e9 a zimn\u00e9 dni<\/p>\n<h3 style=\"text-align: center;\">Rozmery:<\/h3>\n<ul style=\"text-align: center;\">\n<li>\u0160\u00edrka pod pazuchami: 55-63 cm<\/li>\n<li>D\u013a\u017eka ruk\u00e1va od ramena: 56 cm<\/li>\n<li>D\u013a\u017eka ruk\u00e1va od podpazu\u0161ia: 38 cm<\/li>\n<li>Celkov\u00e1 predn\u00e1 d\u013a\u017eka: 74 cm<\/li>\n<li>\u0160\u00edrka v bokoch: 53-57 cm\n<ul>\n<li style=\"list-style-type: none;\"><\/li>\n<\/ul>\n<\/li>\n<\/ul>\n<p style=\"text-align: center;\">Rozmery sa m\u00f4\u017eu mierne l\u00ed\u0161i\u0165 od uveden\u00fdch +\/- 2cm. V\u0161etky uveden\u00e9 rozmery s\u00fa meran\u00e9 plo\u0161ne.<\/p>\n<p style=\"text-align: center;\"><span style=\"font-size: 10pt;\">\u00a0<\/span><\/p>\n<p style=\"text-align: center;\"><span style=\"font-size: 10pt;\">\u00a0<\/span><\/p>\n<table width=\"608\">\n<tbody>\n<tr>\n<td width=\"302\">Meno modela<\/td>\n<td width=\"302\">Dlh\u00e1 \u00f3nyxov\u00e1 mikina s kapuc\u0148ou<\/td>\n<\/tr>\n<tr>\n<td width=\"302\">Farba<\/td>\n<td width=\"302\">\u010dierna<\/td>\n<\/tr>\n<tr>\n<td width=\"302\">ve\u013ekosti<\/td>\n<td width=\"302\">Univerz\u00e1lny<\/td>\n<\/tr>\n<tr>\n<td width=\"302\">M\u00f3da<\/td>\n<td width=\"302\">nadrozmern\u00e9<\/td>\n<\/tr>\n<tr>\n<td width=\"302\">Materi\u00e1l<\/td>\n<td width=\"302\">Bavlna 95%, Elastan 5%<\/td>\n<\/tr>\n<\/tbody>\n<\/table>\n<p style=\"text-align: center;\"><span style=\"font-size: 10pt;\">\u00a0<\/span><\/p>\n<p style=\"text-align: center;\">\u00a0Model m\u00e1\u00a0<strong>165<\/strong>\u00a0cm vysok\u00fd, nos\u00ed ve\u013ekos\u0165 ka\u017ed\u00fd de\u0148\u00a0<strong>S<\/strong><span style=\"font-size: 10pt;\">\u00a0<\/span><\/p>","protected":false},"excerpt":{"rendered":"<p>Bluza D\u0142uga z Kapturem Onyx Czarna Bluza D\u0142uga z Kapturem Onyx to idealny model na spacery, wyj\u015bcia jak i d\u0142ugie zimowe wieczory w domu. Z powodzeniem mo\u017cesz j\u0105 ubra\u0107 na codzienne wyj\u015bcia, do pracy, spotkanie rodzinne i spotkania z przyjaci\u00f3\u0142mi.\u00a0 Nasz model z delikatnym pirntem w &#8222;kwiatki&#8221; LV z pewno\u015bci doda Twojej stylizacji ponadczasowego charakteru.<\/p>\n<div class=\"klb-readmore post-buttons\"><a class=\"button black outline size-sm\" href=\"https:\/\/madelinefashion.pl\/sk\/bluza-dluga-z-kapturem-onyx-czarna\/\">\u010c\u00edta\u0165 \u010falej <i class=\"klbth-icon-right-arrow\"><\/i><\/a><\/div>","protected":false},"featured_media":9227,"template":"","meta":[],"product_brand":[],"product_cat":[255,380],"product_tag":[],"class_list":{"0":"post-9230","1":"product","2":"type-product","3":"status-publish","4":"has-post-thumbnail","6":"product_cat-bluzy","7":"product_cat-wyprzedaz","9":"first","10":"instock","11":"sale","12":"purchasable","13":"product-type-simple"},"_links":{"self":[{"href":"https:\/\/madelinefashion.pl\/sk\/wp-json\/wp\/v2\/product\/9230","targetHints":{"allow":["GET"]}}],"collection":[{"href":"https:\/\/madelinefashion.pl\/sk\/wp-json\/wp\/v2\/product"}],"about":[{"href":"https:\/\/madelinefashion.pl\/sk\/wp-json\/wp\/v2\/types\/product"}],"wp:featuredmedia":[{"embeddable":true,"href":"https:\/\/madelinefashion.pl\/sk\/wp-json\/wp\/v2\/media\/9227"}],"wp:attachment":[{"href":"https:\/\/madelinefashion.pl\/sk\/wp-json\/wp\/v2\/media?parent=9230"}],"wp:term":[{"taxonomy":"product_brand","embeddable":true,"href":"https:\/\/madelinefashion.pl\/sk\/wp-json\/wp\/v2\/product_brand?post=9230"},{"taxonomy":"product_cat","embeddable":true,"href":"https:\/\/madelinefashion.pl\/sk\/wp-json\/wp\/v2\/product_cat?post=9230"},{"taxonomy":"product_tag","embeddable":true,"href":"https:\/\/madelinefashion.pl\/sk\/wp-json\/wp\/v2\/product_tag?post=9230"}],"curies":[{"name":"pracovn\u00fd list","href":"https:\/\/api.w.org\/{rel}","templated":true}]}}

Dlhá mikina s kapucňou Onyx Black

<h3 style="text-align: center;">Dlhá mikina s kapucňou Onyx Black</h3>
<p style="text-align: center;"><strong>Dlhá ónyxová mikina s kapucňou </strong>je ideálnym modelom na prechádzky, von aj na dlhé zimné večery doma. Úspešne ju môžete nosiť na každodenné výlety, do práce, na rodinné stretnutia a stretnutia s priateľmi. Náš model s jemnými <strong>pirnt</strong> v kategórii „kvety” <strong>LV</strong> určite pridá na vašom štýle <strong>nadčasový charakter</strong>. Pohodlná kapucňa zdobená zipsom vás ochráni vo veterných dňoch. Mikina je vyrobená z veľmi jemnej a na dotyk príjemnej látky. Funkčný strih, obliecť cez hlavu.Teplá mikina - určite poteší.<br />
Mikina to<strong> podstatný prvok</strong> dámsky šatník. Náš model perfektne sedí <a href="https://madelinefashion.pl/sk/spodnie/">džínsy </a>. <strong>Najpredávanejší model</strong> hodia sa k športovému aj ležérnemu štýlu a najnovším trendom je jednoducho kombinácia oboch štýlov – športového a elegantného. Inšpirujte sa outfitmi blogeriek alebo celebrít – Doplňte svoj šatník našou Onyx mikinou. Veľkosť je univerzálna a bude vhodná pre <b>Dámske veľkosti S, M, L, XL, XXL</b></p>
<h3 style="text-align: center;">Charakteristika:</h3>
<p style="text-align: center;">- mikina<br />
- teplé a mäkké, ideálne na chladné jarné, jesenné a zimné dni</p>
<h3 style="text-align: center;">Rozmery:</h3>
<ul style="text-align: center;">
<li>Šírka pod pazuchami: 55-63 cm</li>
<li>Dĺžka rukáva od ramena: 56 cm</li>
<li>Dĺžka rukáva od podpazušia: 38 cm</li>
<li>Celková predná dĺžka: 74 cm</li>
<li>Šírka v bokoch: 53-57 cm
<ul>
<li style="list-style-type: none;"></li>
</ul>
</li>
</ul>
<p style="text-align: center;">Rozmery sa môžu mierne líšiť od uvedených +/- 2cm. Všetky uvedené rozmery sú merané plošne.</p>
<p style="text-align: center;"><span style="font-size: 10pt;"> </span></p>
<p style="text-align: center;"><span style="font-size: 10pt;"> </span></p>
<table width="608">
<tbody>
<tr>
<td width="302">Meno modela</td>
<td width="302">Dlhá ónyxová mikina s kapucňou</td>
</tr>
<tr>
<td width="302">Farba</td>
<td width="302">čierna</td>
</tr>
<tr>
<td width="302">veľkosti</td>
<td width="302">Univerzálny</td>
</tr>
<tr>
<td width="302">Móda</td>
<td width="302">nadrozmerné</td>
</tr>
<tr>
<td width="302">Materiál</td>
<td width="302">Bavlna 95%, Elastan 5%</td>
</tr>
</tbody>
</table>
<p style="text-align: center;"><span style="font-size: 10pt;"> </span></p>
<p style="text-align: center;"> Model má <strong>165</strong> cm vysoký, nosí veľkosť každý deň <strong>S</strong><span style="font-size: 10pt;"> </span></p>

<p>Bluza Długa z Kapturem Onyx Czarna Bluza Długa z Kapturem Onyx to idealny model na spacery, wyjścia jak i długie zimowe wieczory w domu. Z powodzeniem możesz ją ubrać na codzienne wyjścia, do pracy, spotkanie rodzinne i spotkania z przyjaciółmi.  Nasz model z delikatnym pirntem w &#8222;kwiatki&#8221; LV z pewności doda Twojej stylizacji ponadczasowego charakteru.</p>
<div class="klb-readmore post-buttons"><a class="button black outline size-sm" href="https://madelinefashion.pl/sk/bluza-dluga-z-kapturem-onyx-czarna/">Čítať ďalej <i class="klbth-icon-right-arrow"></i></a></div>

pracovný list
