{"id":92327,"date":"2023-06-07T13:34:20","date_gmt":"2023-06-07T11:34:20","guid":{"rendered":"https:\/\/madelinefashion.pl\/?post_type=product&#038;p=92327"},"modified":"2026-04-10T15:06:55","modified_gmt":"2026-04-10T13:06:55","slug":"sukienka-mini-tiulowa-na-ramiaczkach-z-ozdobnym-paskiem-esito-malinowa","status":"publish","type":"product","link":"https:\/\/madelinefashion.pl\/sk\/sukienka-mini-tiulowa-na-ramiaczkach-z-ozdobnym-paskiem-esito-malinowa\/","title":{"rendered":"Mini tylov\u00e9 \u0161aty na ramienka s ozdobn\u00fdm opaskom Esito malina"},"content":{"rendered":"<h3 style=\"text-align: center;\">Mini tylov\u00e9 \u0161aty na ramienka s ozdobn\u00fdm opaskom Esito malina<\/h3>\n<p style=\"text-align: center;\"><span style=\"font-size: 10pt;\">\u0160aty Esito s\u00fa tylov\u00fdm mini v\u00fdtvorom. Je vyroben\u00e1 z tylu, \u013eahk\u00e9ho materi\u00e1lu, v\u010faka \u010domu je ve\u013emi jemn\u00e1 a diev\u010densk\u00e1. M\u00e1 pripevnen\u00fd opasok s kry\u0161t\u00e1lmi, ktor\u00fd opticky zo\u0161t\u00edh\u013euje p\u00e1s. \u0160aty s\u00fa navy\u0161e vybaven\u00e9 pod\u0161\u00edvkou. Vzadu na zips. Je to ide\u00e1lny n\u00e1vrh na v\u0161etky pr\u00edle\u017eitosti, ako je svadba, sv\u00e4t\u00e9 prij\u00edmanie alebo osemn\u00e1ste narodeniny. Dostupn\u00e9 vo ve\u013ekostiach<strong> XS SML.<\/strong>\u00a0 Dostupn\u00e9 na na\u0161om e-shope vo viacer\u00fdch farebn\u00fdch variantoch, tak nev\u00e1hajte a vyberte si t\u00fa, ktor\u00e1 je pre v\u00e1s ako stvoren\u00e1. Ak sa neviete rozhodn\u00fa\u0165 ak\u00fa farbu, <strong>ve\u013ekos\u0165<\/strong> je pre v\u00e1s to najlep\u0161ie <strong>kontaktuj n\u00e1s<\/strong> cez <a href=\"https:\/\/www.facebook.com\/madelinefashionbutik\" target=\"_blank\" rel=\"noopener\">Facebook<\/a> alebo <a href=\"https:\/\/madelinefashion.pl\/sk\/kontakt\/\">telef\u00f3n<\/a>. Ak ve\u013ekos\u0165 nie je na str\u00e1nke, kontaktujte n\u00e1s.\u00a0<\/span><\/p>\n<h3 style=\"text-align: center;\">ROZMERY \u0161iat:<\/h3>\n<p><img fetchpriority=\"high\" decoding=\"async\" class=\"size-medium wp-image-16801 aligncenter\" src=\"https:\/\/madelinefashion.pl\/wp-content\/uploads\/2021\/08\/wymiary-suknia-300x194.png\" alt=\"\" width=\"300\" height=\"194\" title=\"\"><\/p>\n<table width=\"628\">\n<tbody>\n<tr>\n<td>VE\u013dKOS\u0164<\/td>\n<td>34<\/td>\n<td>36<\/td>\n<td>38<\/td>\n<td>40<\/td>\n<\/tr>\n<tr>\n<td>poprsia<\/td>\n<td>78<\/td>\n<td>80<\/td>\n<td>86<\/td>\n<td>90<\/td>\n<\/tr>\n<tr>\n<td>P\u00e1s<\/td>\n<td>62<\/td>\n<td>64<\/td>\n<td>72<\/td>\n<td>76<\/td>\n<\/tr>\n<tr>\n<td>Boky<\/td>\n<td>\u00a0ak\u00fdko\u013evek<\/td>\n<td>\u00a0ak\u00fdko\u013evek<\/td>\n<td>\u00a0ak\u00fdko\u013evek<\/td>\n<td>ak\u00fdko\u013evek<\/td>\n<\/tr>\n<\/tbody>\n<\/table>\n<p style=\"text-align: center;\"><span style=\"font-size: 10pt;\">celkov\u00e1 d\u013a\u017eka cca 85 cm\u00a0\u00a0<\/span><\/p>\n<p style=\"text-align: center;\"><span style=\"font-size: 10pt;\">\u0160aty dostupn\u00e9 aj v <strong>in\u00e9 farebn\u00e9 varianty<\/strong> \u2013 odpor\u00fa\u010dame v\u00e1m zozn\u00e1mi\u0165 sa s na\u0161imi \u010fal\u0161\u00edmi produktmi.\u00a0<\/span><\/p>\n<p style=\"text-align: center;\"><span style=\"font-size: 10pt;\">Rozmery sa m\u00f4\u017eu mierne l\u00ed\u0161i\u0165 od uveden\u00fdch +\/- 2cm.\u00a0<\/span><\/p>\n<p style=\"text-align: center;\"><span style=\"font-size: 10pt;\"><strong>\u00a0<\/strong>\u00a0<\/span><\/p>\n<table width=\"618\">\n<tbody>\n<tr>\n<td width=\"302\">Meno modela<\/td>\n<td width=\"302\">Mini tylov\u00e9 \u0161aty na ramienka s ozdobn\u00fdm opaskom Esito<\/td>\n<\/tr>\n<tr>\n<td width=\"302\">Farba<\/td>\n<td width=\"302\">malina<\/td>\n<\/tr>\n<tr>\n<td width=\"302\">Pr\u00edslu\u0161enstvo<\/td>\n<td width=\"302\">Zirk\u00f3nov\u00fd p\u00e1s<\/td>\n<\/tr>\n<tr>\n<td width=\"302\">ve\u013ekosti<\/td>\n<td width=\"302\">34 36 38<\/td>\n<\/tr>\n<tr>\n<td width=\"302\">M\u00f3da<\/td>\n<td width=\"302\">Vzplanul<\/td>\n<\/tr>\n<tr>\n<td width=\"302\">Materi\u00e1l<\/td>\n<td width=\"302\">60% Bavlna, 35% Polyester, 5% Elastan<\/td>\n<\/tr>\n<tr>\n<td width=\"302\">D\u013a\u017eka<\/td>\n<td width=\"302\">Pred kolenom<\/td>\n<\/tr>\n<\/tbody>\n<\/table>\n<p style=\"text-align: center;\"><span style=\"font-size: 10pt;\">\u00a0<\/span><\/p>\n<p>&nbsp;<\/p>\n<p style=\"text-align: center;\"><span style=\"font-size: 10pt;\">Aby ste si vybrali <strong>perfektn\u00e9 \u0161aty<\/strong> kontaktujte n\u00e1s telefonicky alebo prostredn\u00edctvom na\u0161ej webovej str\u00e1nky <a href=\"https:\/\/www.facebook.com\/madelinefashionbutik\" target=\"_blank\" rel=\"noopener\">Facebook<\/a> .<\/span><br \/>\n<span style=\"font-size: 10pt;\">N\u00e1\u0161 t\u00edm v\u00e1m pom\u00f4\u017ee <strong>Vyberte si ten spr\u00e1vny<\/strong> . <strong>Na \u017eelanie kupuj\u00faceho vyrob\u00edme ak\u00e9ko\u013evek \u0161aty\u00a0<\/strong><strong>opatrne mera\u0165.\u00a0<\/strong><\/span><\/p>\n<div class=\"additional-details\" style=\"text-align: center;\">\n<p style=\"text-align: center;\"><span style=\"font-size: 10pt;\">\u00a0<\/span><\/p>\n<\/div>","protected":false},"excerpt":{"rendered":"<p>Malinov\u00e9 tylov\u00e9 mini\u0161aty Esito s ramienkami a ozdobn\u00fdm opaskom. \u0160aty Esito s\u00fa tylov\u00e9 mini\u0161aty. S\u00fa vyroben\u00e9 z \u013eahk\u00e9ho tylov\u00e9ho materi\u00e1lu, v\u010faka \u010domu s\u00fa ve\u013emi jemn\u00e9 a diev\u010densk\u00e9. Maj\u00fa pripevnen\u00fd opasok s kry\u0161t\u00e1lmi, ktor\u00fd opticky zo\u0161t\u00edh\u013euje p\u00e1s. \u0160aty s\u00fa pod\u0161it\u00e9 a zap\u00ednaj\u00fa sa na zips vzadu. S\u00fa perfektnou vo\u013ebou na ka\u017ed\u00fa pr\u00edle\u017eitos\u0165.<\/p>\n<div class=\"klb-readmore post-buttons\"><a class=\"button black outline size-sm\" href=\"https:\/\/madelinefashion.pl\/sk\/sukienka-mini-tiulowa-na-ramiaczkach-z-ozdobnym-paskiem-esito-malinowa\/\">\u010c\u00edta\u0165 \u010falej <i class=\"klbth-icon-right-arrow\"><\/i><\/a><\/div>","protected":false},"featured_media":92274,"template":"","meta":[],"product_brand":[],"product_cat":[124,80,395,561],"product_tag":[262,215],"class_list":{"0":"post-92327","1":"product","2":"type-product","3":"status-publish","4":"has-post-thumbnail","6":"product_cat-sukienki-okolicznosciowe","7":"product_cat-sukienki-i-kombinezony","8":"product_cat-nowosci","9":"product_cat-sukienki-tiulowe","10":"product_tag-sukienki-krotkie","11":"product_tag-sukienki-rozowe","13":"first","14":"instock","15":"sale","16":"purchasable","17":"product-type-variable","18":"has-default-attributes"},"_links":{"self":[{"href":"https:\/\/madelinefashion.pl\/sk\/wp-json\/wp\/v2\/product\/92327","targetHints":{"allow":["GET"]}}],"collection":[{"href":"https:\/\/madelinefashion.pl\/sk\/wp-json\/wp\/v2\/product"}],"about":[{"href":"https:\/\/madelinefashion.pl\/sk\/wp-json\/wp\/v2\/types\/product"}],"wp:featuredmedia":[{"embeddable":true,"href":"https:\/\/madelinefashion.pl\/sk\/wp-json\/wp\/v2\/media\/92274"}],"wp:attachment":[{"href":"https:\/\/madelinefashion.pl\/sk\/wp-json\/wp\/v2\/media?parent=92327"}],"wp:term":[{"taxonomy":"product_brand","embeddable":true,"href":"https:\/\/madelinefashion.pl\/sk\/wp-json\/wp\/v2\/product_brand?post=92327"},{"taxonomy":"product_cat","embeddable":true,"href":"https:\/\/madelinefashion.pl\/sk\/wp-json\/wp\/v2\/product_cat?post=92327"},{"taxonomy":"product_tag","embeddable":true,"href":"https:\/\/madelinefashion.pl\/sk\/wp-json\/wp\/v2\/product_tag?post=92327"}],"curies":[{"name":"pracovn\u00fd list","href":"https:\/\/api.w.org\/{rel}","templated":true}]}}

Mini tylové šaty na ramienka s ozdobným opaskom Esito malina

<h3 style="text-align: center;">Mini tylové šaty na ramienka s ozdobným opaskom Esito malina</h3>
<p style="text-align: center;"><span style="font-size: 10pt;">Šaty Esito sú tylovým mini výtvorom. Je vyrobená z tylu, ľahkého materiálu, vďaka čomu je veľmi jemná a dievčenská. Má pripevnený opasok s kryštálmi, ktorý opticky zoštíhľuje pás. Šaty sú navyše vybavené podšívkou. Vzadu na zips. Je to ideálny návrh na všetky príležitosti, ako je svadba, sväté prijímanie alebo osemnáste narodeniny. Dostupné vo veľkostiach<strong> XS SML.</strong>  Dostupné na našom e-shope vo viacerých farebných variantoch, tak neváhajte a vyberte si tú, ktorá je pre vás ako stvorená. Ak sa neviete rozhodnúť akú farbu, <strong>veľkosť</strong> je pre vás to najlepšie <strong>kontaktuj nás</strong> cez <a href="https://www.facebook.com/madelinefashionbutik" target="_blank" rel="noopener">Facebook</a> alebo <a href="https://madelinefashion.pl/sk/kontakt/">telefón</a>. Ak veľkosť nie je na stránke, kontaktujte nás. </span></p>
<h3 style="text-align: center;">ROZMERY šiat:</h3>
<p><img fetchpriority="high" decoding="async" class="size-medium wp-image-16801 aligncenter" src="https://madelinefashion.pl/wp-content/uploads/2021/08/wymiary-suknia-300x194.png" alt="" width="300" height="194" title=""></p>
<table width="628">
<tbody>
<tr>
<td>VEĽKOSŤ</td>
<td>34</td>
<td>36</td>
<td>38</td>
<td>40</td>
</tr>
<tr>
<td>poprsia</td>
<td>78</td>
<td>80</td>
<td>86</td>
<td>90</td>
</tr>
<tr>
<td>Pás</td>
<td>62</td>
<td>64</td>
<td>72</td>
<td>76</td>
</tr>
<tr>
<td>Boky</td>
<td> akýkoľvek</td>
<td> akýkoľvek</td>
<td> akýkoľvek</td>
<td>akýkoľvek</td>
</tr>
</tbody>
</table>
<p style="text-align: center;"><span style="font-size: 10pt;">celková dĺžka cca 85 cm  </span></p>
<p style="text-align: center;"><span style="font-size: 10pt;">Šaty dostupné aj v <strong>iné farebné varianty</strong> – odporúčame vám zoznámiť sa s našimi ďalšími produktmi. </span></p>
<p style="text-align: center;"><span style="font-size: 10pt;">Rozmery sa môžu mierne líšiť od uvedených +/- 2cm. </span></p>
<p style="text-align: center;"><span style="font-size: 10pt;"><strong> </strong> </span></p>
<table width="618">
<tbody>
<tr>
<td width="302">Meno modela</td>
<td width="302">Mini tylové šaty na ramienka s ozdobným opaskom Esito</td>
</tr>
<tr>
<td width="302">Farba</td>
<td width="302">malina</td>
</tr>
<tr>
<td width="302">Príslušenstvo</td>
<td width="302">Zirkónový pás</td>
</tr>
<tr>
<td width="302">veľkosti</td>
<td width="302">34 36 38</td>
</tr>
<tr>
<td width="302">Móda</td>
<td width="302">Vzplanul</td>
</tr>
<tr>
<td width="302">Materiál</td>
<td width="302">60% Bavlna, 35% Polyester, 5% Elastan</td>
</tr>
<tr>
<td width="302">Dĺžka</td>
<td width="302">Pred kolenom</td>
</tr>
</tbody>
</table>
<p style="text-align: center;"><span style="font-size: 10pt;"> </span></p>
<p>&nbsp;</p>
<p style="text-align: center;"><span style="font-size: 10pt;">Aby ste si vybrali <strong>perfektné šaty</strong> kontaktujte nás telefonicky alebo prostredníctvom našej webovej stránky <a href="https://www.facebook.com/madelinefashionbutik" target="_blank" rel="noopener">Facebook</a> .</span><br />
<span style="font-size: 10pt;">Náš tím vám pomôže <strong>Vyberte si ten správny</strong> . <strong>Na želanie kupujúceho vyrobíme akékoľvek šaty </strong><strong>opatrne merať. </strong></span></p>
<div class="additional-details" style="text-align: center;">
<p style="text-align: center;"><span style="font-size: 10pt;"> </span></p>
</div>

<p>Malinové tylové minišaty Esito s ramienkami a ozdobným opaskom. Šaty Esito sú tylové minišaty. Sú vyrobené z ľahkého tylového materiálu, vďaka čomu sú veľmi jemné a dievčenské. Majú pripevnený opasok s kryštálmi, ktorý opticky zoštíhľuje pás. Šaty sú podšité a zapínajú sa na zips vzadu. Sú perfektnou voľbou na každú príležitosť.</p>
<div class="klb-readmore post-buttons"><a class="button black outline size-sm" href="https://madelinefashion.pl/sk/sukienka-mini-tiulowa-na-ramiaczkach-z-ozdobnym-paskiem-esito-malinowa/">Čítať ďalej <i class="klbth-icon-right-arrow"></i></a></div>

pracovný list
