{"id":9425,"date":"2021-04-23T19:21:45","date_gmt":"2021-04-23T17:21:45","guid":{"rendered":"https:\/\/madelinefashion.pl\/?post_type=product&#038;p=9425"},"modified":"2025-10-14T12:11:50","modified_gmt":"2025-10-14T10:11:50","slug":"spodnica-asymetryczna-z-koronka-bezowa-kamila","status":"publish","type":"product","link":"https:\/\/madelinefashion.pl\/sk\/spodnica-asymetryczna-z-koronka-bezowa-kamila\/","title":{"rendered":"Asymetrick\u00e1 suk\u0148a s \u010dipkou B\u00e9\u017eov\u00e1 Kamila"},"content":{"rendered":"<h3 style=\"text-align: center;\">Asymetrick\u00e1 suk\u0148a s \u010dipkou B\u00e9\u017eov\u00e1 Kamila<\/h3>\n<p style=\"text-align: center;\"><strong>Asymetrick\u00e1 suk\u0148a s b\u00e9\u017eovou \u010dipkou, <\/strong>\u013eahk\u00fd, vzdu\u0161n\u00fd, v\u00e1m d\u00e1 slobodu v ka\u017edej situ\u00e1cii. <strong>Univerz\u00e1lny<\/strong>napriek tomu ve\u013emi \u0161t\u00fdlov\u00e9 a \u017eensk\u00e9. <strong>Hladk\u00e1 suk\u0148a<\/strong> v spodnej \u010dasti dokonale zakon\u010den\u00e9 \u010dipkou<strong>\u00a0<\/strong>bude fungova\u0165 v jarn\u00fdch a letn\u00fdch \u0161tyliz\u00e1ci\u00e1ch. Suk\u0148a m\u00e1 vo\u013en\u00fd strih. <strong>Elastick\u00e9 v p\u00e1se<\/strong> pekne zv\u00fdraz\u0148uje p\u00e1s a dr\u017e\u00ed suk\u0148u na svojom mieste, navy\u0161e m\u00e1 suk\u0148a v p\u00e1se ozdobn\u00fa \u0161n\u00farku. M\u00f4\u017eete s n\u00edm vytvori\u0165 diev\u010densk\u00fd, romantick\u00fd styling. Na\u0161a suk\u0148a sa bude skvele hodi\u0165 k tri\u010dku, topu a tenisk\u00e1m \u010di baler\u00ednkam.<\/p>\n<h3 style=\"text-align: center;\">Rozmery:<\/h3>\n<ul style=\"text-align: center;\">\n<li><span style=\"font-size: 10pt;\">\u00a0\u00a0\u00a0\u00a0\u00a0\u00a0\u00a0 celkov\u00e1 predn\u00e1 d\u013a\u017eka: 59 cm\u00a0<\/span><\/li>\n<li><span style=\"font-size: 10pt;\">celkov\u00e1 d\u013a\u017eka chrbta: 77 cm\u00a0<\/span><\/li>\n<li><span style=\"font-size: 10pt;\">\u00a0\u00a0\u00a0\u00a0\u00a0\u00a0\u00a0 \u0161\u00edrka v p\u00e1se 31-46 cm\u00a0<\/span><\/li>\n<\/ul>\n<p style=\"text-align: center;\"><span style=\"font-size: 10pt;\">Rozmery sa m\u00f4\u017eu mierne l\u00ed\u0161i\u0165 od uveden\u00fdch +\/- 2cm. V\u0161etky uveden\u00e9 rozmery s\u00fa meran\u00e9 plo\u0161ne.<\/span><\/p>\n<p style=\"text-align: center;\"><span style=\"font-size: 10pt;\">\u00a0<\/span><\/p>\n<p style=\"text-align: center;\"><span style=\"font-size: 10pt;\">\u00a0<\/span><\/p>\n<table>\n<tbody>\n<tr>\n<td width=\"302\">Meno modela<\/td>\n<td width=\"302\">Asymetrick\u00e1 suk\u0148a s \u010dipkou Kamila<\/td>\n<\/tr>\n<tr>\n<td width=\"302\">Farba<\/td>\n<td width=\"302\">B\u00e9\u017eov\u00e1<\/td>\n<\/tr>\n<tr>\n<td width=\"302\">ve\u013ekosti<\/td>\n<td width=\"302\">Univerz\u00e1lny<\/td>\n<\/tr>\n<tr>\n<td width=\"302\">M\u00f3da<\/td>\n<td width=\"302\">nadrozmern\u00e9<\/td>\n<\/tr>\n<tr>\n<td width=\"302\">Materi\u00e1l<\/td>\n<td width=\"302\">95 % Polyester 5% Elastan<\/td>\n<\/tr>\n<\/tbody>\n<\/table>\n<p style=\"text-align: center;\">Model m\u00e1\u00a0<strong>169<\/strong>\u00a0cm vysok\u00fd, nos\u00ed ve\u013ekos\u0165 ka\u017ed\u00fd de\u0148\u00a0<strong>S<\/strong><\/p>\n<p style=\"text-align: center;\">\u0160\u00edrka cez prsia 92 cm<\/p>\n<p style=\"text-align: center;\">\u0160\u00edrka v p\u00e1se 62 cm<\/p>\n<p style=\"text-align: center;\">\u0160\u00edrka v bokoch 94 cm<\/p>","protected":false},"excerpt":{"rendered":"<p>Sp\u00f3dnica Asymetryczna z Koronk\u0105 Be\u017cowa Kamila Sp\u00f3dnica Asymetryczna z Koronk\u0105 Be\u017cowa, lekka, zwiewna, zapewni ci swobod\u0119 w ka\u017cdej sytuacji. Uniwersalna, a jednocze\u015bnie bardzo stylowa i kobieca. G\u0142adka sp\u00f3dnica zako\u0144czona na dole koronk\u0105 idealnie\u00a0sprawdzi si\u0119 we wiosennych i letnich stylizacjach. Sp\u00f3dnica posiada lu\u017any kr\u00f3j. Gumka w pasie \u0142adnie podkre\u015bla talie i sprawia, \u017ce sp\u00f3dnica dobrze trzyma<\/p>\n<div class=\"klb-readmore post-buttons\"><a class=\"button black outline size-sm\" href=\"https:\/\/madelinefashion.pl\/sk\/spodnica-asymetryczna-z-koronka-bezowa-kamila\/\">\u010c\u00edta\u0165 \u010falej <i class=\"klbth-icon-right-arrow\"><\/i><\/a><\/div>","protected":false},"featured_media":54498,"template":"","meta":[],"product_brand":[],"product_cat":[107],"product_tag":[],"class_list":{"0":"post-9425","1":"product","2":"type-product","3":"status-publish","4":"has-post-thumbnail","6":"product_cat-spodnice-i-spodniczki","8":"first","9":"instock","10":"purchasable","11":"product-type-simple"},"_links":{"self":[{"href":"https:\/\/madelinefashion.pl\/sk\/wp-json\/wp\/v2\/product\/9425","targetHints":{"allow":["GET"]}}],"collection":[{"href":"https:\/\/madelinefashion.pl\/sk\/wp-json\/wp\/v2\/product"}],"about":[{"href":"https:\/\/madelinefashion.pl\/sk\/wp-json\/wp\/v2\/types\/product"}],"wp:featuredmedia":[{"embeddable":true,"href":"https:\/\/madelinefashion.pl\/sk\/wp-json\/wp\/v2\/media\/54498"}],"wp:attachment":[{"href":"https:\/\/madelinefashion.pl\/sk\/wp-json\/wp\/v2\/media?parent=9425"}],"wp:term":[{"taxonomy":"product_brand","embeddable":true,"href":"https:\/\/madelinefashion.pl\/sk\/wp-json\/wp\/v2\/product_brand?post=9425"},{"taxonomy":"product_cat","embeddable":true,"href":"https:\/\/madelinefashion.pl\/sk\/wp-json\/wp\/v2\/product_cat?post=9425"},{"taxonomy":"product_tag","embeddable":true,"href":"https:\/\/madelinefashion.pl\/sk\/wp-json\/wp\/v2\/product_tag?post=9425"}],"curies":[{"name":"pracovn\u00fd list","href":"https:\/\/api.w.org\/{rel}","templated":true}]}}

Asymetrická sukňa s čipkou Béžová Kamila

<h3 style="text-align: center;">Asymetrická sukňa s čipkou Béžová Kamila</h3>
<p style="text-align: center;"><strong>Asymetrická sukňa s béžovou čipkou, </strong>ľahký, vzdušný, vám dá slobodu v každej situácii. <strong>Univerzálny</strong>napriek tomu veľmi štýlové a ženské. <strong>Hladká sukňa</strong> v spodnej časti dokonale zakončené čipkou<strong> </strong>bude fungovať v jarných a letných štylizáciách. Sukňa má voľný strih. <strong>Elastické v páse</strong> pekne zvýrazňuje pás a drží sukňu na svojom mieste, navyše má sukňa v páse ozdobnú šnúrku. Môžete s ním vytvoriť dievčenský, romantický styling. Naša sukňa sa bude skvele hodiť k tričku, topu a teniskám či balerínkam.</p>
<h3 style="text-align: center;">Rozmery:</h3>
<ul style="text-align: center;">
<li><span style="font-size: 10pt;">        celková predná dĺžka: 59 cm </span></li>
<li><span style="font-size: 10pt;">celková dĺžka chrbta: 77 cm </span></li>
<li><span style="font-size: 10pt;">        šírka v páse 31-46 cm </span></li>
</ul>
<p style="text-align: center;"><span style="font-size: 10pt;">Rozmery sa môžu mierne líšiť od uvedených +/- 2cm. Všetky uvedené rozmery sú merané plošne.</span></p>
<p style="text-align: center;"><span style="font-size: 10pt;"> </span></p>
<p style="text-align: center;"><span style="font-size: 10pt;"> </span></p>
<table>
<tbody>
<tr>
<td width="302">Meno modela</td>
<td width="302">Asymetrická sukňa s čipkou Kamila</td>
</tr>
<tr>
<td width="302">Farba</td>
<td width="302">Béžová</td>
</tr>
<tr>
<td width="302">veľkosti</td>
<td width="302">Univerzálny</td>
</tr>
<tr>
<td width="302">Móda</td>
<td width="302">nadrozmerné</td>
</tr>
<tr>
<td width="302">Materiál</td>
<td width="302">95 % Polyester 5% Elastan</td>
</tr>
</tbody>
</table>
<p style="text-align: center;">Model má <strong>169</strong> cm vysoký, nosí veľkosť každý deň <strong>S</strong></p>
<p style="text-align: center;">Šírka cez prsia 92 cm</p>
<p style="text-align: center;">Šírka v páse 62 cm</p>
<p style="text-align: center;">Šírka v bokoch 94 cm</p>

<p>Spódnica Asymetryczna z Koronką Beżowa Kamila Spódnica Asymetryczna z Koronką Beżowa, lekka, zwiewna, zapewni ci swobodę w każdej sytuacji. Uniwersalna, a jednocześnie bardzo stylowa i kobieca. Gładka spódnica zakończona na dole koronką idealnie sprawdzi się we wiosennych i letnich stylizacjach. Spódnica posiada luźny krój. Gumka w pasie ładnie podkreśla talie i sprawia, że spódnica dobrze trzyma</p>
<div class="klb-readmore post-buttons"><a class="button black outline size-sm" href="https://madelinefashion.pl/sk/spodnica-asymetryczna-z-koronka-bezowa-kamila/">Čítať ďalej <i class="klbth-icon-right-arrow"></i></a></div>

pracovný list
